{"id":18531,"date":"2024-03-20T13:00:52","date_gmt":"2024-03-20T11:00:52","guid":{"rendered":"https:\/\/oma.media.fi\/aamuposti\/?page_id=18531"},"modified":"2024-07-29T11:22:58","modified_gmt":"2024-07-29T08:22:58","slug":"lauantain-lehden-jakelupalaute","status":"publish","type":"page","link":"https:\/\/oma.media.fi\/aamuposti\/yhteystiedot\/lauantain-lehden-jakelupalaute\/","title":{"rendered":"Ei tilaajan lauantai lehden jakelupalaute"},"content":{"rendered":"<script type=\"text\/javascript\">\n\/* <![CDATA[ *\/\nvar gform;gform||(document.addEventListener(\"gform_main_scripts_loaded\",function(){gform.scriptsLoaded=!0}),document.addEventListener(\"gform\/theme\/scripts_loaded\",function(){gform.themeScriptsLoaded=!0}),window.addEventListener(\"DOMContentLoaded\",function(){gform.domLoaded=!0}),gform={domLoaded:!1,scriptsLoaded:!1,themeScriptsLoaded:!1,isFormEditor:()=>\"function\"==typeof InitializeEditor,callIfLoaded:function(o){return!(!gform.domLoaded||!gform.scriptsLoaded||!gform.themeScriptsLoaded&&!gform.isFormEditor()||(gform.isFormEditor()&&console.warn(\"The use of gform.initializeOnLoaded() is deprecated in the form editor context and will be removed in Gravity Forms 3.1.\"),o(),0))},initializeOnLoaded:function(o){gform.callIfLoaded(o)||(document.addEventListener(\"gform_main_scripts_loaded\",()=>{gform.scriptsLoaded=!0,gform.callIfLoaded(o)}),document.addEventListener(\"gform\/theme\/scripts_loaded\",()=>{gform.themeScriptsLoaded=!0,gform.callIfLoaded(o)}),window.addEventListener(\"DOMContentLoaded\",()=>{gform.domLoaded=!0,gform.callIfLoaded(o)}))},hooks:{action:{},filter:{}},addAction:function(o,r,e,t){gform.addHook(\"action\",o,r,e,t)},addFilter:function(o,r,e,t){gform.addHook(\"filter\",o,r,e,t)},doAction:function(o){gform.doHook(\"action\",o,arguments)},applyFilters:function(o){return gform.doHook(\"filter\",o,arguments)},removeAction:function(o,r){gform.removeHook(\"action\",o,r)},removeFilter:function(o,r,e){gform.removeHook(\"filter\",o,r,e)},addHook:function(o,r,e,t,n){null==gform.hooks[o][r]&&(gform.hooks[o][r]=[]);var d=gform.hooks[o][r];null==n&&(n=r+\"_\"+d.length),gform.hooks[o][r].push({tag:n,callable:e,priority:t=null==t?10:t})},doHook:function(r,o,e){var t;if(e=Array.prototype.slice.call(e,1),null!=gform.hooks[r][o]&&((o=gform.hooks[r][o]).sort(function(o,r){return o.priority-r.priority}),o.forEach(function(o){\"function\"!=typeof(t=o.callable)&&(t=window[t]),\"action\"==r?t.apply(null,e):e[0]=t.apply(null,e)})),\"filter\"==r)return e[0]},removeHook:function(o,r,t,n){var e;null!=gform.hooks[o][r]&&(e=(e=gform.hooks[o][r]).filter(function(o,r,e){return!!(null!=n&&n!=o.tag||null!=t&&t!=o.priority)}),gform.hooks[o][r]=e)}});\n\/* ]]> *\/\n<\/script>\n\n                <div class='gf_browser_gecko gform_wrapper gform_legacy_markup_wrapper gform-theme--no-framework' data-form-theme='legacy' data-form-index='0' id='gform_wrapper_99' ><form method='post' enctype='multipart\/form-data'  id='gform_99'  action='\/aamuposti\/wp-json\/wp\/v2\/pages\/18531' data-formid='99' novalidate>\n                        <div class='gform-body gform_body'><ul id='gform_fields_99' class='gform_fields top_label form_sublabel_above description_below validation_below'><li id=\"field_99_21\" class=\"gfield gfield--type-honeypot gform_validation_container field_sublabel_above gfield--has-description field_description_below field_validation_below gfield_visibility_visible\"  ><label class='gfield_label gform-field-label' for='input_99_21'>Comments<\/label><div class='ginput_container'><input name='input_21' id='input_99_21' type='text' value='' autocomplete='new-password'\/><\/div><div class='gfield_description' id='gfield_description_99_21'>Kentt\u00e4 on validointitarkoituksiin ja tulee j\u00e4tt\u00e4\u00e4 koskemattomaksi.<\/div><\/li><li id=\"field_99_19\" class=\"gfield gfield--type-radio gfield--type-choice gfield--input-type-radio gfield--width-full gfield_contains_required field_sublabel_above gfield--no-description field_description_below field_validation_below gfield_visibility_hidden\"  ><div class=\"admin-hidden-markup\"><i class=\"gform-icon gform-icon--hidden\" aria-hidden=\"true\" title=\"This field is hidden when viewing the form\"><\/i><span>This field is hidden when viewing the form<\/span><\/div><label class='gfield_label gform-field-label' >Kumpaa Aamupostin lauantain painosta jakelupalaute koskee:<span class=\"gfield_required\"><span class=\"gfield_required gfield_required_asterisk\">*<\/span><\/span><\/label><div class='ginput_container ginput_container_radio'><ul class='gfield_radio' id='input_99_19'>\n\t\t\t<li class='gchoice gchoice_99_19_0'>\n\t\t\t\t<input name='input_19' type='radio' value='Hyvink\u00e4\u00e4'  id='choice_99_19_0'    \/>\n\t\t\t\t<label for='choice_99_19_0' id='label_99_19_0' class='gform-field-label gform-field-label--type-inline'>Hyvink\u00e4\u00e4<\/label>\n\t\t\t<\/li>\n\t\t\t<li class='gchoice gchoice_99_19_1'>\n\t\t\t\t<input name='input_19' type='radio' value='Riihim\u00e4ki'  id='choice_99_19_1'    \/>\n\t\t\t\t<label for='choice_99_19_1' id='label_99_19_1' class='gform-field-label gform-field-label--type-inline'>Riihim\u00e4ki<\/label>\n\t\t\t<\/li><\/ul><\/div><\/li><li id=\"field_99_18\" class=\"gfield gfield--type-date gfield--input-type-date gfield--input-type-datepicker gfield--datepicker-default-icon gfield--width-full gfield_contains_required field_sublabel_above gfield--has-description field_description_below field_validation_below gfield_visibility_visible\"  ><label class='gfield_label gform-field-label' for='input_99_18'>Ilmestymisp\u00e4iv\u00e4:<span class=\"gfield_required\"><span class=\"gfield_required gfield_required_asterisk\">*<\/span><\/span><\/label><div class='ginput_container ginput_container_date'>\n                            <input name='input_18' id='input_99_18' type='text' value='03.05.2026' class='datepicker gform-datepicker dmy_dot datepicker_with_icon gdatepicker_with_icon'   placeholder='pp.kk.vvvv' aria-describedby=\"input_99_18_date_format gfield_description_99_18\" aria-invalid=\"false\" aria-required=\"true\"\/>\n                            <span id='input_99_18_date_format' class='screen-reader-text'>PP dot KK dot VVVV<\/span>\n                        <\/div>\n                        <input type='hidden' id='gforms_calendar_icon_input_99_18' class='gform_hidden' value='https:\/\/oma.media.fi\/aamuposti\/wp-content\/plugins\/gravityforms\/images\/datepicker\/datepicker.svg'\/><div class='gfield_description' id='gfield_description_99_18'>Ilmestymisp\u00e4iv\u00e4ksi lauantai.<\/div><\/li><li id=\"field_99_20\" class=\"gfield gfield--type-name gfield--input-type-name gfield--width-full gfield_contains_required field_sublabel_above gfield--no-description field_description_below field_validation_below gfield_visibility_visible\"  ><label class='gfield_label gform-field-label gfield_label_before_complex' >Nimesi:<span class=\"gfield_required\"><span class=\"gfield_required gfield_required_asterisk\">*<\/span><\/span><\/label><div class='ginput_complex ginput_container ginput_container--name no_prefix has_first_name no_middle_name has_last_name no_suffix gf_name_has_2 ginput_container_name gform-grid-row' id='input_99_20'>\n                            \n                            <span id='input_99_20_3_container' class='name_first gform-grid-col gform-grid-col--size-auto' >\n                                                    <label for='input_99_20_3' class='gform-field-label gform-field-label--type-sub '>Etunimi<\/label>\n                                                    <input type='text' name='input_20.3' id='input_99_20_3' value=''   aria-required='true'    autocomplete=\"given-name\" \/>\n                                                <\/span>\n                            \n                            <span id='input_99_20_6_container' class='name_last gform-grid-col gform-grid-col--size-auto' >\n                                                            <label for='input_99_20_6' class='gform-field-label gform-field-label--type-sub '>Sukunimi<\/label>\n                                                            <input type='text' name='input_20.6' id='input_99_20_6' value=''   aria-required='true'    autocomplete=\"family-name\" \/>\n                                                        <\/span>\n                            \n                        <\/div><\/li><li id=\"field_99_4\" class=\"gfield gfield--type-address gfield--input-type-address gfield_contains_required field_sublabel_above gfield--no-description field_description_below field_validation_below gfield_visibility_visible\"  ><label class='gfield_label gform-field-label gfield_label_before_complex' >Osoitteesi:<span class=\"gfield_required\"><span class=\"gfield_required gfield_required_asterisk\">*<\/span><\/span><\/label>    \n                    <div class='ginput_complex ginput_container has_street has_street2 has_city has_zip ginput_container_address gform-grid-row' id='input_99_4' >\n                         <span class='ginput_full address_line_1 ginput_address_line_1 gform-grid-col' id='input_99_4_1_container' >\n                                        <label for='input_99_4_1' id='input_99_4_1_label' class='gform-field-label gform-field-label--type-sub '>L\u00e4hiosoite<\/label>\n                                        <input type='text' name='input_4.1' id='input_99_4_1' value=''    aria-required='true'   autocomplete=\"address-line1\" \/>\n                                   <\/span><span class='ginput_full address_line_2 ginput_address_line_2 gform-grid-col' id='input_99_4_2_container' >\n                                        <label for='input_99_4_2' id='input_99_4_2_label' class='gform-field-label gform-field-label--type-sub '>L\u00e4hiosoite (2. rivi)<\/label>\n                                        <input type='text' name='input_4.2' id='input_99_4_2' value=''    autocomplete=\"address-line2\" aria-required='false'   \/>\n                                    <\/span><span class='ginput_left address_city ginput_address_city gform-grid-col' id='input_99_4_3_container' >\n                                    <label for='input_99_4_3' id='input_99_4_3_label' class='gform-field-label gform-field-label--type-sub '>Postitoimipaikka<\/label>\n                                    <input type='text' name='input_4.3' id='input_99_4_3' value=''    aria-required='true'   autocomplete=\"address-level2\" \/>\n                                 <\/span><input type='hidden' class='gform_hidden' name='input_4.4' id='input_99_4_4' value=''\/><span class='ginput_right address_zip ginput_address_zip gform-grid-col' id='input_99_4_5_container' >\n                                    <label for='input_99_4_5' id='input_99_4_5_label' class='gform-field-label gform-field-label--type-sub '>Postinumero<\/label>\n                                    <input type='text' name='input_4.5' id='input_99_4_5' value=''    aria-required='true'   autocomplete=\"postal-code\" \/>\n                                <\/span><input type='hidden' class='gform_hidden' name='input_4.6' id='input_99_4_6' value='' \/>\n                    <div class='gf_clear gf_clear_complex'><\/div>\n                <\/div><\/li><li id=\"field_99_17\" class=\"gfield gfield--type-email gfield--input-type-email gfield--width-full field_sublabel_above gfield--no-description field_description_below field_validation_below gfield_visibility_visible\"  ><label class='gfield_label gform-field-label' for='input_99_17'>S\u00e4hk\u00f6posti:<\/label><div class='ginput_container ginput_container_email'>\n                            <input name='input_17' id='input_99_17' type='email' value='' class='large'     aria-invalid=\"false\"  \/>\n                        <\/div><\/li><\/ul><\/div>\n        <div class='gform-footer gform_footer top_label'> <input type='submit' id='gform_submit_button_99' class='gform_button button' onclick='gform.submission.handleButtonClick(this);' data-submission-type='submit' value='L\u00e4het\u00e4'  \/> \n            <input type='hidden' class='gform_hidden' name='gform_submission_method' data-js='gform_submission_method_99' value='postback' \/>\n            <input type='hidden' class='gform_hidden' name='gform_theme' data-js='gform_theme_99' id='gform_theme_99' value='legacy' \/>\n            <input type='hidden' class='gform_hidden' name='gform_style_settings' data-js='gform_style_settings_99' id='gform_style_settings_99' value='[]' \/>\n            <input type='hidden' class='gform_hidden' name='is_submit_99' value='1' \/>\n            <input type='hidden' class='gform_hidden' name='gform_submit' value='99' \/>\n            \n            <input type='hidden' class='gform_hidden' name='gform_unique_id' value='' \/>\n            <input type='hidden' class='gform_hidden' name='state_99' value='WyJ7XCIxOVwiOltcIjNhNDU1YzA0MmNlYmZhZTY2YTU1OTY3Yzk2ZDUxZGYwXCIsXCI5ZTlhZGM4ZTIxYzFiYTNlNDE0ZjVkOWVkOTk4ZWI3OVwiXX0iLCIwN2Y1MTQ4MTVlN2ZlNzI0YzU2NGU5ZDEwN2NiMDVmMCJd' \/>\n            <input type='hidden' autocomplete='off' class='gform_hidden' name='gform_target_page_number_99' id='gform_target_page_number_99' value='0' \/>\n            <input type='hidden' autocomplete='off' class='gform_hidden' name='gform_source_page_number_99' id='gform_source_page_number_99' value='1' \/>\n            <input type='hidden' name='gform_field_values' value='' \/>\n            \n        <\/div>\n                        <\/form>\n                        <\/div><script type=\"text\/javascript\">\n\/* <![CDATA[ *\/\n gform.initializeOnLoaded( function() {gformInitSpinner( 99, 'https:\/\/oma.media.fi\/aamuposti\/wp-content\/plugins\/gravityforms\/images\/spinner.svg', true );jQuery('#gform_ajax_frame_99').on('load',function(){var contents = jQuery(this).contents().find('*').html();var is_postback = contents.indexOf('GF_AJAX_POSTBACK') >= 0;if(!is_postback){return;}var form_content = jQuery(this).contents().find('#gform_wrapper_99');var is_confirmation = jQuery(this).contents().find('#gform_confirmation_wrapper_99').length > 0;var is_redirect = contents.indexOf('gformRedirect(){') >= 0;var is_form = form_content.length > 0 && ! is_redirect && ! is_confirmation;var mt = parseInt(jQuery('html').css('margin-top'), 10) + parseInt(jQuery('body').css('margin-top'), 10) + 100;if(is_form){jQuery('#gform_wrapper_99').html(form_content.html());if(form_content.hasClass('gform_validation_error')){jQuery('#gform_wrapper_99').addClass('gform_validation_error');} else {jQuery('#gform_wrapper_99').removeClass('gform_validation_error');}setTimeout( function() { \/* delay the scroll by 50 milliseconds to fix a bug in chrome *\/  }, 50 );if(window['gformInitDatepicker']) {gformInitDatepicker();}if(window['gformInitPriceFields']) {gformInitPriceFields();}var current_page = jQuery('#gform_source_page_number_99').val();gformInitSpinner( 99, 'https:\/\/oma.media.fi\/aamuposti\/wp-content\/plugins\/gravityforms\/images\/spinner.svg', true );jQuery(document).trigger('gform_page_loaded', [99, current_page]);window['gf_submitting_99'] = false;}else if(!is_redirect){var confirmation_content = jQuery(this).contents().find('.GF_AJAX_POSTBACK').html();if(!confirmation_content){confirmation_content = contents;}jQuery('#gform_wrapper_99').replaceWith(confirmation_content);jQuery(document).trigger('gform_confirmation_loaded', [99]);window['gf_submitting_99'] = false;wp.a11y.speak(jQuery('#gform_confirmation_message_99').text());}else{jQuery('#gform_99').append(contents);if(window['gformRedirect']) {gformRedirect();}}jQuery(document).trigger(\"gform_pre_post_render\", [{ formId: \"99\", currentPage: \"current_page\", abort: function() { this.preventDefault(); } }]);        if (event && event.defaultPrevented) {                return;        }        const gformWrapperDiv = document.getElementById( \"gform_wrapper_99\" );        if ( gformWrapperDiv ) {            const visibilitySpan = document.createElement( \"span\" );            visibilitySpan.id = \"gform_visibility_test_99\";            gformWrapperDiv.insertAdjacentElement( \"afterend\", visibilitySpan );        }        const visibilityTestDiv = document.getElementById( \"gform_visibility_test_99\" );        let postRenderFired = false;        function triggerPostRender() {            if ( postRenderFired ) {                return;            }            postRenderFired = true;            gform.core.triggerPostRenderEvents( 99, current_page );            if ( visibilityTestDiv ) {                visibilityTestDiv.parentNode.removeChild( visibilityTestDiv );            }        }        function debounce( func, wait, immediate ) {            var timeout;            return function() {                var context = this, args = arguments;                var later = function() {                    timeout = null;                    if ( !immediate ) func.apply( context, args );                };                var callNow = immediate && !timeout;                clearTimeout( timeout );                timeout = setTimeout( later, wait );                if ( callNow ) func.apply( context, args );            };        }        const debouncedTriggerPostRender = debounce( function() {            triggerPostRender();        }, 200 );        if ( visibilityTestDiv && visibilityTestDiv.offsetParent === null ) {            const observer = new MutationObserver( ( mutations ) => {                mutations.forEach( ( mutation ) => {                    if ( mutation.type === 'attributes' && visibilityTestDiv.offsetParent !== null ) {                        debouncedTriggerPostRender();                        observer.disconnect();                    }                });            });            observer.observe( document.body, {                attributes: true,                childList: false,                subtree: true,                attributeFilter: [ 'style', 'class' ],            });        } else {            triggerPostRender();        }    } );} ); \n\/* ]]> *\/\n<\/script>\n\n","protected":false},"excerpt":{"rendered":"","protected":false},"author":51,"featured_media":0,"parent":40,"menu_order":0,"comment_status":"closed","ping_status":"closed","template":"","meta":{"_acf_changed":false,"footnotes":""},"class_list":["post-18531","page","type-page","status-publish","hentry"],"acf":[],"yoast_head":"<!-- This site is optimized with the Yoast SEO plugin v26.2 - https:\/\/yoast.com\/wordpress\/plugins\/seo\/ -->\n<title>Ei tilaajan lauantai lehden jakelupalaute - Aamuposti<\/title>\n<meta name=\"robots\" content=\"index, follow, max-snippet:-1, max-image-preview:large, max-video-preview:-1\" \/>\n<link rel=\"canonical\" href=\"https:\/\/oma.media.fi\/aamuposti\/yhteystiedot\/lauantain-lehden-jakelupalaute\/\" \/>\n<meta property=\"og:locale\" content=\"fi_FI\" \/>\n<meta property=\"og:type\" content=\"article\" \/>\n<meta property=\"og:title\" content=\"Ei tilaajan lauantai lehden jakelupalaute\" \/>\n<meta property=\"og:url\" content=\"https:\/\/oma.media.fi\/aamuposti\/yhteystiedot\/lauantain-lehden-jakelupalaute\/\" \/>\n<meta property=\"og:site_name\" content=\"Aamuposti\" \/>\n<meta property=\"article:modified_time\" content=\"2024-07-29T08:22:58+00:00\" \/>\n<meta name=\"twitter:card\" content=\"summary_large_image\" \/>\n<meta name=\"twitter:label1\" content=\"Arvioitu lukuaika\" \/>\n\t<meta name=\"twitter:data1\" content=\"1 minuutti\" \/>\n<script type=\"application\/ld+json\" class=\"yoast-schema-graph\">{\"@context\":\"https:\/\/schema.org\",\"@graph\":[{\"@type\":\"WebPage\",\"@id\":\"https:\/\/oma.media.fi\/aamuposti\/yhteystiedot\/lauantain-lehden-jakelupalaute\/\",\"url\":\"https:\/\/oma.media.fi\/aamuposti\/yhteystiedot\/lauantain-lehden-jakelupalaute\/\",\"name\":\"Ei tilaajan lauantai lehden jakelupalaute - Aamuposti\",\"isPartOf\":{\"@id\":\"https:\/\/oma.media.fi\/aamuposti\/#website\"},\"datePublished\":\"2024-03-20T11:00:52+00:00\",\"dateModified\":\"2024-07-29T08:22:58+00:00\",\"breadcrumb\":{\"@id\":\"https:\/\/oma.media.fi\/aamuposti\/yhteystiedot\/lauantain-lehden-jakelupalaute\/#breadcrumb\"},\"inLanguage\":\"fi\",\"potentialAction\":[{\"@type\":\"ReadAction\",\"target\":[\"https:\/\/oma.media.fi\/aamuposti\/yhteystiedot\/lauantain-lehden-jakelupalaute\/\"]}]},{\"@type\":\"BreadcrumbList\",\"@id\":\"https:\/\/oma.media.fi\/aamuposti\/yhteystiedot\/lauantain-lehden-jakelupalaute\/#breadcrumb\",\"itemListElement\":[{\"@type\":\"ListItem\",\"position\":1,\"name\":\"Etusivu\",\"item\":\"https:\/\/oma.media.fi\/aamuposti\/\"},{\"@type\":\"ListItem\",\"position\":2,\"name\":\"Yhteystiedot\",\"item\":\"https:\/\/oma.media.fi\/aamuposti\/yhteystiedot\/\"},{\"@type\":\"ListItem\",\"position\":3,\"name\":\"Ei tilaajan lauantai lehden jakelupalaute\"}]},{\"@type\":\"WebSite\",\"@id\":\"https:\/\/oma.media.fi\/aamuposti\/#website\",\"url\":\"https:\/\/oma.media.fi\/aamuposti\/\",\"name\":\"Aamuposti\",\"description\":\"\",\"potentialAction\":[{\"@type\":\"SearchAction\",\"target\":{\"@type\":\"EntryPoint\",\"urlTemplate\":\"https:\/\/oma.media.fi\/aamuposti\/?s={search_term_string}\"},\"query-input\":{\"@type\":\"PropertyValueSpecification\",\"valueRequired\":true,\"valueName\":\"search_term_string\"}}],\"inLanguage\":\"fi\"}]}<\/script>\n<!-- \/ Yoast SEO plugin. -->","yoast_head_json":{"title":"Ei tilaajan lauantai lehden jakelupalaute - Aamuposti","robots":{"index":"index","follow":"follow","max-snippet":"max-snippet:-1","max-image-preview":"max-image-preview:large","max-video-preview":"max-video-preview:-1"},"canonical":"https:\/\/oma.media.fi\/aamuposti\/yhteystiedot\/lauantain-lehden-jakelupalaute\/","og_locale":"fi_FI","og_type":"article","og_title":"Ei tilaajan lauantai lehden jakelupalaute","og_url":"https:\/\/oma.media.fi\/aamuposti\/yhteystiedot\/lauantain-lehden-jakelupalaute\/","og_site_name":"Aamuposti","article_modified_time":"2024-07-29T08:22:58+00:00","twitter_card":"summary_large_image","twitter_misc":{"Arvioitu lukuaika":"1 minuutti"},"schema":{"@context":"https:\/\/schema.org","@graph":[{"@type":"WebPage","@id":"https:\/\/oma.media.fi\/aamuposti\/yhteystiedot\/lauantain-lehden-jakelupalaute\/","url":"https:\/\/oma.media.fi\/aamuposti\/yhteystiedot\/lauantain-lehden-jakelupalaute\/","name":"Ei tilaajan lauantai lehden jakelupalaute - Aamuposti","isPartOf":{"@id":"https:\/\/oma.media.fi\/aamuposti\/#website"},"datePublished":"2024-03-20T11:00:52+00:00","dateModified":"2024-07-29T08:22:58+00:00","breadcrumb":{"@id":"https:\/\/oma.media.fi\/aamuposti\/yhteystiedot\/lauantain-lehden-jakelupalaute\/#breadcrumb"},"inLanguage":"fi","potentialAction":[{"@type":"ReadAction","target":["https:\/\/oma.media.fi\/aamuposti\/yhteystiedot\/lauantain-lehden-jakelupalaute\/"]}]},{"@type":"BreadcrumbList","@id":"https:\/\/oma.media.fi\/aamuposti\/yhteystiedot\/lauantain-lehden-jakelupalaute\/#breadcrumb","itemListElement":[{"@type":"ListItem","position":1,"name":"Etusivu","item":"https:\/\/oma.media.fi\/aamuposti\/"},{"@type":"ListItem","position":2,"name":"Yhteystiedot","item":"https:\/\/oma.media.fi\/aamuposti\/yhteystiedot\/"},{"@type":"ListItem","position":3,"name":"Ei tilaajan lauantai lehden jakelupalaute"}]},{"@type":"WebSite","@id":"https:\/\/oma.media.fi\/aamuposti\/#website","url":"https:\/\/oma.media.fi\/aamuposti\/","name":"Aamuposti","description":"","potentialAction":[{"@type":"SearchAction","target":{"@type":"EntryPoint","urlTemplate":"https:\/\/oma.media.fi\/aamuposti\/?s={search_term_string}"},"query-input":{"@type":"PropertyValueSpecification","valueRequired":true,"valueName":"search_term_string"}}],"inLanguage":"fi"}]}},"publishpress_future_action":{"enabled":false,"date":"2026-05-10 22:12:39","action":"change-status","newStatus":"draft","terms":[],"taxonomy":"","extraData":[]},"publishpress_future_workflow_manual_trigger":{"enabledWorkflows":[]},"_links":{"self":[{"href":"https:\/\/oma.media.fi\/aamuposti\/wp-json\/wp\/v2\/pages\/18531","targetHints":{"allow":["GET"]}}],"collection":[{"href":"https:\/\/oma.media.fi\/aamuposti\/wp-json\/wp\/v2\/pages"}],"about":[{"href":"https:\/\/oma.media.fi\/aamuposti\/wp-json\/wp\/v2\/types\/page"}],"author":[{"embeddable":true,"href":"https:\/\/oma.media.fi\/aamuposti\/wp-json\/wp\/v2\/users\/51"}],"replies":[{"embeddable":true,"href":"https:\/\/oma.media.fi\/aamuposti\/wp-json\/wp\/v2\/comments?post=18531"}],"version-history":[{"count":10,"href":"https:\/\/oma.media.fi\/aamuposti\/wp-json\/wp\/v2\/pages\/18531\/revisions"}],"predecessor-version":[{"id":18638,"href":"https:\/\/oma.media.fi\/aamuposti\/wp-json\/wp\/v2\/pages\/18531\/revisions\/18638"}],"up":[{"embeddable":true,"href":"https:\/\/oma.media.fi\/aamuposti\/wp-json\/wp\/v2\/pages\/40"}],"wp:attachment":[{"href":"https:\/\/oma.media.fi\/aamuposti\/wp-json\/wp\/v2\/media?parent=18531"}],"curies":[{"name":"wp","href":"https:\/\/api.w.org\/{rel}","templated":true}]}}