{"id":5119,"date":"2021-12-20T16:10:55","date_gmt":"2021-12-20T14:10:55","guid":{"rendered":"https:\/\/oma.media.fi\/etela-saimaa\/tilausmuodot\/"},"modified":"2023-11-30T10:32:41","modified_gmt":"2023-11-30T08:32:41","slug":"tilausmuodot","status":"publish","type":"page","link":"https:\/\/oma.media.fi\/etela-saimaa\/tilausmuodot\/","title":{"rendered":"Tilausmuodot"},"content":{"rendered":"<p>Voit tarkastella ja hallinnoida tilaustasi <a href=\"https:\/\/media.portal.worldoftulo.com\/account\/subscriptions\">t\u00e4st\u00e4<\/a>. N\u00e4et kaikki Mediakonserni Keskisuomalaisen tilaukset yhdess\u00e4 paikassa, my\u00f6s antamasi ja saamasi lahjatilaukset.<\/p>\n<hr \/>\n<p><strong>Jatkuva eli kestotilaus<\/strong> on voimassa niin kauan kuin itse haluat. Jatkuva tilaus on aina pitk\u00e4ll\u00e4 t\u00e4ht\u00e4imell\u00e4 paras tilausvaihtoehto ja lis\u00e4ksi saat k\u00e4ytt\u00f6\u00f6si kaikki tilaajan pysyv\u00e4t ja vaihtuvat edut.<\/p>\n<p><strong>M\u00e4\u00e4r\u00e4aikainen tilaus<\/strong> p\u00e4\u00e4ttyy automaattisesti tarjousjakson j\u00e4lkeen. Voit tarkistaa oman tilauksesi tilanteen <a href=\"https:\/\/media.portal.worldoftulo.com\/account\/subscriptions\">t\u00e4\u00e4lt\u00e4<\/a>.<\/p>\n<p><strong>Lahjatilauksesta<\/strong> puhutaan silloin, jos esimerkiksi sin\u00e4 kestotilaajana lahjoitat tilauksen jollekin l\u00e4heisellesi veloituksetta tai huippuedullisesti. Voit my\u00f6s olla lahjatilauksen saaja, jolloin l\u00e4heisesi on halunnut ilahduttaa sinua lehdell\u00e4.<\/p>\n<hr \/>\n<p><strong>Askarruttaako jokin muu asia tilauksessasi?<\/strong><br \/>\nOlemme koostaneet yleisimpi\u00e4 kysymyksi\u00e4 ja vastauksia yhdeksi paketiksi. L\u00f6yd\u00e4 vastaus <a href=\"https:\/\/oma.media.fi\/etela-saimaa\/ukk\/\">t\u00e4\u00e4lt\u00e4<\/a>.<\/p>\n<p><strong>Haluatko peruuttaa tilauksesi?<\/strong><br \/>\nJos haluat peruuttaa tilauksesi, tutustu ensin <a href=\"https:\/\/oma.media.fi\/etela-saimaa\/tilauksen-peruminen\/\">vinkkeihimme<\/a>. Voit halutessasi my\u00f6s ottaa yhteytt\u00e4 <a href=\"https:\/\/oma.media.fi\/etela-saimaa\/yhteystiedot\/\">asiakaspalveluumme<\/a>.<\/p>\n<p><strong>Tilausehdot<\/strong><br \/>\nTilausehdot l\u00f6yd\u00e4t <a href=\"https:\/\/oma.media.fi\/etela-saimaa\/tilaa\/tilausehdot\/\">t\u00e4\u00e4lt\u00e4<\/a>.<\/p>\n","protected":false},"excerpt":{"rendered":"<p>Voit tarkastella ja hallinnoida tilaustasi t\u00e4st\u00e4. N\u00e4et kaikki Mediakonserni Keskisuomalaisen tilaukset yhdess\u00e4 paikassa, my\u00f6s antamasi ja saamasi lahjatilaukset. Jatkuva eli kestotilaus on voimassa niin kauan kuin itse haluat. Jatkuva tilaus on aina pitk\u00e4ll\u00e4 t\u00e4ht\u00e4imell\u00e4 paras tilausvaihtoehto ja lis\u00e4ksi saat k\u00e4ytt\u00f6\u00f6si kaikki tilaajan pysyv\u00e4t ja vaihtuvat edut. M\u00e4\u00e4r\u00e4aikainen tilaus p\u00e4\u00e4ttyy automaattisesti tarjousjakson j\u00e4lkeen. Voit tarkistaa oman [&hellip;]<\/p>\n","protected":false},"author":6,"featured_media":0,"parent":0,"menu_order":0,"comment_status":"closed","ping_status":"closed","template":"","meta":{"_acf_changed":false,"footnotes":""},"class_list":["post-5119","page","type-page","status-publish","hentry"],"acf":[],"yoast_head":"<!-- This site is optimized with the Yoast SEO plugin v26.2 - https:\/\/yoast.com\/wordpress\/plugins\/seo\/ -->\n<title>Tilausmuodot - Etel\u00e4-Saimaa<\/title>\n<meta name=\"robots\" content=\"index, follow, max-snippet:-1, max-image-preview:large, max-video-preview:-1\" \/>\n<link rel=\"canonical\" href=\"https:\/\/oma.media.fi\/etela-saimaa\/tilausmuodot\/\" \/>\n<meta property=\"og:locale\" content=\"fi_FI\" \/>\n<meta property=\"og:type\" content=\"article\" \/>\n<meta property=\"og:title\" content=\"Tilausmuodot\" \/>\n<meta property=\"og:description\" content=\"Voit tarkastella ja hallinnoida tilaustasi t\u00e4st\u00e4. N\u00e4et kaikki Mediakonserni Keskisuomalaisen tilaukset yhdess\u00e4 paikassa, my\u00f6s antamasi ja saamasi lahjatilaukset. Jatkuva eli kestotilaus on voimassa niin kauan kuin itse haluat. Jatkuva tilaus on aina pitk\u00e4ll\u00e4 t\u00e4ht\u00e4imell\u00e4 paras tilausvaihtoehto ja lis\u00e4ksi saat k\u00e4ytt\u00f6\u00f6si kaikki tilaajan pysyv\u00e4t ja vaihtuvat edut. M\u00e4\u00e4r\u00e4aikainen tilaus p\u00e4\u00e4ttyy automaattisesti tarjousjakson j\u00e4lkeen. Voit tarkistaa oman [&hellip;]\" \/>\n<meta property=\"og:url\" content=\"https:\/\/oma.media.fi\/etela-saimaa\/tilausmuodot\/\" \/>\n<meta property=\"og:site_name\" content=\"Etel\u00e4-Saimaa\" \/>\n<meta property=\"article:modified_time\" content=\"2023-11-30T08:32:41+00:00\" \/>\n<meta name=\"twitter:card\" content=\"summary_large_image\" \/>\n<meta name=\"twitter:label1\" content=\"Arvioitu lukuaika\" \/>\n\t<meta name=\"twitter:data1\" content=\"1 minuutti\" \/>\n<script type=\"application\/ld+json\" class=\"yoast-schema-graph\">{\"@context\":\"https:\/\/schema.org\",\"@graph\":[{\"@type\":\"WebPage\",\"@id\":\"https:\/\/oma.media.fi\/etela-saimaa\/tilausmuodot\/\",\"url\":\"https:\/\/oma.media.fi\/etela-saimaa\/tilausmuodot\/\",\"name\":\"Tilausmuodot - Etel\u00e4-Saimaa\",\"isPartOf\":{\"@id\":\"https:\/\/oma.media.fi\/etela-saimaa\/#website\"},\"datePublished\":\"2021-12-20T14:10:55+00:00\",\"dateModified\":\"2023-11-30T08:32:41+00:00\",\"breadcrumb\":{\"@id\":\"https:\/\/oma.media.fi\/etela-saimaa\/tilausmuodot\/#breadcrumb\"},\"inLanguage\":\"fi\",\"potentialAction\":[{\"@type\":\"ReadAction\",\"target\":[\"https:\/\/oma.media.fi\/etela-saimaa\/tilausmuodot\/\"]}]},{\"@type\":\"BreadcrumbList\",\"@id\":\"https:\/\/oma.media.fi\/etela-saimaa\/tilausmuodot\/#breadcrumb\",\"itemListElement\":[{\"@type\":\"ListItem\",\"position\":1,\"name\":\"Etusivu\",\"item\":\"https:\/\/oma.media.fi\/etela-saimaa\/\"},{\"@type\":\"ListItem\",\"position\":2,\"name\":\"Tilausmuodot\"}]},{\"@type\":\"WebSite\",\"@id\":\"https:\/\/oma.media.fi\/etela-saimaa\/#website\",\"url\":\"https:\/\/oma.media.fi\/etela-saimaa\/\",\"name\":\"Etel\u00e4-Saimaa\",\"description\":\"\",\"alternateName\":\"Etel\u00e4-Saimaa asiakaspalvelu\",\"potentialAction\":[{\"@type\":\"SearchAction\",\"target\":{\"@type\":\"EntryPoint\",\"urlTemplate\":\"https:\/\/oma.media.fi\/etela-saimaa\/?s={search_term_string}\"},\"query-input\":{\"@type\":\"PropertyValueSpecification\",\"valueRequired\":true,\"valueName\":\"search_term_string\"}}],\"inLanguage\":\"fi\"}]}<\/script>\n<!-- \/ Yoast SEO plugin. -->","yoast_head_json":{"title":"Tilausmuodot - Etel\u00e4-Saimaa","robots":{"index":"index","follow":"follow","max-snippet":"max-snippet:-1","max-image-preview":"max-image-preview:large","max-video-preview":"max-video-preview:-1"},"canonical":"https:\/\/oma.media.fi\/etela-saimaa\/tilausmuodot\/","og_locale":"fi_FI","og_type":"article","og_title":"Tilausmuodot","og_description":"Voit tarkastella ja hallinnoida tilaustasi t\u00e4st\u00e4. N\u00e4et kaikki Mediakonserni Keskisuomalaisen tilaukset yhdess\u00e4 paikassa, my\u00f6s antamasi ja saamasi lahjatilaukset. Jatkuva eli kestotilaus on voimassa niin kauan kuin itse haluat. Jatkuva tilaus on aina pitk\u00e4ll\u00e4 t\u00e4ht\u00e4imell\u00e4 paras tilausvaihtoehto ja lis\u00e4ksi saat k\u00e4ytt\u00f6\u00f6si kaikki tilaajan pysyv\u00e4t ja vaihtuvat edut. M\u00e4\u00e4r\u00e4aikainen tilaus p\u00e4\u00e4ttyy automaattisesti tarjousjakson j\u00e4lkeen. Voit tarkistaa oman [&hellip;]","og_url":"https:\/\/oma.media.fi\/etela-saimaa\/tilausmuodot\/","og_site_name":"Etel\u00e4-Saimaa","article_modified_time":"2023-11-30T08:32:41+00:00","twitter_card":"summary_large_image","twitter_misc":{"Arvioitu lukuaika":"1 minuutti"},"schema":{"@context":"https:\/\/schema.org","@graph":[{"@type":"WebPage","@id":"https:\/\/oma.media.fi\/etela-saimaa\/tilausmuodot\/","url":"https:\/\/oma.media.fi\/etela-saimaa\/tilausmuodot\/","name":"Tilausmuodot - Etel\u00e4-Saimaa","isPartOf":{"@id":"https:\/\/oma.media.fi\/etela-saimaa\/#website"},"datePublished":"2021-12-20T14:10:55+00:00","dateModified":"2023-11-30T08:32:41+00:00","breadcrumb":{"@id":"https:\/\/oma.media.fi\/etela-saimaa\/tilausmuodot\/#breadcrumb"},"inLanguage":"fi","potentialAction":[{"@type":"ReadAction","target":["https:\/\/oma.media.fi\/etela-saimaa\/tilausmuodot\/"]}]},{"@type":"BreadcrumbList","@id":"https:\/\/oma.media.fi\/etela-saimaa\/tilausmuodot\/#breadcrumb","itemListElement":[{"@type":"ListItem","position":1,"name":"Etusivu","item":"https:\/\/oma.media.fi\/etela-saimaa\/"},{"@type":"ListItem","position":2,"name":"Tilausmuodot"}]},{"@type":"WebSite","@id":"https:\/\/oma.media.fi\/etela-saimaa\/#website","url":"https:\/\/oma.media.fi\/etela-saimaa\/","name":"Etel\u00e4-Saimaa","description":"","alternateName":"Etel\u00e4-Saimaa asiakaspalvelu","potentialAction":[{"@type":"SearchAction","target":{"@type":"EntryPoint","urlTemplate":"https:\/\/oma.media.fi\/etela-saimaa\/?s={search_term_string}"},"query-input":{"@type":"PropertyValueSpecification","valueRequired":true,"valueName":"search_term_string"}}],"inLanguage":"fi"}]}},"publishpress_future_action":{"enabled":false,"date":"2026-04-21 11:27:58","action":"change-status","newStatus":"draft","terms":[],"taxonomy":"","extraData":[]},"publishpress_future_workflow_manual_trigger":{"enabledWorkflows":[]},"_links":{"self":[{"href":"https:\/\/oma.media.fi\/etela-saimaa\/wp-json\/wp\/v2\/pages\/5119","targetHints":{"allow":["GET"]}}],"collection":[{"href":"https:\/\/oma.media.fi\/etela-saimaa\/wp-json\/wp\/v2\/pages"}],"about":[{"href":"https:\/\/oma.media.fi\/etela-saimaa\/wp-json\/wp\/v2\/types\/page"}],"author":[{"embeddable":true,"href":"https:\/\/oma.media.fi\/etela-saimaa\/wp-json\/wp\/v2\/users\/6"}],"replies":[{"embeddable":true,"href":"https:\/\/oma.media.fi\/etela-saimaa\/wp-json\/wp\/v2\/comments?post=5119"}],"version-history":[{"count":11,"href":"https:\/\/oma.media.fi\/etela-saimaa\/wp-json\/wp\/v2\/pages\/5119\/revisions"}],"predecessor-version":[{"id":7163,"href":"https:\/\/oma.media.fi\/etela-saimaa\/wp-json\/wp\/v2\/pages\/5119\/revisions\/7163"}],"wp:attachment":[{"href":"https:\/\/oma.media.fi\/etela-saimaa\/wp-json\/wp\/v2\/media?parent=5119"}],"curies":[{"name":"wp","href":"https:\/\/api.w.org\/{rel}","templated":true}]}}