{"id":1350,"date":"2022-09-29T13:26:04","date_gmt":"2022-09-29T10:26:04","guid":{"rendered":"https:\/\/oma.media.fi\/forssan-lehti\/?page_id=1350"},"modified":"2026-03-03T11:33:21","modified_gmt":"2026-03-03T09:33:21","slug":"forssan-lehti-toimituksen-yhteystiedot","status":"publish","type":"page","link":"https:\/\/oma.media.fi\/forssan-lehti\/forssan-lehti-toimituksen-yhteystiedot\/","title":{"rendered":"Forssan Lehti toimituksen yhteystiedot"},"content":{"rendered":"<h1>Toimituksen yhteystiedot<\/h1>\n<p><strong>Postiosoite:<\/strong> PL 1000, 30100 Forssa<br \/>\n<strong>Toimituksen s\u00e4hk\u00f6posti:<\/strong> &#116;&#x6f;i&#109;&#x69;t&#117;&#x73;&#64;&#102;&#x6f;r&#115;&#x73;a&#110;&#x6c;e&#104;&#x74;i&#46;&#x66;i<\/p>\n<p>Henkil\u00f6kohtaiset s\u00e4hk\u00f6postit ovat muotoa: &#x65;&#x74;&#117;&#110;im&#x69;&#x2e;&#x73;&#117;ku&#x6e;&#x69;&#x6d;&#105;&#64;f&#x6f;&#x72;&#x73;&#115;&#97;n&#x6c;&#x65;&#x68;&#116;&#105;&#46;f&#x69;<\/p>\n<h2>P\u00e4\u00e4toimittaja<\/h2>\n<p>Johanna Puukka p. <span class=\"ui-provider a b c d e f g h i j k l m n o p q r s t u v w x y z ab ac ae af ag ah ai aj ak\" dir=\"ltr\">040 451 8392<\/span><\/p>\n<h2>Digituottaja<\/h2>\n<p>Elina Nummelin, 040 868 2412, &#x65;&#x6c;&#x69;&#x6e;&#x61;&#x2e;&#x6e;&#117;&#109;&#109;&#101;&#108;in&#64;h&#x61;&#x6d;&#x65;&#x65;&#x6e;&#x73;&#x61;&#x6e;&#111;&#109;&#97;&#116;&#46;fi<\/p>\n<h2>Printtitiimi<\/h2>\n<p>Jaakko Kyr\u00f6 p. 040 541 7005<\/p>\n<h2>Toimittajat<\/h2>\n<div>Sami Koljonen <span data-teams=\"true\">(verkkotuottaja) <\/span>p. 040 457 8672<\/div>\n<div class=\"x_x_x_elementToProof\">Ami Laaksonen p. 050 404 5331<\/div>\n<div class=\"x_x_x_elementToProof\">Tiina Naula p. 040 184 1189<\/div>\n<div class=\"x_x_x_elementToProof\">Petri Ojanen p. 050 917 5863<\/div>\n<div class=\"x_x_x_elementToProof\">Johanna Puukka p. 040 451 8392<\/div>\n<div class=\"x_x_x_elementToProof\">Kiti Salonen p. 040 451 8387<\/div>\n<div class=\"x_x_x_elementToProof\">Ville S\u00e4teri p. 040 572 3202<\/div>\n<div class=\"x_x_x_elementToProof\">Aki Vaani p. 040 451 8521<\/div>\n<div>Oona Tepponen p. 040 750 9167<\/div>\n<h2><\/h2>\n<h2 class=\"x_x_x_elementToProof\">Urheilutoimitus<\/h2>\n<p class=\"x_x_x_elementToProof\">Kai Sandberg p. 040 451 8389<\/p>\n<p>Katso kaikki Forssan Lehden yhteystiedot<a href=\"https:\/\/oma.media.fi\/forssan-lehti\/yhteystiedot\/\" target=\"_blank\" rel=\"noopener\"> t\u00e4st\u00e4.<\/a><\/p>\n","protected":false},"excerpt":{"rendered":"<p>Toimituksen yhteystiedot Postiosoite: PL 1000, 30100 Forssa Toimituksen s\u00e4hk\u00f6posti: toimit&#117;&#115;&#64;&#102;&#111;&#114;&#115;&#x73;&#x61;&#x6e;&#x6c;&#x65;&#x68;&#x74;&#x69;&#x2e;&#x66;&#x69; Henkil\u00f6kohtaiset s\u00e4hk\u00f6postit ovat muotoa: &#x65;&#x74;&#x75;&#x6e;&#x69;&#x6d;&#x69;&#x2e;&#x73;&#x75;&#x6b;&#x75;&#x6e;&#x69;&#x6d;&#x69;&#x40;&#x66;&#x6f;&#x72;&#x73;&#x73;&#x61;&#x6e;&#x6c;&#x65;&#x68;&#x74;&#x69;&#x2e;&#x66;&#x69; P\u00e4\u00e4toimittaja Johanna Puukka p. 040 451 8392 Digituottaja Elina Nummelin, 040 868 2412, e&#108;&#x69;&#x6e;&#x61;&#46;&#110;&#117;&#x6d;&#x6d;e&#108;&#105;&#x6e;&#x40;ha&#109;&#x65;&#x65;&#x6e;s&#97;&#x6e;&#x6f;&#x6d;a&#116;&#46;&#x66;&#x69; Printtitiimi Jaakko Kyr\u00f6 p. 040 541 7005 Toimittajat Sami Koljonen (verkkotuottaja) p. 040 457 8672 Ami Laaksonen p. 050 404 5331 Tiina Naula p. 040 184 [&hellip;]<\/p>\n","protected":false},"author":69,"featured_media":0,"parent":0,"menu_order":0,"comment_status":"closed","ping_status":"closed","template":"","meta":{"_acf_changed":false,"footnotes":""},"class_list":["post-1350","page","type-page","status-publish","hentry"],"acf":[],"yoast_head":"<!-- This site is optimized with the Yoast SEO plugin v26.2 - https:\/\/yoast.com\/wordpress\/plugins\/seo\/ -->\n<title>Forssan Lehti toimituksen yhteystiedot - Forssan Lehti<\/title>\n<meta name=\"robots\" content=\"index, follow, max-snippet:-1, max-image-preview:large, max-video-preview:-1\" \/>\n<link rel=\"canonical\" href=\"https:\/\/oma.media.fi\/forssan-lehti\/forssan-lehti-toimituksen-yhteystiedot\/\" \/>\n<meta property=\"og:locale\" content=\"fi_FI\" \/>\n<meta property=\"og:type\" content=\"article\" \/>\n<meta property=\"og:title\" content=\"Forssan Lehti toimituksen yhteystiedot\" \/>\n<meta property=\"og:description\" content=\"Toimituksen yhteystiedot Postiosoite: PL 1000, 30100 Forssa Toimituksen s\u00e4hk\u00f6posti: &#x74;&#111;&#x69;&#x6d;i&#x74;&#117;s&#x40;&#102;o&#x72;&#115;&#x73;&#x61;n&#x6c;&#101;h&#x74;&#105;&#046;&#x66;&#105; Henkil\u00f6kohtaiset s\u00e4hk\u00f6postit ovat muotoa: &#101;&#x74;&#117;&#x6e;&#105;&#x6d;i&#x2e;s&#x75;k&#117;&#x6e;&#105;&#x6d;&#105;&#x40;&#102;&#x6f;r&#x73;s&#x61;n&#108;&#x65;&#104;&#x74;&#105;&#x2e;&#102;&#x69; P\u00e4\u00e4toimittaja Johanna Puukka p. 040 451 8392 Digituottaja Elina Nummelin, 040 868 2412, &#x65;&#108;i&#x6e;&#x61;&#046;n&#x75;&#x6d;&#109;e&#x6c;&#105;n&#x40;&#x68;&#097;m&#x65;&#x65;&#110;s&#x61;&#110;&#111;&#x6d;&#x61;&#116;&#046;&#x66;&#x69; Printtitiimi Jaakko Kyr\u00f6 p. 040 541 7005 Toimittajat Sami Koljonen (verkkotuottaja) p. 040 457 8672 Ami Laaksonen p. 050 404 5331 Tiina Naula p. 040 184 [&hellip;]\" \/>\n<meta property=\"og:url\" content=\"https:\/\/oma.media.fi\/forssan-lehti\/forssan-lehti-toimituksen-yhteystiedot\/\" \/>\n<meta property=\"og:site_name\" content=\"Forssan Lehti\" \/>\n<meta property=\"article:modified_time\" content=\"2026-03-03T09:33:21+00:00\" \/>\n<meta name=\"twitter:card\" content=\"summary_large_image\" \/>\n<meta name=\"twitter:label1\" content=\"Arvioitu lukuaika\" \/>\n\t<meta name=\"twitter:data1\" content=\"1 minuutti\" \/>\n<script type=\"application\/ld+json\" class=\"yoast-schema-graph\">{\"@context\":\"https:\/\/schema.org\",\"@graph\":[{\"@type\":\"WebPage\",\"@id\":\"https:\/\/oma.media.fi\/forssan-lehti\/forssan-lehti-toimituksen-yhteystiedot\/\",\"url\":\"https:\/\/oma.media.fi\/forssan-lehti\/forssan-lehti-toimituksen-yhteystiedot\/\",\"name\":\"Forssan Lehti toimituksen yhteystiedot - Forssan Lehti\",\"isPartOf\":{\"@id\":\"https:\/\/oma.media.fi\/forssan-lehti\/#website\"},\"datePublished\":\"2022-09-29T10:26:04+00:00\",\"dateModified\":\"2026-03-03T09:33:21+00:00\",\"breadcrumb\":{\"@id\":\"https:\/\/oma.media.fi\/forssan-lehti\/forssan-lehti-toimituksen-yhteystiedot\/#breadcrumb\"},\"inLanguage\":\"fi\",\"potentialAction\":[{\"@type\":\"ReadAction\",\"target\":[\"https:\/\/oma.media.fi\/forssan-lehti\/forssan-lehti-toimituksen-yhteystiedot\/\"]}]},{\"@type\":\"BreadcrumbList\",\"@id\":\"https:\/\/oma.media.fi\/forssan-lehti\/forssan-lehti-toimituksen-yhteystiedot\/#breadcrumb\",\"itemListElement\":[{\"@type\":\"ListItem\",\"position\":1,\"name\":\"Etusivu\",\"item\":\"https:\/\/oma.media.fi\/forssan-lehti\/\"},{\"@type\":\"ListItem\",\"position\":2,\"name\":\"Forssan Lehti toimituksen yhteystiedot\"}]},{\"@type\":\"WebSite\",\"@id\":\"https:\/\/oma.media.fi\/forssan-lehti\/#website\",\"url\":\"https:\/\/oma.media.fi\/forssan-lehti\/\",\"name\":\"Forssan Lehti\",\"description\":\"\",\"potentialAction\":[{\"@type\":\"SearchAction\",\"target\":{\"@type\":\"EntryPoint\",\"urlTemplate\":\"https:\/\/oma.media.fi\/forssan-lehti\/?s={search_term_string}\"},\"query-input\":{\"@type\":\"PropertyValueSpecification\",\"valueRequired\":true,\"valueName\":\"search_term_string\"}}],\"inLanguage\":\"fi\"}]}<\/script>\n<!-- \/ Yoast SEO plugin. -->","yoast_head_json":{"title":"Forssan Lehti toimituksen yhteystiedot - Forssan Lehti","robots":{"index":"index","follow":"follow","max-snippet":"max-snippet:-1","max-image-preview":"max-image-preview:large","max-video-preview":"max-video-preview:-1"},"canonical":"https:\/\/oma.media.fi\/forssan-lehti\/forssan-lehti-toimituksen-yhteystiedot\/","og_locale":"fi_FI","og_type":"article","og_title":"Forssan Lehti toimituksen yhteystiedot","og_description":"Toimituksen yhteystiedot Postiosoite: PL 1000, 30100 Forssa Toimituksen s\u00e4hk\u00f6posti: &#x74;&#111;&#x69;&#x6d;i&#x74;&#117;s&#x40;&#102;o&#x72;&#115;&#x73;&#x61;n&#x6c;&#101;h&#x74;&#105;&#46;&#x66;&#105; Henkil\u00f6kohtaiset s\u00e4hk\u00f6postit ovat muotoa: &#101;&#x74;&#117;&#x6e;&#105;&#x6d;i&#x2e;s&#x75;k&#117;&#x6e;&#105;&#x6d;&#105;&#x40;&#102;&#x6f;r&#x73;s&#x61;n&#108;&#x65;&#104;&#x74;&#105;&#x2e;&#102;&#x69; P\u00e4\u00e4toimittaja Johanna Puukka p. 040 451 8392 Digituottaja Elina Nummelin, 040 868 2412, &#x65;&#108;i&#x6e;&#x61;&#46;n&#x75;&#x6d;&#109;e&#x6c;&#105;n&#x40;&#x68;&#97;m&#x65;&#x65;&#110;s&#x61;&#110;&#111;&#x6d;&#x61;&#116;&#46;&#x66;&#x69; Printtitiimi Jaakko Kyr\u00f6 p. 040 541 7005 Toimittajat Sami Koljonen (verkkotuottaja) p. 040 457 8672 Ami Laaksonen p. 050 404 5331 Tiina Naula p. 040 184 [&hellip;]","og_url":"https:\/\/oma.media.fi\/forssan-lehti\/forssan-lehti-toimituksen-yhteystiedot\/","og_site_name":"Forssan Lehti","article_modified_time":"2026-03-03T09:33:21+00:00","twitter_card":"summary_large_image","twitter_misc":{"Arvioitu lukuaika":"1 minuutti"},"schema":{"@context":"https:\/\/schema.org","@graph":[{"@type":"WebPage","@id":"https:\/\/oma.media.fi\/forssan-lehti\/forssan-lehti-toimituksen-yhteystiedot\/","url":"https:\/\/oma.media.fi\/forssan-lehti\/forssan-lehti-toimituksen-yhteystiedot\/","name":"Forssan Lehti toimituksen yhteystiedot - Forssan Lehti","isPartOf":{"@id":"https:\/\/oma.media.fi\/forssan-lehti\/#website"},"datePublished":"2022-09-29T10:26:04+00:00","dateModified":"2026-03-03T09:33:21+00:00","breadcrumb":{"@id":"https:\/\/oma.media.fi\/forssan-lehti\/forssan-lehti-toimituksen-yhteystiedot\/#breadcrumb"},"inLanguage":"fi","potentialAction":[{"@type":"ReadAction","target":["https:\/\/oma.media.fi\/forssan-lehti\/forssan-lehti-toimituksen-yhteystiedot\/"]}]},{"@type":"BreadcrumbList","@id":"https:\/\/oma.media.fi\/forssan-lehti\/forssan-lehti-toimituksen-yhteystiedot\/#breadcrumb","itemListElement":[{"@type":"ListItem","position":1,"name":"Etusivu","item":"https:\/\/oma.media.fi\/forssan-lehti\/"},{"@type":"ListItem","position":2,"name":"Forssan Lehti toimituksen yhteystiedot"}]},{"@type":"WebSite","@id":"https:\/\/oma.media.fi\/forssan-lehti\/#website","url":"https:\/\/oma.media.fi\/forssan-lehti\/","name":"Forssan Lehti","description":"","potentialAction":[{"@type":"SearchAction","target":{"@type":"EntryPoint","urlTemplate":"https:\/\/oma.media.fi\/forssan-lehti\/?s={search_term_string}"},"query-input":{"@type":"PropertyValueSpecification","valueRequired":true,"valueName":"search_term_string"}}],"inLanguage":"fi"}]}},"publishpress_future_action":{"enabled":false,"date":"2026-04-13 14:10:35","action":"change-status","newStatus":"draft","terms":[],"taxonomy":"","extraData":[]},"publishpress_future_workflow_manual_trigger":{"enabledWorkflows":[]},"_links":{"self":[{"href":"https:\/\/oma.media.fi\/forssan-lehti\/wp-json\/wp\/v2\/pages\/1350","targetHints":{"allow":["GET"]}}],"collection":[{"href":"https:\/\/oma.media.fi\/forssan-lehti\/wp-json\/wp\/v2\/pages"}],"about":[{"href":"https:\/\/oma.media.fi\/forssan-lehti\/wp-json\/wp\/v2\/types\/page"}],"author":[{"embeddable":true,"href":"https:\/\/oma.media.fi\/forssan-lehti\/wp-json\/wp\/v2\/users\/69"}],"replies":[{"embeddable":true,"href":"https:\/\/oma.media.fi\/forssan-lehti\/wp-json\/wp\/v2\/comments?post=1350"}],"version-history":[{"count":11,"href":"https:\/\/oma.media.fi\/forssan-lehti\/wp-json\/wp\/v2\/pages\/1350\/revisions"}],"predecessor-version":[{"id":4846,"href":"https:\/\/oma.media.fi\/forssan-lehti\/wp-json\/wp\/v2\/pages\/1350\/revisions\/4846"}],"wp:attachment":[{"href":"https:\/\/oma.media.fi\/forssan-lehti\/wp-json\/wp\/v2\/media?parent=1350"}],"curies":[{"name":"wp","href":"https:\/\/api.w.org\/{rel}","templated":true}]}}