{"id":273,"date":"2018-10-17T13:17:59","date_gmt":"2018-10-17T10:17:59","guid":{"rendered":"https:\/\/oma.media.fi\/forssan-lehti\/yhteystiedot\/"},"modified":"2026-04-13T11:53:13","modified_gmt":"2026-04-13T08:53:13","slug":"yhteystiedot","status":"publish","type":"page","link":"https:\/\/oma.media.fi\/forssan-lehti\/yhteystiedot\/","title":{"rendered":"Yhteystiedot"},"content":{"rendered":"<div class=\"text-block\">\n<h2>Tilaukset<\/h2>\n<p>Digipalvelut, osoitteenmuutokset, jakelunkeskeytykset, asiakastietojen muutokset<br \/>\nsek\u00e4 tilauslaskut ja muut tilauksiin liittyv\u00e4t asiat.<\/p>\n<p><a href=\"https:\/\/oma.media.fi\/forssan-lehti\/\"><strong>Asiakaspalvelua verkossa 24\/7<\/strong><\/a><\/p>\n<h2>Lukijailmoitukset<\/h2>\n<p>J\u00e4rjest\u00f6ilmoitukset, luokitellut ilmoitukset, perheilmoitukset, kuolinilmoitukset ja surukiitokset<\/p>\n<p><strong>J\u00e4t\u00e4 ilmoitus 24\/7 <\/strong><a href=\"https:\/\/oma.media.fi\/forssan-lehti\/ilmoita\/\"><strong>forssanlehti.fi\/ilmoita<\/strong><\/a><\/p>\n<h2>Asiakaspalvelu<\/h2>\n<p>Tilauksiin ja lukijailmoituksiin liittyv\u00e4t asiat.<\/p>\n<p><strong>Puhelinpalvelu\u00a0<\/strong>014 622 133<br \/>\nAvoinna: ma-pe klo 8.00-18.00<\/p>\n<p>Tallennamme puhelut asiakaspalvelutapahtumien varmentamiseksi<br \/>\nsek\u00e4 asiakaspalvelun koulutusta varten. Puhelun hinta mpm\/pvm, jonotus on maksullista.<\/p>\n<p><a class=\"button\" href=\"https:\/\/oma.media.fi\/forssan-lehti\/yhteystiedot\/ota-yhteytta\/\">Ota yhteytt\u00e4 asiakaspalveluun<\/a><\/p>\n<\/div>\n<div class=\"text-block\">\n<h2>Jakelut ja jakelup\u00e4ivystykset<\/h2>\n<div>\n<h3 class=\"x_MsoNormal\"><b>Tilaajien lehtien jakelu:<br \/>\n<\/b><b>Posti Palvelut Oy<\/b><\/h3>\n<\/div>\n<div>\n<div>\n<p class=\"x_MsoNormal\"><b>Varhaisjakelu<\/b> p. 0100 4070 (pvm\/mpm), jonotus on maksullista<br \/>\nAvoinna arkisin klo 6.30-16.00 sek\u00e4 viikonloppuisin klo 6.30-12.00.<\/p>\n<p>Varhaisjakelu toimittaa puuttuneen lehden seuraavan aamun jakelussa.<\/p>\n<\/div>\n<div>\n<p class=\"x_MsoNormal\"><b>P\u00e4iv\u00e4jakelu<\/b> p. 0100 5577 (pvm\/mpm), jonotus on maksullista<br \/>\nAvoinna arkisin klo 8-16.<\/p>\n<\/div>\n<\/div>\n<p><a class=\"button\" href=\"https:\/\/oma.media.fi\/forssan-lehti\/yhteystiedot\/jakelupalaute\/\">Anna jakelupalautetta<\/a><\/p>\n<h3><b>Ei-tilaajien keskiviikon peittolehden jakelu:<br \/>\n<\/b><b style=\"font-size: 16px\">SSM Suomen Suoramainonta<\/b><\/h3>\n<div>\n<p class=\"x_MsoNormal\"><a class=\"button\" title=\"Alkuper\u00e4inen URL-osoite: http:\/\/www.jakelupalaute.fi\/. Napsauta tai napauta, jos luotat t\u00e4h\u00e4n linkkiin.\" href=\"https:\/\/ssm.fi\/toimipiste\/jakelupalaute\" target=\"_blank\" rel=\"noopener noreferrer\" data-auth=\"Verified\" data-safelink=\"true\" data-linkindex=\"3\">Anna jakelupalautetta<\/a><\/p>\n<\/div>\n<\/div>\n<div class=\"text-block\">\n<div class=\"text-block\">\n<h2>Medialaskutus<\/h2>\n<p>Ilmoituslaskut<br \/>\np. 09 2730 0230 (pvm\/mpm), ma-pe 9.00-14.00<br \/>\n<a href=\"&#109;&#x61;&#105;&#x6c;&#116;&#x6f;&#58;&#x6c;&#97;&#x73;&#107;&#x75;&#116;&#x75;&#115;&#x2e;&#107;&#x65;&#115;&#x6b;&#105;&#x73;&#117;&#x6f;&#109;&#x61;&#108;&#x61;&#105;&#x6e;&#101;&#x6e;&#109;&#x65;&#100;&#x69;&#97;&#x40;&#109;&#x65;&#100;&#x69;&#97;&#x2e;&#102;&#x69;\">&#108;&#x61;&#115;&#x6b;&#117;&#x74;&#117;&#x73;&#46;&#x6b;e&#x73;k&#x69;s&#117;&#x6f;&#109;&#x61;&#108;&#x61;&#105;&#x6e;&#101;&#x6e;m&#x65;d&#x69;a&#x40;m&#101;&#x64;&#105;&#x61;&#46;&#x66;&#105;<\/a><\/p>\n<\/div>\n<\/div>\n<div class=\"text-block\">\n<div class=\"text-block\">\n<h2>Mediamyynti<\/h2>\n<p>Mediamyynnin yhteystiedot l\u00f6yd\u00e4t\u00a0<a href=\"https:\/\/meks.fi\/yhteystiedot\/\" target=\"_blank\" rel=\"noopener\">mediamyynnin sivuilta<\/a>.<\/p>\n<\/div>\n<\/div>\n<div class=\"text-block\">\n<div class=\"text-block\">\n<h2>Toimitus<\/h2>\n<p><strong>Toimitus, juttuvinkit <\/strong><a href=\"&#x6d;&#x61;&#105;l&#x74;&#x6f;&#58;to&#x69;&#x6d;&#105;t&#x75;&#x73;&#64;&#102;o&#x72;&#x73;&#115;a&#x6e;&#x6c;&#101;&#104;t&#x69;&#x2e;&#102;i\">&#116;&#x6f;&#105;&#x6d;i&#x74;u&#115;&#x40;&#102;&#x6f;r&#x73;s&#97;&#x6e;&#108;&#x65;h&#x74;i&#46;&#x66;&#105;<\/a><\/p>\n<p><strong>Mielipiteet <\/strong><a href=\"mailto:m&#105;&#101;&#108;&#105;&#112;&#105;&#100;&#101;&#64;&#102;&#x6f;&#x72;&#x73;&#x73;&#x61;&#x6e;&#x6c;&#x65;&#x68;&#x74;&#x69;&#x2e;&#x66;&#x69;\">&#109;&#x69;e&#108;&#x69;p&#105;&#x64;e&#x40;&#x66;&#111;&#x72;s&#115;&#x61;n&#108;&#x65;h&#x74;&#x69;&#46;&#x66;&#x69;<\/a><\/p>\n<p><a class=\"button\" href=\"https:\/\/oma.media.fi\/forssan-lehti\/forssan-lehti-toimituksen-yhteystiedot\/\">Toimittajien yhteystiedot<\/a><\/p>\n<p>J\u00e4t\u00e4 juttuvinkki alla olevasta linkist\u00e4.<\/p>\n<p><a class=\"button\" style=\"font-size: 16px\" href=\"https:\/\/oma.media.fi\/forssan-lehti\/yhteystiedot\/juttuvinkki\/\">L\u00e4het\u00e4 juttuvinkki<\/a><\/p>\n<p>Liit\u00e4 mukaan nimesi, puhelinnumerosi ja s\u00e4hk\u00f6postiosoitteesi sek\u00e4 mahdolliset lis\u00e4tiedot kuvasta ja\/tai videosta.<\/p>\n<p>Kaikki sis\u00e4ll\u00f6t voidaan julkaista kaikissa Mediakonserni Keskisuomalaisen medioissa.<\/p>\n<\/div>\n<\/div>\n<div class=\"text-block\">\n<h2>Palaute<\/h2>\n<p><a class=\"button\" href=\"https:\/\/oma.media.fi\/forssan-lehti\/yhteystiedot\/anna-palautetta\/\">Anna palautetta<\/a><\/p>\n<\/div>\n","protected":false},"excerpt":{"rendered":"<p>Tilaukset Digipalvelut, osoitteenmuutokset, jakelunkeskeytykset, asiakastietojen muutokset sek\u00e4 tilauslaskut ja muut tilauksiin liittyv\u00e4t asiat. Asiakaspalvelua verkossa 24\/7 Lukijailmoitukset J\u00e4rjest\u00f6ilmoitukset, luokitellut ilmoitukset, perheilmoitukset, kuolinilmoitukset ja surukiitokset J\u00e4t\u00e4 ilmoitus 24\/7 forssanlehti.fi\/ilmoita Asiakaspalvelu Tilauksiin ja lukijailmoituksiin liittyv\u00e4t asiat. Puhelinpalvelu\u00a0014 622 133 Avoinna: ma-pe klo 8.00-18.00 Tallennamme puhelut asiakaspalvelutapahtumien varmentamiseksi sek\u00e4 asiakaspalvelun koulutusta varten. Puhelun hinta mpm\/pvm, jonotus on maksullista. [&hellip;]<\/p>\n","protected":false},"author":1,"featured_media":0,"parent":0,"menu_order":0,"comment_status":"closed","ping_status":"closed","template":"","meta":{"_acf_changed":false,"footnotes":""},"class_list":["post-273","page","type-page","status-publish","hentry"],"acf":[],"yoast_head":"<!-- This site is optimized with the Yoast SEO plugin v26.2 - https:\/\/yoast.com\/wordpress\/plugins\/seo\/ -->\n<title>Yhteystiedot - Forssan Lehti<\/title>\n<meta name=\"description\" content=\"Etsitk\u00f6 yhteystietoja vai haluatko antaa palautetta? Mediatalo Keskisuomalaisen asiakaspalveluiden yhteystiedot, palautekanavat ja juttuvinkit.\" \/>\n<meta name=\"robots\" content=\"index, follow, max-snippet:-1, max-image-preview:large, max-video-preview:-1\" \/>\n<link rel=\"canonical\" href=\"https:\/\/oma.media.fi\/forssan-lehti\/yhteystiedot\/\" \/>\n<meta property=\"og:locale\" content=\"fi_FI\" \/>\n<meta property=\"og:type\" content=\"article\" \/>\n<meta property=\"og:title\" content=\"Yhteystiedot\" \/>\n<meta property=\"og:description\" content=\"Etsitk\u00f6 yhteystietoja vai haluatko antaa palautetta? Mediatalo Keskisuomalaisen asiakaspalveluiden yhteystiedot, palautekanavat ja juttuvinkit.\" \/>\n<meta property=\"og:url\" content=\"https:\/\/oma.media.fi\/forssan-lehti\/yhteystiedot\/\" \/>\n<meta property=\"og:site_name\" content=\"Forssan Lehti\" \/>\n<meta property=\"article:modified_time\" content=\"2026-04-13T08:53:13+00:00\" \/>\n<meta name=\"twitter:card\" content=\"summary_large_image\" \/>\n<meta name=\"twitter:label1\" content=\"Arvioitu lukuaika\" \/>\n\t<meta name=\"twitter:data1\" content=\"2 minuuttia\" \/>\n<script type=\"application\/ld+json\" class=\"yoast-schema-graph\">{\"@context\":\"https:\/\/schema.org\",\"@graph\":[{\"@type\":\"WebPage\",\"@id\":\"https:\/\/oma.media.fi\/forssan-lehti\/yhteystiedot\/\",\"url\":\"https:\/\/oma.media.fi\/forssan-lehti\/yhteystiedot\/\",\"name\":\"Yhteystiedot - Forssan Lehti\",\"isPartOf\":{\"@id\":\"https:\/\/oma.media.fi\/forssan-lehti\/#website\"},\"datePublished\":\"2018-10-17T10:17:59+00:00\",\"dateModified\":\"2026-04-13T08:53:13+00:00\",\"description\":\"Etsitk\u00f6 yhteystietoja vai haluatko antaa palautetta? Mediatalo Keskisuomalaisen asiakaspalveluiden yhteystiedot, palautekanavat ja juttuvinkit.\",\"breadcrumb\":{\"@id\":\"https:\/\/oma.media.fi\/forssan-lehti\/yhteystiedot\/#breadcrumb\"},\"inLanguage\":\"fi\",\"potentialAction\":[{\"@type\":\"ReadAction\",\"target\":[\"https:\/\/oma.media.fi\/forssan-lehti\/yhteystiedot\/\"]}]},{\"@type\":\"BreadcrumbList\",\"@id\":\"https:\/\/oma.media.fi\/forssan-lehti\/yhteystiedot\/#breadcrumb\",\"itemListElement\":[{\"@type\":\"ListItem\",\"position\":1,\"name\":\"Etusivu\",\"item\":\"https:\/\/oma.media.fi\/forssan-lehti\/\"},{\"@type\":\"ListItem\",\"position\":2,\"name\":\"Yhteystiedot\"}]},{\"@type\":\"WebSite\",\"@id\":\"https:\/\/oma.media.fi\/forssan-lehti\/#website\",\"url\":\"https:\/\/oma.media.fi\/forssan-lehti\/\",\"name\":\"Forssan Lehti\",\"description\":\"\",\"potentialAction\":[{\"@type\":\"SearchAction\",\"target\":{\"@type\":\"EntryPoint\",\"urlTemplate\":\"https:\/\/oma.media.fi\/forssan-lehti\/?s={search_term_string}\"},\"query-input\":{\"@type\":\"PropertyValueSpecification\",\"valueRequired\":true,\"valueName\":\"search_term_string\"}}],\"inLanguage\":\"fi\"}]}<\/script>\n<!-- \/ Yoast SEO plugin. -->","yoast_head_json":{"title":"Yhteystiedot - Forssan Lehti","description":"Etsitk\u00f6 yhteystietoja vai haluatko antaa palautetta? Mediatalo Keskisuomalaisen asiakaspalveluiden yhteystiedot, palautekanavat ja juttuvinkit.","robots":{"index":"index","follow":"follow","max-snippet":"max-snippet:-1","max-image-preview":"max-image-preview:large","max-video-preview":"max-video-preview:-1"},"canonical":"https:\/\/oma.media.fi\/forssan-lehti\/yhteystiedot\/","og_locale":"fi_FI","og_type":"article","og_title":"Yhteystiedot","og_description":"Etsitk\u00f6 yhteystietoja vai haluatko antaa palautetta? Mediatalo Keskisuomalaisen asiakaspalveluiden yhteystiedot, palautekanavat ja juttuvinkit.","og_url":"https:\/\/oma.media.fi\/forssan-lehti\/yhteystiedot\/","og_site_name":"Forssan Lehti","article_modified_time":"2026-04-13T08:53:13+00:00","twitter_card":"summary_large_image","twitter_misc":{"Arvioitu lukuaika":"2 minuuttia"},"schema":{"@context":"https:\/\/schema.org","@graph":[{"@type":"WebPage","@id":"https:\/\/oma.media.fi\/forssan-lehti\/yhteystiedot\/","url":"https:\/\/oma.media.fi\/forssan-lehti\/yhteystiedot\/","name":"Yhteystiedot - Forssan Lehti","isPartOf":{"@id":"https:\/\/oma.media.fi\/forssan-lehti\/#website"},"datePublished":"2018-10-17T10:17:59+00:00","dateModified":"2026-04-13T08:53:13+00:00","description":"Etsitk\u00f6 yhteystietoja vai haluatko antaa palautetta? Mediatalo Keskisuomalaisen asiakaspalveluiden yhteystiedot, palautekanavat ja juttuvinkit.","breadcrumb":{"@id":"https:\/\/oma.media.fi\/forssan-lehti\/yhteystiedot\/#breadcrumb"},"inLanguage":"fi","potentialAction":[{"@type":"ReadAction","target":["https:\/\/oma.media.fi\/forssan-lehti\/yhteystiedot\/"]}]},{"@type":"BreadcrumbList","@id":"https:\/\/oma.media.fi\/forssan-lehti\/yhteystiedot\/#breadcrumb","itemListElement":[{"@type":"ListItem","position":1,"name":"Etusivu","item":"https:\/\/oma.media.fi\/forssan-lehti\/"},{"@type":"ListItem","position":2,"name":"Yhteystiedot"}]},{"@type":"WebSite","@id":"https:\/\/oma.media.fi\/forssan-lehti\/#website","url":"https:\/\/oma.media.fi\/forssan-lehti\/","name":"Forssan Lehti","description":"","potentialAction":[{"@type":"SearchAction","target":{"@type":"EntryPoint","urlTemplate":"https:\/\/oma.media.fi\/forssan-lehti\/?s={search_term_string}"},"query-input":{"@type":"PropertyValueSpecification","valueRequired":true,"valueName":"search_term_string"}}],"inLanguage":"fi"}]}},"publishpress_future_action":{"enabled":false,"date":"2026-05-11 06:24:35","action":"change-status","newStatus":"draft","terms":[],"taxonomy":"","extraData":[]},"publishpress_future_workflow_manual_trigger":{"enabledWorkflows":[]},"_links":{"self":[{"href":"https:\/\/oma.media.fi\/forssan-lehti\/wp-json\/wp\/v2\/pages\/273","targetHints":{"allow":["GET"]}}],"collection":[{"href":"https:\/\/oma.media.fi\/forssan-lehti\/wp-json\/wp\/v2\/pages"}],"about":[{"href":"https:\/\/oma.media.fi\/forssan-lehti\/wp-json\/wp\/v2\/types\/page"}],"author":[{"embeddable":true,"href":"https:\/\/oma.media.fi\/forssan-lehti\/wp-json\/wp\/v2\/users\/1"}],"replies":[{"embeddable":true,"href":"https:\/\/oma.media.fi\/forssan-lehti\/wp-json\/wp\/v2\/comments?post=273"}],"version-history":[{"count":49,"href":"https:\/\/oma.media.fi\/forssan-lehti\/wp-json\/wp\/v2\/pages\/273\/revisions"}],"predecessor-version":[{"id":4914,"href":"https:\/\/oma.media.fi\/forssan-lehti\/wp-json\/wp\/v2\/pages\/273\/revisions\/4914"}],"wp:attachment":[{"href":"https:\/\/oma.media.fi\/forssan-lehti\/wp-json\/wp\/v2\/media?parent=273"}],"curies":[{"name":"wp","href":"https:\/\/api.w.org\/{rel}","templated":true}]}}