{"id":3048,"date":"2023-10-05T10:43:30","date_gmt":"2023-10-05T07:43:30","guid":{"rendered":"https:\/\/oma.media.fi\/forssan-lehti\/?page_id=3048"},"modified":"2023-10-23T09:58:24","modified_gmt":"2023-10-23T06:58:24","slug":"joulukalenteri","status":"publish","type":"page","link":"https:\/\/oma.media.fi\/forssan-lehti\/joulukalenteri\/","title":{"rendered":"Joulukalenteri"},"content":{"rendered":"<p><strong>Forssan Lehden joulukalenteri on t\u00e4\u00e4ll\u00e4!<\/strong><\/p>\n<p><strong>Osallistu ja voita!<\/strong><\/p>\n<p>Forssan Lehdess\u00e4 julkaistaan ajalla 1.\u201324.12.2023 lukijoiden joulukalenteri.<br \/>\nJulkaisemme lehdess\u00e4 p\u00e4ivitt\u00e4in 10 onnennumeroa. Kun matkapuhelinnumerosi kaksi viimeist\u00e4 numeroa ovat samat kuin jokin kymmenest\u00e4 p\u00e4iv\u00e4n onnennumerosta, voit osallistua arvontaan!<\/p>\n<p><strong>N\u00c4IN OSALLISTUT:<br \/>\nL\u00e4het\u00e4 tekstiviesti: JOULU nimesi ja osoitteesi numeroon XXXXX<br \/>\nEsimerkkiviesti: JOULU Taina Tilaaja, Tilaajankatu 1, 15200 Lahti<\/strong><\/p>\n<p><strong>Huom!<\/strong> Tekstiviesti tulee l\u00e4hett\u00e4\u00e4 numerosta, jonka kaksi viimeist\u00e4 numeroa ovat samat kuin jokin p\u00e4iv\u00e4n kymmenest\u00e4 onnennumerosta. Viesti tulee olla perill\u00e4 saman p\u00e4iv\u00e4n aikana klo 23.59 menness\u00e4. Tekstiviestin hinta 1,50 \u20ac. Palvelu toimii kotimaisilla puhelinoperaattoreilla, joissa ei ole viihdepalveluestoa.<\/p>\n<p><strong>Palkinnot:<\/strong><\/p>\n<p>P\u00e4\u00e4- ja viikkopalkinnot tarjoaa XXXXX.<\/p>\n<div class=\"table--responsive\"><table width=\"100%\">\n<tbody>\n<tr>\n<td width=\"14%\"><\/td>\n<td width=\"85%\">P\u00e4\u00e4palkinto, 1 kpl:<\/p>\n<p><strong>Palkinto (arvo)<\/strong><\/p>\n<ul>\n<li>Lis\u00e4tiedot<\/li>\n<\/ul>\n<\/td>\n<\/tr>\n<tr>\n<td width=\"14%\"><\/td>\n<td width=\"85%\">Viikkopalkinto 1 ja 3, yhteens\u00e4 2 kpl:<\/p>\n<p><strong>Palkinto (arvo)<\/strong><\/p>\n<ul>\n<li>Lis\u00e4tiedot<\/li>\n<\/ul>\n<\/td>\n<\/tr>\n<tr>\n<td width=\"14%\"><\/td>\n<td width=\"85%\">Viikkopalkinto 2 ja 4, yhteens\u00e4 2 kpl:<\/p>\n<p><strong>Palkinto (arvo)<\/strong><\/p>\n<ul>\n<li>Lis\u00e4tiedot<\/li>\n<\/ul>\n<\/td>\n<\/tr>\n<tr>\n<td width=\"14%\"><\/td>\n<td width=\"85%\">P\u00e4iv\u00e4palkinnot:<\/p>\n<p><strong>5 kpl \u00c4rr\u00e4koodeja \/ p\u00e4iv\u00e4<\/strong><\/p>\n<ul>\n<li>1 kpl \/ voittaja<\/li>\n<li>yhteens\u00e4 120 kpl.<\/li>\n<\/ul>\n<\/td>\n<\/tr>\n<\/tbody>\n<\/table><\/div>\n<p><strong>Arvonnan s\u00e4\u00e4nn\u00f6t:<\/strong><\/p>\n<p>Kisaan voivat osallistua kaikki Forssan Lehden lukijat, joiden puhelinnumeron kaksi viimeist\u00e4 numeroa kuuluvat p\u00e4iv\u00e4n onnennumeroihin, poislukien Mediakonserni Keskisuomalaisen henkil\u00f6kunta. Joka p\u00e4iv\u00e4 arvotaan 5 p\u00e4iv\u00e4palkintoa osallistuneiden lukijoiden kesken. P\u00e4iv\u00e4palkinnon voittajat saavat tekstiviestill\u00e4 \u00e4rr\u00e4koodin, jota n\u00e4ytt\u00e4m\u00e4ll\u00e4 voi lunastaa suklaalevyn R-kioskilta viimeist\u00e4\u00e4n 28.2.2024 menness\u00e4.<\/p>\n<p>Viikkopalkinto 1 arvotaan 1.-3.12. ajalla osallistuneiden lukijoiden kesken ja arvonta suoritetaan viikolla 49.<br \/>\nViikkopalkinto 2 arvotaan 4.-10.12. ajalla osallistuneiden lukijoiden kesken ja arvonta suoritetaan viikolla 50.<br \/>\nViikkopalkinto 3 arvotaan 11.12.-17.12. ajalla osallistuneiden lukijoiden kesken ja arvonta suoritetaan viikolla 51.<br \/>\nViikkopalkinto 4 arvotaan 18.12.-24.12. ajalla osallistuneiden lukijoiden kesken ja arvonta suoritetaan viikolla 52.<br \/>\nKaikkien joulukuun aikana osallistuneiden Etel\u00e4-Suomen Sanomien lukijoiden kesken arvotaan p\u00e4\u00e4palkinto. P\u00e4\u00e4palkinnon arvonta suoritetaan 2.1.2024.<br \/>\nVoittajille ilmoitetaan voitosta henkil\u00f6kohtaisesti.<\/p>\n<p>Katso tarkemmat kilpailukohtaiset arvontas\u00e4\u00e4nn\u00f6t <a href=\"https:\/\/oma.media.fi\/forssan-lehti\/joulukalenterin-arvontasaannot\/\" target=\"_blank\" rel=\"noopener\">t\u00e4\u00e4lt\u00e4<\/a>, yleiset kilpailu- ja arvontas\u00e4\u00e4nn\u00f6t <a href=\"https:\/\/oma.media.fi\/arvontasaannot\/\">t\u00e4\u00e4lt\u00e4<\/a> sek\u00e4 tietosuojalausekkeemme <a href=\"https:\/\/www.keskisuomalainen.com\/tietosuojalauseke\/\">t\u00e4\u00e4lt\u00e4<\/a>.<\/p>\n<p><strong>P\u00e4\u00e4- ja viikkopalkinnot tarjoaa XXXXXXX.<\/strong><\/p>\n<p>XXXX<\/p>\n<p>&nbsp;<\/p>\n","protected":false},"excerpt":{"rendered":"<p>Forssan Lehden joulukalenteri on t\u00e4\u00e4ll\u00e4! Osallistu ja voita! Forssan Lehdess\u00e4 julkaistaan ajalla 1.\u201324.12.2023 lukijoiden joulukalenteri. Julkaisemme lehdess\u00e4 p\u00e4ivitt\u00e4in 10 onnennumeroa. Kun matkapuhelinnumerosi kaksi viimeist\u00e4 numeroa ovat samat kuin jokin kymmenest\u00e4 p\u00e4iv\u00e4n onnennumerosta, voit osallistua arvontaan! N\u00c4IN OSALLISTUT: L\u00e4het\u00e4 tekstiviesti: JOULU nimesi ja osoitteesi numeroon XXXXX Esimerkkiviesti: JOULU Taina Tilaaja, Tilaajankatu 1, 15200 Lahti Huom! Tekstiviesti [&hellip;]<\/p>\n","protected":false},"author":69,"featured_media":3077,"parent":0,"menu_order":0,"comment_status":"closed","ping_status":"closed","template":"","meta":{"_acf_changed":false,"footnotes":""},"class_list":["post-3048","page","type-page","status-publish","has-post-thumbnail","hentry"],"acf":[],"yoast_head":"<!-- This site is optimized with the Yoast SEO plugin v26.2 - https:\/\/yoast.com\/wordpress\/plugins\/seo\/ -->\n<title>Joulukalenteri - Forssan Lehti<\/title>\n<meta name=\"robots\" content=\"index, follow, max-snippet:-1, max-image-preview:large, max-video-preview:-1\" \/>\n<link rel=\"canonical\" href=\"https:\/\/oma.media.fi\/forssan-lehti\/joulukalenteri\/\" \/>\n<meta property=\"og:locale\" content=\"fi_FI\" \/>\n<meta property=\"og:type\" content=\"article\" \/>\n<meta property=\"og:title\" content=\"Joulukalenteri\" \/>\n<meta property=\"og:description\" content=\"Forssan Lehden joulukalenteri on t\u00e4\u00e4ll\u00e4! Osallistu ja voita! Forssan Lehdess\u00e4 julkaistaan ajalla 1.\u201324.12.2023 lukijoiden joulukalenteri. Julkaisemme lehdess\u00e4 p\u00e4ivitt\u00e4in 10 onnennumeroa. Kun matkapuhelinnumerosi kaksi viimeist\u00e4 numeroa ovat samat kuin jokin kymmenest\u00e4 p\u00e4iv\u00e4n onnennumerosta, voit osallistua arvontaan! N\u00c4IN OSALLISTUT: L\u00e4het\u00e4 tekstiviesti: JOULU nimesi ja osoitteesi numeroon XXXXX Esimerkkiviesti: JOULU Taina Tilaaja, Tilaajankatu 1, 15200 Lahti Huom! Tekstiviesti [&hellip;]\" \/>\n<meta property=\"og:url\" content=\"https:\/\/oma.media.fi\/forssan-lehti\/joulukalenteri\/\" \/>\n<meta property=\"og:site_name\" content=\"Forssan Lehti\" \/>\n<meta property=\"article:modified_time\" content=\"2023-10-23T06:58:24+00:00\" \/>\n<meta property=\"og:image\" content=\"https:\/\/oma.media.fi\/forssan-lehti\/wp-content\/uploads\/sites\/53\/2023\/10\/980x350_Joulukalenteri_FOLE_2023.jpg\" \/>\n\t<meta property=\"og:image:width\" content=\"980\" \/>\n\t<meta property=\"og:image:height\" content=\"350\" \/>\n\t<meta property=\"og:image:type\" content=\"image\/jpeg\" \/>\n<meta name=\"twitter:card\" content=\"summary_large_image\" \/>\n<meta name=\"twitter:label1\" content=\"Arvioitu lukuaika\" \/>\n\t<meta name=\"twitter:data1\" content=\"2 minuuttia\" \/>\n<script type=\"application\/ld+json\" class=\"yoast-schema-graph\">{\"@context\":\"https:\/\/schema.org\",\"@graph\":[{\"@type\":\"WebPage\",\"@id\":\"https:\/\/oma.media.fi\/forssan-lehti\/joulukalenteri\/\",\"url\":\"https:\/\/oma.media.fi\/forssan-lehti\/joulukalenteri\/\",\"name\":\"Joulukalenteri - Forssan Lehti\",\"isPartOf\":{\"@id\":\"https:\/\/oma.media.fi\/forssan-lehti\/#website\"},\"primaryImageOfPage\":{\"@id\":\"https:\/\/oma.media.fi\/forssan-lehti\/joulukalenteri\/#primaryimage\"},\"image\":{\"@id\":\"https:\/\/oma.media.fi\/forssan-lehti\/joulukalenteri\/#primaryimage\"},\"thumbnailUrl\":\"https:\/\/oma.media.fi\/forssan-lehti\/wp-content\/uploads\/sites\/53\/2023\/10\/980x350_Joulukalenteri_FOLE_2023.jpg\",\"datePublished\":\"2023-10-05T07:43:30+00:00\",\"dateModified\":\"2023-10-23T06:58:24+00:00\",\"breadcrumb\":{\"@id\":\"https:\/\/oma.media.fi\/forssan-lehti\/joulukalenteri\/#breadcrumb\"},\"inLanguage\":\"fi\",\"potentialAction\":[{\"@type\":\"ReadAction\",\"target\":[\"https:\/\/oma.media.fi\/forssan-lehti\/joulukalenteri\/\"]}]},{\"@type\":\"ImageObject\",\"inLanguage\":\"fi\",\"@id\":\"https:\/\/oma.media.fi\/forssan-lehti\/joulukalenteri\/#primaryimage\",\"url\":\"https:\/\/oma.media.fi\/forssan-lehti\/wp-content\/uploads\/sites\/53\/2023\/10\/980x350_Joulukalenteri_FOLE_2023.jpg\",\"contentUrl\":\"https:\/\/oma.media.fi\/forssan-lehti\/wp-content\/uploads\/sites\/53\/2023\/10\/980x350_Joulukalenteri_FOLE_2023.jpg\",\"width\":980,\"height\":350},{\"@type\":\"BreadcrumbList\",\"@id\":\"https:\/\/oma.media.fi\/forssan-lehti\/joulukalenteri\/#breadcrumb\",\"itemListElement\":[{\"@type\":\"ListItem\",\"position\":1,\"name\":\"Etusivu\",\"item\":\"https:\/\/oma.media.fi\/forssan-lehti\/\"},{\"@type\":\"ListItem\",\"position\":2,\"name\":\"Joulukalenteri\"}]},{\"@type\":\"WebSite\",\"@id\":\"https:\/\/oma.media.fi\/forssan-lehti\/#website\",\"url\":\"https:\/\/oma.media.fi\/forssan-lehti\/\",\"name\":\"Forssan Lehti\",\"description\":\"\",\"potentialAction\":[{\"@type\":\"SearchAction\",\"target\":{\"@type\":\"EntryPoint\",\"urlTemplate\":\"https:\/\/oma.media.fi\/forssan-lehti\/?s={search_term_string}\"},\"query-input\":{\"@type\":\"PropertyValueSpecification\",\"valueRequired\":true,\"valueName\":\"search_term_string\"}}],\"inLanguage\":\"fi\"}]}<\/script>\n<!-- \/ Yoast SEO plugin. -->","yoast_head_json":{"title":"Joulukalenteri - Forssan Lehti","robots":{"index":"index","follow":"follow","max-snippet":"max-snippet:-1","max-image-preview":"max-image-preview:large","max-video-preview":"max-video-preview:-1"},"canonical":"https:\/\/oma.media.fi\/forssan-lehti\/joulukalenteri\/","og_locale":"fi_FI","og_type":"article","og_title":"Joulukalenteri","og_description":"Forssan Lehden joulukalenteri on t\u00e4\u00e4ll\u00e4! Osallistu ja voita! Forssan Lehdess\u00e4 julkaistaan ajalla 1.\u201324.12.2023 lukijoiden joulukalenteri. Julkaisemme lehdess\u00e4 p\u00e4ivitt\u00e4in 10 onnennumeroa. Kun matkapuhelinnumerosi kaksi viimeist\u00e4 numeroa ovat samat kuin jokin kymmenest\u00e4 p\u00e4iv\u00e4n onnennumerosta, voit osallistua arvontaan! N\u00c4IN OSALLISTUT: L\u00e4het\u00e4 tekstiviesti: JOULU nimesi ja osoitteesi numeroon XXXXX Esimerkkiviesti: JOULU Taina Tilaaja, Tilaajankatu 1, 15200 Lahti Huom! Tekstiviesti [&hellip;]","og_url":"https:\/\/oma.media.fi\/forssan-lehti\/joulukalenteri\/","og_site_name":"Forssan Lehti","article_modified_time":"2023-10-23T06:58:24+00:00","og_image":[{"width":980,"height":350,"url":"https:\/\/oma.media.fi\/forssan-lehti\/wp-content\/uploads\/sites\/53\/2023\/10\/980x350_Joulukalenteri_FOLE_2023.jpg","type":"image\/jpeg"}],"twitter_card":"summary_large_image","twitter_misc":{"Arvioitu lukuaika":"2 minuuttia"},"schema":{"@context":"https:\/\/schema.org","@graph":[{"@type":"WebPage","@id":"https:\/\/oma.media.fi\/forssan-lehti\/joulukalenteri\/","url":"https:\/\/oma.media.fi\/forssan-lehti\/joulukalenteri\/","name":"Joulukalenteri - Forssan Lehti","isPartOf":{"@id":"https:\/\/oma.media.fi\/forssan-lehti\/#website"},"primaryImageOfPage":{"@id":"https:\/\/oma.media.fi\/forssan-lehti\/joulukalenteri\/#primaryimage"},"image":{"@id":"https:\/\/oma.media.fi\/forssan-lehti\/joulukalenteri\/#primaryimage"},"thumbnailUrl":"https:\/\/oma.media.fi\/forssan-lehti\/wp-content\/uploads\/sites\/53\/2023\/10\/980x350_Joulukalenteri_FOLE_2023.jpg","datePublished":"2023-10-05T07:43:30+00:00","dateModified":"2023-10-23T06:58:24+00:00","breadcrumb":{"@id":"https:\/\/oma.media.fi\/forssan-lehti\/joulukalenteri\/#breadcrumb"},"inLanguage":"fi","potentialAction":[{"@type":"ReadAction","target":["https:\/\/oma.media.fi\/forssan-lehti\/joulukalenteri\/"]}]},{"@type":"ImageObject","inLanguage":"fi","@id":"https:\/\/oma.media.fi\/forssan-lehti\/joulukalenteri\/#primaryimage","url":"https:\/\/oma.media.fi\/forssan-lehti\/wp-content\/uploads\/sites\/53\/2023\/10\/980x350_Joulukalenteri_FOLE_2023.jpg","contentUrl":"https:\/\/oma.media.fi\/forssan-lehti\/wp-content\/uploads\/sites\/53\/2023\/10\/980x350_Joulukalenteri_FOLE_2023.jpg","width":980,"height":350},{"@type":"BreadcrumbList","@id":"https:\/\/oma.media.fi\/forssan-lehti\/joulukalenteri\/#breadcrumb","itemListElement":[{"@type":"ListItem","position":1,"name":"Etusivu","item":"https:\/\/oma.media.fi\/forssan-lehti\/"},{"@type":"ListItem","position":2,"name":"Joulukalenteri"}]},{"@type":"WebSite","@id":"https:\/\/oma.media.fi\/forssan-lehti\/#website","url":"https:\/\/oma.media.fi\/forssan-lehti\/","name":"Forssan Lehti","description":"","potentialAction":[{"@type":"SearchAction","target":{"@type":"EntryPoint","urlTemplate":"https:\/\/oma.media.fi\/forssan-lehti\/?s={search_term_string}"},"query-input":{"@type":"PropertyValueSpecification","valueRequired":true,"valueName":"search_term_string"}}],"inLanguage":"fi"}]}},"publishpress_future_action":{"enabled":false,"date":"2026-04-23 01:51:57","action":"change-status","newStatus":"draft","terms":[],"taxonomy":"","extraData":[]},"publishpress_future_workflow_manual_trigger":{"enabledWorkflows":[]},"_links":{"self":[{"href":"https:\/\/oma.media.fi\/forssan-lehti\/wp-json\/wp\/v2\/pages\/3048","targetHints":{"allow":["GET"]}}],"collection":[{"href":"https:\/\/oma.media.fi\/forssan-lehti\/wp-json\/wp\/v2\/pages"}],"about":[{"href":"https:\/\/oma.media.fi\/forssan-lehti\/wp-json\/wp\/v2\/types\/page"}],"author":[{"embeddable":true,"href":"https:\/\/oma.media.fi\/forssan-lehti\/wp-json\/wp\/v2\/users\/69"}],"replies":[{"embeddable":true,"href":"https:\/\/oma.media.fi\/forssan-lehti\/wp-json\/wp\/v2\/comments?post=3048"}],"version-history":[{"count":4,"href":"https:\/\/oma.media.fi\/forssan-lehti\/wp-json\/wp\/v2\/pages\/3048\/revisions"}],"predecessor-version":[{"id":3084,"href":"https:\/\/oma.media.fi\/forssan-lehti\/wp-json\/wp\/v2\/pages\/3048\/revisions\/3084"}],"wp:featuredmedia":[{"embeddable":true,"href":"https:\/\/oma.media.fi\/forssan-lehti\/wp-json\/wp\/v2\/media\/3077"}],"wp:attachment":[{"href":"https:\/\/oma.media.fi\/forssan-lehti\/wp-json\/wp\/v2\/media?parent=3048"}],"curies":[{"name":"wp","href":"https:\/\/api.w.org\/{rel}","templated":true}]}}