{"id":14229,"date":"2019-10-17T14:54:47","date_gmt":"2019-10-17T12:54:47","guid":{"rendered":"https:\/\/oma.media.fi\/hankasalmen-sanomat\/tilaushinnat\/"},"modified":"2025-12-04T08:15:18","modified_gmt":"2025-12-04T06:15:18","slug":"tilaushinnat","status":"publish","type":"page","link":"https:\/\/oma.media.fi\/hankasalmen-sanomat\/tilaushinnat\/","title":{"rendered":"Tilaushinnat"},"content":{"rendered":"<p>Alta n\u00e4et Mediakonserni Keskisuomalaisen tilattavien lehtien tilaushinnat kuluttajille ja yrityksille.<\/p>\n<p>Kuukausihinta on laskettu 12 kk:n tilaushinnasta asiakkaalle edullisinta maksutapaa (esim. e-lasku tai s\u00e4hk\u00f6postilasku, yrityksen verkkolasku) k\u00e4ytt\u00e4en.<\/p>\n<p>Postitse toimitettavissa tilauslaskuissa (pois lukien suoramaksuilmoitukset) veloitetaan k\u00e4sittely- ja postituskulu 4,90 \u20ac \/lasku (sis. alv).<\/p>\n<p><a href=\"https:\/\/oma.media.fi\/wp-content\/uploads\/2025\/11\/Tilaushinnat-kuluttajille_2025_sis.Pernio.pdf\" target=\"_blank\" rel=\"noopener\">Tilaushinnat kuluttajille 1.12.2025 alkaen<\/a><\/p>\n<p><a href=\"https:\/\/oma.media.fi\/wp-content\/uploads\/2025\/10\/Tilaushinnat-yrityksille_2025.pdf\" target=\"_blank\" rel=\"noopener\">Tilaushinnat yrityksille 1.12.2025 alkaen<\/a><\/p>\n","protected":false},"excerpt":{"rendered":"<p>Alta n\u00e4et Mediakonserni Keskisuomalaisen tilattavien lehtien tilaushinnat kuluttajille ja yrityksille. Kuukausihinta on laskettu 12 kk:n tilaushinnasta asiakkaalle edullisinta maksutapaa (esim. e-lasku tai s\u00e4hk\u00f6postilasku, yrityksen verkkolasku) k\u00e4ytt\u00e4en. Postitse toimitettavissa tilauslaskuissa (pois lukien suoramaksuilmoitukset) veloitetaan k\u00e4sittely- ja postituskulu 4,90 \u20ac \/lasku (sis. alv). Tilaushinnat kuluttajille 1.12.2025 alkaen Tilaushinnat yrityksille 1.12.2025 alkaen<\/p>\n","protected":false},"author":1,"featured_media":0,"parent":0,"menu_order":0,"comment_status":"closed","ping_status":"closed","template":"","meta":{"_acf_changed":false,"footnotes":""},"class_list":["post-14229","page","type-page","status-publish","hentry"],"acf":[],"yoast_head":"<!-- This site is optimized with the Yoast SEO plugin v26.2 - https:\/\/yoast.com\/wordpress\/plugins\/seo\/ -->\n<title>Tilaushinnat - Hankasalmen Sanomat<\/title>\n<meta name=\"description\" content=\"Mediatalo Keskisuomalaisen tilattavien lehtien voimassa olevat tilaushinnat. Hinnat ovat voimassa lehdiss\u00e4mme 1.5.2023 alkaen.\" \/>\n<meta name=\"robots\" content=\"index, follow, max-snippet:-1, max-image-preview:large, max-video-preview:-1\" \/>\n<link rel=\"canonical\" href=\"https:\/\/oma.media.fi\/hankasalmen-sanomat\/tilaushinnat\/\" \/>\n<meta property=\"og:locale\" content=\"fi_FI\" \/>\n<meta property=\"og:type\" content=\"article\" \/>\n<meta property=\"og:title\" content=\"Tilaushinnat\" \/>\n<meta property=\"og:description\" content=\"Mediatalo Keskisuomalaisen tilattavien lehtien voimassa olevat tilaushinnat. Hinnat ovat voimassa lehdiss\u00e4mme 1.5.2023 alkaen.\" \/>\n<meta property=\"og:url\" content=\"https:\/\/oma.media.fi\/hankasalmen-sanomat\/tilaushinnat\/\" \/>\n<meta property=\"og:site_name\" content=\"Hankasalmen Sanomat\" \/>\n<meta property=\"article:modified_time\" content=\"2025-12-04T06:15:18+00:00\" \/>\n<meta name=\"twitter:card\" content=\"summary_large_image\" \/>\n<meta name=\"twitter:label1\" content=\"Arvioitu lukuaika\" \/>\n\t<meta name=\"twitter:data1\" content=\"1 minuutti\" \/>\n<script type=\"application\/ld+json\" class=\"yoast-schema-graph\">{\"@context\":\"https:\/\/schema.org\",\"@graph\":[{\"@type\":\"WebPage\",\"@id\":\"https:\/\/oma.media.fi\/hankasalmen-sanomat\/tilaushinnat\/\",\"url\":\"https:\/\/oma.media.fi\/hankasalmen-sanomat\/tilaushinnat\/\",\"name\":\"Tilaushinnat - Hankasalmen Sanomat\",\"isPartOf\":{\"@id\":\"https:\/\/oma.media.fi\/hankasalmen-sanomat\/#website\"},\"datePublished\":\"2019-10-17T12:54:47+00:00\",\"dateModified\":\"2025-12-04T06:15:18+00:00\",\"description\":\"Mediatalo Keskisuomalaisen tilattavien lehtien voimassa olevat tilaushinnat. Hinnat ovat voimassa lehdiss\u00e4mme 1.5.2023 alkaen.\",\"breadcrumb\":{\"@id\":\"https:\/\/oma.media.fi\/hankasalmen-sanomat\/tilaushinnat\/#breadcrumb\"},\"inLanguage\":\"fi\",\"potentialAction\":[{\"@type\":\"ReadAction\",\"target\":[\"https:\/\/oma.media.fi\/hankasalmen-sanomat\/tilaushinnat\/\"]}]},{\"@type\":\"BreadcrumbList\",\"@id\":\"https:\/\/oma.media.fi\/hankasalmen-sanomat\/tilaushinnat\/#breadcrumb\",\"itemListElement\":[{\"@type\":\"ListItem\",\"position\":1,\"name\":\"Etusivu\",\"item\":\"https:\/\/oma.media.fi\/hankasalmen-sanomat\/\"},{\"@type\":\"ListItem\",\"position\":2,\"name\":\"Tilaushinnat\"}]},{\"@type\":\"WebSite\",\"@id\":\"https:\/\/oma.media.fi\/hankasalmen-sanomat\/#website\",\"url\":\"https:\/\/oma.media.fi\/hankasalmen-sanomat\/\",\"name\":\"Hankasalmen Sanomat\",\"description\":\"\",\"potentialAction\":[{\"@type\":\"SearchAction\",\"target\":{\"@type\":\"EntryPoint\",\"urlTemplate\":\"https:\/\/oma.media.fi\/hankasalmen-sanomat\/?s={search_term_string}\"},\"query-input\":{\"@type\":\"PropertyValueSpecification\",\"valueRequired\":true,\"valueName\":\"search_term_string\"}}],\"inLanguage\":\"fi\"}]}<\/script>\n<!-- \/ Yoast SEO plugin. -->","yoast_head_json":{"title":"Tilaushinnat - Hankasalmen Sanomat","description":"Mediatalo Keskisuomalaisen tilattavien lehtien voimassa olevat tilaushinnat. Hinnat ovat voimassa lehdiss\u00e4mme 1.5.2023 alkaen.","robots":{"index":"index","follow":"follow","max-snippet":"max-snippet:-1","max-image-preview":"max-image-preview:large","max-video-preview":"max-video-preview:-1"},"canonical":"https:\/\/oma.media.fi\/hankasalmen-sanomat\/tilaushinnat\/","og_locale":"fi_FI","og_type":"article","og_title":"Tilaushinnat","og_description":"Mediatalo Keskisuomalaisen tilattavien lehtien voimassa olevat tilaushinnat. Hinnat ovat voimassa lehdiss\u00e4mme 1.5.2023 alkaen.","og_url":"https:\/\/oma.media.fi\/hankasalmen-sanomat\/tilaushinnat\/","og_site_name":"Hankasalmen Sanomat","article_modified_time":"2025-12-04T06:15:18+00:00","twitter_card":"summary_large_image","twitter_misc":{"Arvioitu lukuaika":"1 minuutti"},"schema":{"@context":"https:\/\/schema.org","@graph":[{"@type":"WebPage","@id":"https:\/\/oma.media.fi\/hankasalmen-sanomat\/tilaushinnat\/","url":"https:\/\/oma.media.fi\/hankasalmen-sanomat\/tilaushinnat\/","name":"Tilaushinnat - Hankasalmen Sanomat","isPartOf":{"@id":"https:\/\/oma.media.fi\/hankasalmen-sanomat\/#website"},"datePublished":"2019-10-17T12:54:47+00:00","dateModified":"2025-12-04T06:15:18+00:00","description":"Mediatalo Keskisuomalaisen tilattavien lehtien voimassa olevat tilaushinnat. Hinnat ovat voimassa lehdiss\u00e4mme 1.5.2023 alkaen.","breadcrumb":{"@id":"https:\/\/oma.media.fi\/hankasalmen-sanomat\/tilaushinnat\/#breadcrumb"},"inLanguage":"fi","potentialAction":[{"@type":"ReadAction","target":["https:\/\/oma.media.fi\/hankasalmen-sanomat\/tilaushinnat\/"]}]},{"@type":"BreadcrumbList","@id":"https:\/\/oma.media.fi\/hankasalmen-sanomat\/tilaushinnat\/#breadcrumb","itemListElement":[{"@type":"ListItem","position":1,"name":"Etusivu","item":"https:\/\/oma.media.fi\/hankasalmen-sanomat\/"},{"@type":"ListItem","position":2,"name":"Tilaushinnat"}]},{"@type":"WebSite","@id":"https:\/\/oma.media.fi\/hankasalmen-sanomat\/#website","url":"https:\/\/oma.media.fi\/hankasalmen-sanomat\/","name":"Hankasalmen Sanomat","description":"","potentialAction":[{"@type":"SearchAction","target":{"@type":"EntryPoint","urlTemplate":"https:\/\/oma.media.fi\/hankasalmen-sanomat\/?s={search_term_string}"},"query-input":{"@type":"PropertyValueSpecification","valueRequired":true,"valueName":"search_term_string"}}],"inLanguage":"fi"}]}},"publishpress_future_action":{"enabled":false,"date":"2026-04-23 20:50:12","action":"change-status","newStatus":"draft","terms":[],"taxonomy":"","extraData":[]},"publishpress_future_workflow_manual_trigger":{"enabledWorkflows":[]},"_links":{"self":[{"href":"https:\/\/oma.media.fi\/hankasalmen-sanomat\/wp-json\/wp\/v2\/pages\/14229","targetHints":{"allow":["GET"]}}],"collection":[{"href":"https:\/\/oma.media.fi\/hankasalmen-sanomat\/wp-json\/wp\/v2\/pages"}],"about":[{"href":"https:\/\/oma.media.fi\/hankasalmen-sanomat\/wp-json\/wp\/v2\/types\/page"}],"author":[{"embeddable":true,"href":"https:\/\/oma.media.fi\/hankasalmen-sanomat\/wp-json\/wp\/v2\/users\/1"}],"replies":[{"embeddable":true,"href":"https:\/\/oma.media.fi\/hankasalmen-sanomat\/wp-json\/wp\/v2\/comments?post=14229"}],"version-history":[{"count":233,"href":"https:\/\/oma.media.fi\/hankasalmen-sanomat\/wp-json\/wp\/v2\/pages\/14229\/revisions"}],"predecessor-version":[{"id":16338,"href":"https:\/\/oma.media.fi\/hankasalmen-sanomat\/wp-json\/wp\/v2\/pages\/14229\/revisions\/16338"}],"wp:attachment":[{"href":"https:\/\/oma.media.fi\/hankasalmen-sanomat\/wp-json\/wp\/v2\/media?parent=14229"}],"curies":[{"name":"wp","href":"https:\/\/api.w.org\/{rel}","templated":true}]}}