{"id":27,"date":"2018-10-17T13:17:59","date_gmt":"2018-10-17T10:17:59","guid":{"rendered":"https:\/\/oma.media.fi\/ita-hame\/yhteystiedot\/"},"modified":"2026-02-04T09:45:05","modified_gmt":"2026-02-04T07:45:05","slug":"yhteystiedot","status":"publish","type":"page","link":"https:\/\/oma.media.fi\/ita-hame\/yhteystiedot\/","title":{"rendered":"Yhteystiedot"},"content":{"rendered":"<div class=\"text-block\">\n<h2>Tilaukset<\/h2>\n<p>Digipalvelut, osoitteenmuutokset, jakelunkeskeytykset, asiakastietojen muutokset sek\u00e4<br \/>\nmuut tilauksiin liittyv\u00e4t asiat.<br \/>\n<a href=\"https:\/\/oma.media.fi\/ita-hame\/\"><strong>Asiakaspalvelua verkossa 24\/7<\/strong><\/a><\/p>\n<h2>Lukijailmoitukset<\/h2>\n<p>J\u00e4rjest\u00f6ilmoitukset, luokitellut ilmoitukset, perheilmoitukset, kuolinilmoitukset ja surukiitokset<br \/>\n<strong>J\u00e4t\u00e4 ilmoitus 24\/7 <\/strong><a href=\"https:\/\/oma.media.fi\/ita-hame\/ilmoita\/\"><strong>ita-hame.fi\/ilmoita<\/strong><\/a><\/p>\n<h2>Asiakaspalvelu<\/h2>\n<p>Tilauksiin ja lukijailmoituksiin liittyv\u00e4t asiat.<\/p>\n<p><strong>Puhelinpalvelu\u00a0<\/strong>014 622 133<br \/>\nAvoinna: ma-pe klo 8.00-18.00<\/p>\n<p>Tallennamme puhelut asiakaspalvelutapahtumien varmentamiseksi<br \/>\nsek\u00e4 asiakaspalvelun koulutusta varten. Puhelun hinta mpm\/pvm, jonotus on maksullista.<\/p>\n<p><a class=\"button\" href=\"https:\/\/oma.media.fi\/ita-hame\/yhteystiedot\/ota-yhteytta\/\">Ota yhteytt\u00e4 asiakaspalveluun<\/a><\/p>\n<\/div>\n<div class=\"text-block\">\n<h2>Jakelu ja jakelup\u00e4ivystys<\/h2>\n<p><strong>Posti Palvelut Oy<\/strong><\/p>\n<p><strong>Varhaisjakelu p. 0100 4070\u00a0<\/strong>(pvm\/mpm), jonotus on maksullista<br \/>\nAvoinna arkisin klo 6.30-16.00 sek\u00e4 viikonloppuisin klo 6.30-12.00.<\/p>\n<p>Varhaisjakelu toimittaa puuttuneen lehden seuraavan aamun jakelussa.<\/p>\n<p><strong>P\u00e4iv\u00e4jakelu p. 0100 5577\u00a0<\/strong>(pvm\/mpm), jonotus on maksullista<br \/>\nAvoinna arkisin klo 8-16.<\/p>\n<p><a class=\"button\" href=\"https:\/\/oma.media.fi\/ita-hame\/yhteystiedot\/jakelupalaute\/\">Ilmoita jakeluvirheest\u00e4<\/a><\/p>\n<p>&nbsp;<\/p>\n<\/div>\n<div class=\"text-block\">\n<h2>Medialaskutus<\/h2>\n<p>p. 09 2730 0230 (pvm\/mpm), ma-pe 9.00-14.00<br \/>\n<a href=\"mail&#116;&#111;&#58;&#108;&#97;&#115;&#107;&#x75;&#x74;&#x75;&#x73;&#x2e;&#x6b;&#x65;&#x73;&#x6b;isuo&#109;&#97;&#108;&#97;&#105;&#110;&#101;&#x6e;&#x6d;&#x65;&#x64;&#x69;&#x61;&#x40;&#x6d;&#x65;dia&#46;&#102;&#105;\">&#x6c;&#x61;&#x73;&#x6b;&#x75;&#x74;&#x75;&#x73;&#x2e;&#x6b;&#x65;&#x73;&#x6b;&#x69;&#115;&#117;&#111;&#109;&#97;&#108;&#97;&#105;&#110;&#101;&#110;media&#64;me&#x64;&#x69;&#x61;&#x2e;&#x66;&#x69;<\/a><\/p>\n<\/div>\n<div class=\"text-block\">\n<h2>Mediamyynti<\/h2>\n<p>Mediamyynnin yhteystiedot l\u00f6yd\u00e4t <a href=\"https:\/\/meks.fi\/yhteystiedot\/\" target=\"_blank\" rel=\"noopener\"><strong>mediamyynnin sivuilta<\/strong><\/a>.<\/p>\n<\/div>\n<div class=\"text-block\">\n<h2>Toimitus<\/h2>\n<p>Ari Viuhko, p\u00e4\u00e4toimittaja<br \/>\n044-7360 773<\/p>\n<p>Anna Onali-Ovaska, toimittaja<br \/>\n044 7360 715<\/p>\n<p>Sari Asikainen, toimittaja<br \/>\n044 7360 461<\/p>\n<p>Heini Kuusela, toimittaja<br \/>\n044 7360 775<\/p>\n<p>Anna-Kaisa Kallio, toimittaja<br \/>\n040 8214 222<\/p>\n<p>Aleksi Sammalisto, urheilutoimittaja<br \/>\n040 7388 221<\/p>\n<p>Henkil\u00f6kohtaiset s\u00e4hk\u00f6postit muotoa: &#101;&#x74;&#117;&#x6e;&#105;&#x6d;&#105;&#x2e;s&#x75;k&#x75;n&#x69;m&#105;&#x40;&#105;&#x74;&#97;&#x68;&#97;&#x6d;&#101;&#x2e;f&#x69;<\/p>\n<p>Toimituksen s\u00e4hk\u00f6posti: <a href=\"m&#97;&#105;&#108;&#x74;&#x6f;&#x3a;to&#105;&#109;&#x69;&#x74;&#x75;&#x73;&#64;i&#116;&#97;&#x68;&#x61;&#x6d;&#x65;&#46;&#102;&#105;\">toimit&#117;&#115;&#64;&#105;&#116;&#97;&#104;&#x61;&#x6d;&#x65;&#x2e;&#x66;&#x69;<\/a><\/p>\n<p>Urheilutoimituksen s\u00e4hk\u00f6posti: <a href=\"&#x6d;&#97;i&#x6c;&#x74;&#111;:&#x75;&#x72;&#104;e&#x69;&#108;u&#x40;&#x69;&#116;a&#x68;&#x61;&#109;e&#x2e;&#102;&#105;\">u&#114;&#x68;&#x65;&#x69;l&#117;&#x40;&#x69;&#x74;a&#104;&#x61;&#x6d;&#x65;&#46;&#102;&#x69;<\/a><\/p>\n<p>Mielipidesivu:\u00a0<a href=\"&#x6d;&#97;i&#x6c;&#116;o&#x3a;&#x73;&#97;&#x6e;&#x61;&#45;a&#x6a;&#97;l&#x6c;&#x61;&#97;&#x6e;&#x40;&#105;t&#x61;&#104;a&#x6d;&#x65;&#46;&#x66;&#x69;\">san&#97;&#45;&#97;&#106;&#x61;&#x6c;&#x6c;&#x61;&#x61;&#x6e;&#x40;ita&#104;&#97;&#109;&#101;&#46;&#x66;&#x69;<\/a><\/p>\n<p>&nbsp;<\/p>\n<p>Voit j\u00e4tt\u00e4\u00e4 juttuvinkin toimitukseemme my\u00f6s suoraan alla olevan linkin kautta tai s\u00e4hk\u00f6postilla <a href=\"&#109;&#x61;i&#x6c;&#x74;&#111;&#x3a;t&#x6f;&#x69;&#109;&#x69;t&#x75;&#x73;&#64;&#x69;t&#x61;&#x68;&#97;&#x6d;e&#x2e;&#x66;&#105;\">toim&#105;&#116;&#117;&#115;&#64;&#105;&#116;&#x61;&#x68;&#x61;&#x6d;&#x65;&#x2e;&#x66;&#x69;<\/a><\/p>\n<p><a class=\"button\" href=\"https:\/\/oma.media.fi\/ita-hame\/yhteystiedot\/juttuvinkki\/\">J\u00e4t\u00e4 juttuvinkki<\/a><\/p>\n<p>Kaikki sis\u00e4ll\u00f6t voidaan julkaista kaikissa Mediakonserni Keskisuomalaisen medioissa.<\/p>\n<\/div>\n<div class=\"text-block\">\n<h2>Palaute<\/h2>\n<p><a class=\"button\" href=\"https:\/\/oma.media.fi\/ita-hame\/yhteystiedot\/anna-palautetta\/\">Anna palautetta<\/a><\/p>\n<\/div>\n","protected":false},"excerpt":{"rendered":"<p>Tilaukset Digipalvelut, osoitteenmuutokset, jakelunkeskeytykset, asiakastietojen muutokset sek\u00e4 muut tilauksiin liittyv\u00e4t asiat. Asiakaspalvelua verkossa 24\/7 Lukijailmoitukset J\u00e4rjest\u00f6ilmoitukset, luokitellut ilmoitukset, perheilmoitukset, kuolinilmoitukset ja surukiitokset J\u00e4t\u00e4 ilmoitus 24\/7 ita-hame.fi\/ilmoita Asiakaspalvelu Tilauksiin ja lukijailmoituksiin liittyv\u00e4t asiat. Puhelinpalvelu\u00a0014 622 133 Avoinna: ma-pe klo 8.00-18.00 Tallennamme puhelut asiakaspalvelutapahtumien varmentamiseksi sek\u00e4 asiakaspalvelun koulutusta varten. Puhelun hinta mpm\/pvm, jonotus on maksullista. Ota yhteytt\u00e4 [&hellip;]<\/p>\n","protected":false},"author":1,"featured_media":0,"parent":0,"menu_order":0,"comment_status":"closed","ping_status":"closed","template":"","meta":{"_acf_changed":false,"footnotes":""},"class_list":["post-27","page","type-page","status-publish","hentry"],"acf":[],"yoast_head":"<!-- This site is optimized with the Yoast SEO plugin v26.2 - https:\/\/yoast.com\/wordpress\/plugins\/seo\/ -->\n<title>Yhteystiedot - It\u00e4-H\u00e4me<\/title>\n<meta name=\"description\" content=\"Etsitk\u00f6 yhteystietoja vai haluatko antaa palautetta? Mediatalo Keskisuomalaisen asiakaspalveluiden yhteystiedot, palautekanavat ja juttuvinkit.\" \/>\n<meta name=\"robots\" content=\"index, follow, max-snippet:-1, max-image-preview:large, max-video-preview:-1\" \/>\n<link rel=\"canonical\" href=\"https:\/\/oma.media.fi\/ita-hame\/yhteystiedot\/\" \/>\n<meta property=\"og:locale\" content=\"fi_FI\" \/>\n<meta property=\"og:type\" content=\"article\" \/>\n<meta property=\"og:title\" content=\"Yhteystiedot\" \/>\n<meta property=\"og:description\" content=\"Etsitk\u00f6 yhteystietoja vai haluatko antaa palautetta? Mediatalo Keskisuomalaisen asiakaspalveluiden yhteystiedot, palautekanavat ja juttuvinkit.\" \/>\n<meta property=\"og:url\" content=\"https:\/\/oma.media.fi\/ita-hame\/yhteystiedot\/\" \/>\n<meta property=\"og:site_name\" content=\"It\u00e4-H\u00e4me\" \/>\n<meta property=\"article:modified_time\" content=\"2026-02-04T07:45:05+00:00\" \/>\n<meta name=\"twitter:card\" content=\"summary_large_image\" \/>\n<meta name=\"twitter:label1\" content=\"Arvioitu lukuaika\" \/>\n\t<meta name=\"twitter:data1\" content=\"2 minuuttia\" \/>\n<script type=\"application\/ld+json\" class=\"yoast-schema-graph\">{\"@context\":\"https:\/\/schema.org\",\"@graph\":[{\"@type\":\"WebPage\",\"@id\":\"https:\/\/oma.media.fi\/ita-hame\/yhteystiedot\/\",\"url\":\"https:\/\/oma.media.fi\/ita-hame\/yhteystiedot\/\",\"name\":\"Yhteystiedot - It\u00e4-H\u00e4me\",\"isPartOf\":{\"@id\":\"https:\/\/oma.media.fi\/ita-hame\/#website\"},\"datePublished\":\"2018-10-17T10:17:59+00:00\",\"dateModified\":\"2026-02-04T07:45:05+00:00\",\"description\":\"Etsitk\u00f6 yhteystietoja vai haluatko antaa palautetta? Mediatalo Keskisuomalaisen asiakaspalveluiden yhteystiedot, palautekanavat ja juttuvinkit.\",\"breadcrumb\":{\"@id\":\"https:\/\/oma.media.fi\/ita-hame\/yhteystiedot\/#breadcrumb\"},\"inLanguage\":\"fi\",\"potentialAction\":[{\"@type\":\"ReadAction\",\"target\":[\"https:\/\/oma.media.fi\/ita-hame\/yhteystiedot\/\"]}]},{\"@type\":\"BreadcrumbList\",\"@id\":\"https:\/\/oma.media.fi\/ita-hame\/yhteystiedot\/#breadcrumb\",\"itemListElement\":[{\"@type\":\"ListItem\",\"position\":1,\"name\":\"Etusivu\",\"item\":\"https:\/\/oma.media.fi\/ita-hame\/\"},{\"@type\":\"ListItem\",\"position\":2,\"name\":\"Yhteystiedot\"}]},{\"@type\":\"WebSite\",\"@id\":\"https:\/\/oma.media.fi\/ita-hame\/#website\",\"url\":\"https:\/\/oma.media.fi\/ita-hame\/\",\"name\":\"It\u00e4-H\u00e4me\",\"description\":\"\",\"potentialAction\":[{\"@type\":\"SearchAction\",\"target\":{\"@type\":\"EntryPoint\",\"urlTemplate\":\"https:\/\/oma.media.fi\/ita-hame\/?s={search_term_string}\"},\"query-input\":{\"@type\":\"PropertyValueSpecification\",\"valueRequired\":true,\"valueName\":\"search_term_string\"}}],\"inLanguage\":\"fi\"}]}<\/script>\n<!-- \/ Yoast SEO plugin. -->","yoast_head_json":{"title":"Yhteystiedot - It\u00e4-H\u00e4me","description":"Etsitk\u00f6 yhteystietoja vai haluatko antaa palautetta? Mediatalo Keskisuomalaisen asiakaspalveluiden yhteystiedot, palautekanavat ja juttuvinkit.","robots":{"index":"index","follow":"follow","max-snippet":"max-snippet:-1","max-image-preview":"max-image-preview:large","max-video-preview":"max-video-preview:-1"},"canonical":"https:\/\/oma.media.fi\/ita-hame\/yhteystiedot\/","og_locale":"fi_FI","og_type":"article","og_title":"Yhteystiedot","og_description":"Etsitk\u00f6 yhteystietoja vai haluatko antaa palautetta? Mediatalo Keskisuomalaisen asiakaspalveluiden yhteystiedot, palautekanavat ja juttuvinkit.","og_url":"https:\/\/oma.media.fi\/ita-hame\/yhteystiedot\/","og_site_name":"It\u00e4-H\u00e4me","article_modified_time":"2026-02-04T07:45:05+00:00","twitter_card":"summary_large_image","twitter_misc":{"Arvioitu lukuaika":"2 minuuttia"},"schema":{"@context":"https:\/\/schema.org","@graph":[{"@type":"WebPage","@id":"https:\/\/oma.media.fi\/ita-hame\/yhteystiedot\/","url":"https:\/\/oma.media.fi\/ita-hame\/yhteystiedot\/","name":"Yhteystiedot - It\u00e4-H\u00e4me","isPartOf":{"@id":"https:\/\/oma.media.fi\/ita-hame\/#website"},"datePublished":"2018-10-17T10:17:59+00:00","dateModified":"2026-02-04T07:45:05+00:00","description":"Etsitk\u00f6 yhteystietoja vai haluatko antaa palautetta? Mediatalo Keskisuomalaisen asiakaspalveluiden yhteystiedot, palautekanavat ja juttuvinkit.","breadcrumb":{"@id":"https:\/\/oma.media.fi\/ita-hame\/yhteystiedot\/#breadcrumb"},"inLanguage":"fi","potentialAction":[{"@type":"ReadAction","target":["https:\/\/oma.media.fi\/ita-hame\/yhteystiedot\/"]}]},{"@type":"BreadcrumbList","@id":"https:\/\/oma.media.fi\/ita-hame\/yhteystiedot\/#breadcrumb","itemListElement":[{"@type":"ListItem","position":1,"name":"Etusivu","item":"https:\/\/oma.media.fi\/ita-hame\/"},{"@type":"ListItem","position":2,"name":"Yhteystiedot"}]},{"@type":"WebSite","@id":"https:\/\/oma.media.fi\/ita-hame\/#website","url":"https:\/\/oma.media.fi\/ita-hame\/","name":"It\u00e4-H\u00e4me","description":"","potentialAction":[{"@type":"SearchAction","target":{"@type":"EntryPoint","urlTemplate":"https:\/\/oma.media.fi\/ita-hame\/?s={search_term_string}"},"query-input":{"@type":"PropertyValueSpecification","valueRequired":true,"valueName":"search_term_string"}}],"inLanguage":"fi"}]}},"publishpress_future_action":{"enabled":false,"date":"2026-04-10 22:10:41","action":"change-status","newStatus":"draft","terms":[],"taxonomy":"","extraData":[]},"publishpress_future_workflow_manual_trigger":{"enabledWorkflows":[]},"_links":{"self":[{"href":"https:\/\/oma.media.fi\/ita-hame\/wp-json\/wp\/v2\/pages\/27","targetHints":{"allow":["GET"]}}],"collection":[{"href":"https:\/\/oma.media.fi\/ita-hame\/wp-json\/wp\/v2\/pages"}],"about":[{"href":"https:\/\/oma.media.fi\/ita-hame\/wp-json\/wp\/v2\/types\/page"}],"author":[{"embeddable":true,"href":"https:\/\/oma.media.fi\/ita-hame\/wp-json\/wp\/v2\/users\/1"}],"replies":[{"embeddable":true,"href":"https:\/\/oma.media.fi\/ita-hame\/wp-json\/wp\/v2\/comments?post=27"}],"version-history":[{"count":112,"href":"https:\/\/oma.media.fi\/ita-hame\/wp-json\/wp\/v2\/pages\/27\/revisions"}],"predecessor-version":[{"id":19717,"href":"https:\/\/oma.media.fi\/ita-hame\/wp-json\/wp\/v2\/pages\/27\/revisions\/19717"}],"wp:attachment":[{"href":"https:\/\/oma.media.fi\/ita-hame\/wp-json\/wp\/v2\/media?parent=27"}],"curies":[{"name":"wp","href":"https:\/\/api.w.org\/{rel}","templated":true}]}}