{"id":2721,"date":"2020-10-09T09:35:31","date_gmt":"2020-10-09T06:35:31","guid":{"rendered":"https:\/\/oma.media.fi\/ita-savo\/?page_id=2721"},"modified":"2026-02-03T12:52:35","modified_gmt":"2026-02-03T10:52:35","slug":"toimituksen-yhteystiedot","status":"publish","type":"page","link":"https:\/\/oma.media.fi\/ita-savo\/toimituksen-yhteystiedot\/","title":{"rendered":"Toimituksen yhteystiedot"},"content":{"rendered":"<p>Uutisp\u00e4ivystys ma-pe 8.00 \u2013 21.30, la ja su 13 \u2013 21.30<br \/>\n050 387 0761, la-su 7-12.30 puh. 05-2100 4200<br \/>\n<a href=\"&#x6d;&#x61;&#x69;&#x6c;&#x74;&#x6f;&#x3a;&#x75;&#x75;&#x74;&#x69;&#x73;&#x65;&#x74;&#64;&#105;&#116;&#97;&#45;&#115;&#97;&#118;&#111;&#46;&#102;i\" target=\"_blank\" rel=\"noopener\">u&#117;&#116;&#x69;&#x73;&#x65;t&#64;&#105;&#x74;&#x61;&#x2d;sa&#118;&#x6f;&#x2e;&#x66;i<\/a><\/p>\n<p>Voit l\u00e4hett\u00e4\u00e4 uutisvinkin tai kuvan my\u00f6s WhatsAppilla: 050\u00a0387 0761.<\/p>\n<p><a href=\"https:\/\/www.facebook.com\/itasavo\">It\u00e4-Savo Facebookissa<\/a><br \/>\n<a href=\"https:\/\/twitter.com\/itasavo?lang=fi\">It\u00e4-Savo Twitteriss\u00e4<\/a><br \/>\n<a href=\"https:\/\/www.instagram.com\/itasavo\/\">It\u00e4-Savo Instagramissa<\/a><\/p>\n<p><strong>Toimitus<\/strong><\/p>\n<p>S\u00e4hk\u00f6postiosoite:<br \/>\n&#x65;&#116;&#117;&#x6e;&#x69;&#109;&#105;&#x2e;&#x73;&#117;&#107;&#x75;&#x6e;&#105;&#109;&#x69;&#x40;&#105;&#116;&#x61;&#x2d;&#115;&#97;&#x76;&#x6f;&#46;&#102;&#x69;<\/p>\n<p>Mielipideaineisto:<br \/>\n&#109;i&#x65;l&#x69;p&#x69;&#100;&#x65;&#64;&#x69;&#116;a&#x2d;s&#x61;v&#x6f;&#46;&#x66;&#105;<br \/>\nLukijan lyhyet -tekstiviesti:<br \/>\nKirjoita viestin alkuun ITSA LYHYET<br \/>\nja viestisi ja nimimerkkisi.<br \/>\nL\u00e4het\u00e4 viestisi numeroon 13300.<br \/>\nViestin hinta on 1,10 euroa.<\/p>\n<p><strong>Vastaava p\u00e4\u00e4toimittaja<\/strong><br \/>\nJaana Rautio-Teijonmaa<br \/>\nPuh. 044 751 7431<\/p>\n<p><strong>Uutis- ja digituottaja<\/strong><br \/>\nOssi Tynkkynen<br \/>\nPuh. 050 387 0761<\/p>\n<p><strong>Iltatuottajat<br \/>\n<\/strong>Veera Salminen<br \/>\nPuh. 050 387 0761, 040 570 3285<br \/>\nTuija Pauhu<strong><br \/>\n<\/strong>Puh. 050 387 0761<\/p>\n<p><strong>Toimittajat<br \/>\n<\/strong>Marja-Liisa Karjalainen<br \/>\nToimittaja, uutiset<br \/>\nPuh. 040 687 2268<\/p>\n<p>Tomi Karttunen<br \/>\nToimittaja, uutiset ja urheilu<br \/>\nPuh. <span data-teams=\"true\">040 5295 794<\/span><\/p>\n<p>Tiina Kukkonen<br \/>\nToimittaja, uutiset<br \/>\nPuh.\u00a0044 756 1238<\/p>\n<p>Riitta-Leena Lempinen-Vesa<br \/>\nToimittaja, kulttuuri<br \/>\nPuh. 044 751 7445<\/p>\n<p>Simo H\u00e4rk\u00f6nen<br \/>\nToimittaja, urheilu\/uutiset<br \/>\nPuh. 050 453 4948<\/p>\n<p>Jarmo Pesonen<br \/>\nToimittaja, urheilu<br \/>\nPuh. 044 751 7441<\/p>\n<p>Tuija Pauhu<br \/>\nValokuvaaja\/tuottaja<br \/>\nPuh. 044 751 7438<\/p>\n","protected":false},"excerpt":{"rendered":"<p>Uutisp\u00e4ivystys ma-pe 8.00 \u2013 21.30, la ja su 13 \u2013 21.30 050 387 0761, la-su 7-12.30 puh. 05-2100 4200 &#x75;&#117;t&#x69;&#115;e&#x74;&#64;i&#x74;&#97;-&#x73;&#97;v&#x6f;&#46;f&#x69; Voit l\u00e4hett\u00e4\u00e4 uutisvinkin tai kuvan my\u00f6s WhatsAppilla: 050\u00a0387 0761. It\u00e4-Savo Facebookissa It\u00e4-Savo Twitteriss\u00e4 It\u00e4-Savo Instagramissa Toimitus S\u00e4hk\u00f6postiosoite: etun&#105;&#109;&#105;&#46;&#115;&#117;&#107;&#x75;&#x6e;&#x69;&#x6d;&#x69;&#x40;&#x69;&#x74;&#x61;-sav&#111;&#46;&#102;&#105; Mielipideaineisto: m&#105;&#101;&#x6c;&#x69;&#x70;i&#100;&#101;&#x40;&#x69;&#x74;a-&#115;&#x61;&#x76;&#x6f;&#46;f&#105; Lukijan lyhyet -tekstiviesti: Kirjoita viestin alkuun ITSA LYHYET ja viestisi ja nimimerkkisi. L\u00e4het\u00e4 viestisi numeroon [&hellip;]<\/p>\n","protected":false},"author":50,"featured_media":0,"parent":0,"menu_order":0,"comment_status":"closed","ping_status":"closed","template":"","meta":{"_acf_changed":false,"footnotes":""},"class_list":["post-2721","page","type-page","status-publish","hentry"],"acf":[],"yoast_head":"<!-- This site is optimized with the Yoast SEO plugin v26.2 - https:\/\/yoast.com\/wordpress\/plugins\/seo\/ -->\n<title>Toimituksen yhteystiedot - It\u00e4-Savo<\/title>\n<meta name=\"robots\" content=\"index, follow, max-snippet:-1, max-image-preview:large, max-video-preview:-1\" \/>\n<link rel=\"canonical\" href=\"https:\/\/oma.media.fi\/ita-savo\/toimituksen-yhteystiedot\/\" \/>\n<meta property=\"og:locale\" content=\"fi_FI\" \/>\n<meta property=\"og:type\" content=\"article\" \/>\n<meta property=\"og:title\" content=\"Toimituksen yhteystiedot\" \/>\n<meta property=\"og:description\" content=\"Uutisp\u00e4ivystys ma-pe 8.00 \u2013 21.30, la ja su 13 \u2013 21.30 050 387 0761, la-su 7-12.30 puh. 05-2100 4200 &#x75;&#x75;&#x74;&#105;&#115;et&#x40;&#x69;&#x74;&#097;&#045;sa&#x76;&#x6f;&#x2e;&#102;&#105; Voit l\u00e4hett\u00e4\u00e4 uutisvinkin tai kuvan my\u00f6s WhatsAppilla: 050\u00a0387 0761. It\u00e4-Savo Facebookissa It\u00e4-Savo Twitteriss\u00e4 It\u00e4-Savo Instagramissa Toimitus S\u00e4hk\u00f6postiosoite: &#x65;&#116;u&#x6e;&#x69;&#109;i&#x2e;&#x73;&#117;k&#x75;&#x6e;&#105;m&#x69;&#x40;&#105;t&#x61;&#045;&#115;a&#x76;&#111;&#046;&#x66;&#x69; Mielipideaineisto: &#x6d;&#x69;&#x65;&#x6c;&#x69;&#x70;&#x69;&#x64;&#101;&#064;&#105;&#116;&#097;&#045;&#115;avo&#046;&#x66;&#x69; Lukijan lyhyet -tekstiviesti: Kirjoita viestin alkuun ITSA LYHYET ja viestisi ja nimimerkkisi. L\u00e4het\u00e4 viestisi numeroon [&hellip;]\" \/>\n<meta property=\"og:url\" content=\"https:\/\/oma.media.fi\/ita-savo\/toimituksen-yhteystiedot\/\" \/>\n<meta property=\"og:site_name\" content=\"It\u00e4-Savo\" \/>\n<meta property=\"article:modified_time\" content=\"2026-02-03T10:52:35+00:00\" \/>\n<meta name=\"twitter:card\" content=\"summary_large_image\" \/>\n<meta name=\"twitter:label1\" content=\"Arvioitu lukuaika\" \/>\n\t<meta name=\"twitter:data1\" content=\"1 minuutti\" \/>\n<script type=\"application\/ld+json\" class=\"yoast-schema-graph\">{\"@context\":\"https:\/\/schema.org\",\"@graph\":[{\"@type\":\"WebPage\",\"@id\":\"https:\/\/oma.media.fi\/ita-savo\/toimituksen-yhteystiedot\/\",\"url\":\"https:\/\/oma.media.fi\/ita-savo\/toimituksen-yhteystiedot\/\",\"name\":\"Toimituksen yhteystiedot - It\u00e4-Savo\",\"isPartOf\":{\"@id\":\"https:\/\/oma.media.fi\/ita-savo\/#website\"},\"datePublished\":\"2020-10-09T06:35:31+00:00\",\"dateModified\":\"2026-02-03T10:52:35+00:00\",\"breadcrumb\":{\"@id\":\"https:\/\/oma.media.fi\/ita-savo\/toimituksen-yhteystiedot\/#breadcrumb\"},\"inLanguage\":\"fi\",\"potentialAction\":[{\"@type\":\"ReadAction\",\"target\":[\"https:\/\/oma.media.fi\/ita-savo\/toimituksen-yhteystiedot\/\"]}]},{\"@type\":\"BreadcrumbList\",\"@id\":\"https:\/\/oma.media.fi\/ita-savo\/toimituksen-yhteystiedot\/#breadcrumb\",\"itemListElement\":[{\"@type\":\"ListItem\",\"position\":1,\"name\":\"Etusivu\",\"item\":\"https:\/\/oma.media.fi\/ita-savo\/\"},{\"@type\":\"ListItem\",\"position\":2,\"name\":\"Toimituksen yhteystiedot\"}]},{\"@type\":\"WebSite\",\"@id\":\"https:\/\/oma.media.fi\/ita-savo\/#website\",\"url\":\"https:\/\/oma.media.fi\/ita-savo\/\",\"name\":\"It\u00e4-Savo\",\"description\":\"\",\"potentialAction\":[{\"@type\":\"SearchAction\",\"target\":{\"@type\":\"EntryPoint\",\"urlTemplate\":\"https:\/\/oma.media.fi\/ita-savo\/?s={search_term_string}\"},\"query-input\":{\"@type\":\"PropertyValueSpecification\",\"valueRequired\":true,\"valueName\":\"search_term_string\"}}],\"inLanguage\":\"fi\"}]}<\/script>\n<!-- \/ Yoast SEO plugin. -->","yoast_head_json":{"title":"Toimituksen yhteystiedot - It\u00e4-Savo","robots":{"index":"index","follow":"follow","max-snippet":"max-snippet:-1","max-image-preview":"max-image-preview:large","max-video-preview":"max-video-preview:-1"},"canonical":"https:\/\/oma.media.fi\/ita-savo\/toimituksen-yhteystiedot\/","og_locale":"fi_FI","og_type":"article","og_title":"Toimituksen yhteystiedot","og_description":"Uutisp\u00e4ivystys ma-pe 8.00 \u2013 21.30, la ja su 13 \u2013 21.30 050 387 0761, la-su 7-12.30 puh. 05-2100 4200 &#x75;&#x75;&#x74;&#105;&#115;et&#x40;&#x69;&#x74;&#97;&#45;sa&#x76;&#x6f;&#x2e;&#102;&#105; Voit l\u00e4hett\u00e4\u00e4 uutisvinkin tai kuvan my\u00f6s WhatsAppilla: 050\u00a0387 0761. It\u00e4-Savo Facebookissa It\u00e4-Savo Twitteriss\u00e4 It\u00e4-Savo Instagramissa Toimitus S\u00e4hk\u00f6postiosoite: &#x65;&#116;u&#x6e;&#x69;&#109;i&#x2e;&#x73;&#117;k&#x75;&#x6e;&#105;m&#x69;&#x40;&#105;t&#x61;&#45;&#115;a&#x76;&#111;&#46;&#x66;&#x69; Mielipideaineisto: &#x6d;&#x69;&#x65;&#x6c;&#x69;&#x70;&#x69;&#x64;&#101;&#64;&#105;&#116;&#97;&#45;&#115;avo&#46;&#x66;&#x69; Lukijan lyhyet -tekstiviesti: Kirjoita viestin alkuun ITSA LYHYET ja viestisi ja nimimerkkisi. L\u00e4het\u00e4 viestisi numeroon [&hellip;]","og_url":"https:\/\/oma.media.fi\/ita-savo\/toimituksen-yhteystiedot\/","og_site_name":"It\u00e4-Savo","article_modified_time":"2026-02-03T10:52:35+00:00","twitter_card":"summary_large_image","twitter_misc":{"Arvioitu lukuaika":"1 minuutti"},"schema":{"@context":"https:\/\/schema.org","@graph":[{"@type":"WebPage","@id":"https:\/\/oma.media.fi\/ita-savo\/toimituksen-yhteystiedot\/","url":"https:\/\/oma.media.fi\/ita-savo\/toimituksen-yhteystiedot\/","name":"Toimituksen yhteystiedot - It\u00e4-Savo","isPartOf":{"@id":"https:\/\/oma.media.fi\/ita-savo\/#website"},"datePublished":"2020-10-09T06:35:31+00:00","dateModified":"2026-02-03T10:52:35+00:00","breadcrumb":{"@id":"https:\/\/oma.media.fi\/ita-savo\/toimituksen-yhteystiedot\/#breadcrumb"},"inLanguage":"fi","potentialAction":[{"@type":"ReadAction","target":["https:\/\/oma.media.fi\/ita-savo\/toimituksen-yhteystiedot\/"]}]},{"@type":"BreadcrumbList","@id":"https:\/\/oma.media.fi\/ita-savo\/toimituksen-yhteystiedot\/#breadcrumb","itemListElement":[{"@type":"ListItem","position":1,"name":"Etusivu","item":"https:\/\/oma.media.fi\/ita-savo\/"},{"@type":"ListItem","position":2,"name":"Toimituksen yhteystiedot"}]},{"@type":"WebSite","@id":"https:\/\/oma.media.fi\/ita-savo\/#website","url":"https:\/\/oma.media.fi\/ita-savo\/","name":"It\u00e4-Savo","description":"","potentialAction":[{"@type":"SearchAction","target":{"@type":"EntryPoint","urlTemplate":"https:\/\/oma.media.fi\/ita-savo\/?s={search_term_string}"},"query-input":{"@type":"PropertyValueSpecification","valueRequired":true,"valueName":"search_term_string"}}],"inLanguage":"fi"}]}},"publishpress_future_action":{"enabled":false,"date":"2026-04-26 12:30:55","action":"change-status","newStatus":"draft","terms":[],"taxonomy":"","extraData":[]},"publishpress_future_workflow_manual_trigger":{"enabledWorkflows":[]},"_links":{"self":[{"href":"https:\/\/oma.media.fi\/ita-savo\/wp-json\/wp\/v2\/pages\/2721","targetHints":{"allow":["GET"]}}],"collection":[{"href":"https:\/\/oma.media.fi\/ita-savo\/wp-json\/wp\/v2\/pages"}],"about":[{"href":"https:\/\/oma.media.fi\/ita-savo\/wp-json\/wp\/v2\/types\/page"}],"author":[{"embeddable":true,"href":"https:\/\/oma.media.fi\/ita-savo\/wp-json\/wp\/v2\/users\/50"}],"replies":[{"embeddable":true,"href":"https:\/\/oma.media.fi\/ita-savo\/wp-json\/wp\/v2\/comments?post=2721"}],"version-history":[{"count":27,"href":"https:\/\/oma.media.fi\/ita-savo\/wp-json\/wp\/v2\/pages\/2721\/revisions"}],"predecessor-version":[{"id":8101,"href":"https:\/\/oma.media.fi\/ita-savo\/wp-json\/wp\/v2\/pages\/2721\/revisions\/8101"}],"wp:attachment":[{"href":"https:\/\/oma.media.fi\/ita-savo\/wp-json\/wp\/v2\/media?parent=2721"}],"curies":[{"name":"wp","href":"https:\/\/api.w.org\/{rel}","templated":true}]}}