{"id":27,"date":"2018-11-19T15:06:34","date_gmt":"2018-11-19T12:06:34","guid":{"rendered":"https:\/\/oma.media.fi\/karjalainen\/ilmestymispaivat\/"},"modified":"2026-01-07T10:54:52","modified_gmt":"2026-01-07T08:54:52","slug":"ilmestymispaivat","status":"publish","type":"page","link":"https:\/\/oma.media.fi\/karjalainen\/ilmestymispaivat\/","title":{"rendered":"Ilmestymisp\u00e4iv\u00e4t"},"content":{"rendered":"<p><strong>Karjalainen pit\u00e4\u00e4 sinut kartalla \u2013 vuoden jokaisena p\u00e4iv\u00e4n\u00e4<\/strong><\/p>\n<p>Karjalaisen verkkouutiset p\u00e4ivittyv\u00e4t joka p\u00e4iv\u00e4, my\u00f6s pyhin\u00e4. Painettu lehti ilmestyy maanantaista lauantaihin, mutta juhlapyhin\u00e4 voi olla poikkeuksia.<\/p>\n<p>Painetun lehden n\u00e4k\u00f6islehti on luettavissa lehden ilmestymisp\u00e4ivin\u00e4 ja kahden viikon ajan my\u00f6s j\u00e4lkik\u00e4teen. Silloin kun painettua lehte\u00e4 ei tule useampaan p\u00e4iv\u00e4\u00e4n per\u00e4kk\u00e4in, julkaistaan yksi juhlapyhien n\u00e4k\u00f6islehti verkossa. L\u00f6yd\u00e4t sen ensimm\u00e4isen\u00e4 ilmestym\u00e4tt\u00f6myysp\u00e4iv\u00e4n\u00e4.<\/p>\n<p>Uutiset kulkevat mukanasi \u2013 lue n\u00e4pp\u00e4r\u00e4sti sovelluksella juuri silloin kun sinulle sopii.<\/p>\n<hr \/>\n<p><strong>Painettu lehti ei ilmesty 2026:<\/strong><\/p>\n<div class=\"table--responsive\"><table class=\"alignleft\" style=\"border-collapse: collapse;height: 698px\" width=\"585\">\n<tbody>\n<tr style=\"height: 24px\">\n<td style=\"height: 24px;width: 94px\">to 1.1.<\/td>\n<td style=\"width: 483px;height: 24px\">Uudenvuodenp\u00e4iv\u00e4 &#8211; digilehti ilmestyy<\/td>\n<\/tr>\n<tr style=\"height: 24px\">\n<td style=\"width: 94px;height: 24px\">ti 6.1.<\/td>\n<td style=\"width: 483px;height: 24px\">Loppiainen &#8211; digilehti ilmestyy<\/td>\n<\/tr>\n<tr style=\"height: 24px\">\n<td style=\"width: 94px;height: 24px\">ke 7.1.<\/td>\n<td style=\"width: 483px;height: 24px\">Loppiaisen j\u00e4lkeinen p\u00e4iv\u00e4<\/td>\n<\/tr>\n<tr style=\"height: 25px\">\n<td style=\"height: 25px;width: 94px\">la 4.4.<\/td>\n<td style=\"width: 483px;height: 25px\">Lankalauantai &#8211; digilehti ilmestyy<\/td>\n<\/tr>\n<tr style=\"height: 24px\">\n<td style=\"width: 94px;height: 24px\">ma 6.4.<\/td>\n<td style=\"width: 483px;height: 24px\">2. p\u00e4\u00e4si\u00e4isp\u00e4iv\u00e4<\/td>\n<\/tr>\n<tr style=\"height: 24px\">\n<td style=\"width: 94px;height: 24px\">pe 1.5.<\/td>\n<td style=\"width: 483px;height: 24px\">Vappu &#8211; digilehti ilmestyy<\/td>\n<\/tr>\n<tr style=\"height: 24px\">\n<td style=\"width: 94px;height: 24px\">la 2.5.<\/td>\n<td style=\"width: 483px;height: 24px\">Vapun j\u00e4lkeinen p\u00e4iv\u00e4<\/td>\n<\/tr>\n<tr style=\"height: 24px\">\n<td style=\"width: 94px;height: 24px\">to 14.5.<\/td>\n<td style=\"width: 483px;height: 24px\">Helatorstai &#8211; digilehti ilmestyy<\/td>\n<\/tr>\n<tr style=\"height: 24px\">\n<td style=\"width: 94px;height: 24px\">pe 15.5.<\/td>\n<td style=\"width: 483px;height: 24px\">Helatorstain j\u00e4lkeinen p\u00e4iv\u00e4<\/td>\n<\/tr>\n<tr style=\"height: 24px\">\n<td style=\"width: 94px;height: 24px\">pe 19.6.<\/td>\n<td style=\"width: 483px;height: 24px\">Juhannusaatto &#8211; digilehti ilmestyy<\/td>\n<\/tr>\n<tr style=\"height: 24px\">\n<td style=\"width: 94px;height: 24px\">la 20.6.<\/td>\n<td style=\"width: 483px;height: 24px\">Juhannusp\u00e4iv\u00e4<\/td>\n<\/tr>\n<tr style=\"height: 24px\">\n<td style=\"width: 94px;height: 24px\">la 31.10.<\/td>\n<td style=\"width: 483px;height: 24px\">Pyh\u00e4inp\u00e4iv\u00e4 &#8211; digilehti ilmestyy<\/td>\n<\/tr>\n<tr style=\"height: 24px\">\n<td style=\"width: 94px;height: 24px\">ma 7.12.<\/td>\n<td style=\"width: 483px;height: 24px\">Itsen\u00e4isyysp\u00e4iv\u00e4n j\u00e4lkeinen p\u00e4iv\u00e4<\/td>\n<\/tr>\n<tr style=\"height: 24px\">\n<td style=\"height: 24px;width: 94px\">pe 25.12.<\/td>\n<td style=\"width: 483px;height: 24px\">Joulup\u00e4iv\u00e4 &#8211; digilehti ilmestyy<\/td>\n<\/tr>\n<tr style=\"height: 24px\">\n<td style=\"width: 94px;height: 24px\">la 26.12.<\/td>\n<td style=\"width: 483px;height: 24px\">Tapaninp\u00e4iv\u00e4<\/td>\n<\/tr>\n<\/tbody>\n<\/table><\/div>\n<p>&nbsp;<\/p>\n","protected":false},"excerpt":{"rendered":"<p>pit\u00e4\u00e4 sinut kartalla \u2013 vuoden jokaisena p\u00e4iv\u00e4n\u00e4 verkkouutiset p\u00e4ivittyv\u00e4t joka p\u00e4iv\u00e4, my\u00f6s pyhin\u00e4. Painettu lehti ilmestyy maanantaista lauantaihin, mutta juhlapyhin\u00e4 voi olla poikkeuksia. Painetun lehden n\u00e4k\u00f6islehti on luettavissa lehden ilmestymisp\u00e4ivin\u00e4 ja kahden viikon ajan my\u00f6s j\u00e4lkik\u00e4teen. Silloin kun painettua lehte\u00e4 ei tule useampaan p\u00e4iv\u00e4\u00e4n per\u00e4kk\u00e4in, julkaistaan yksi juhlapyhien n\u00e4k\u00f6islehti verkossa. L\u00f6yd\u00e4t sen ensimm\u00e4isen\u00e4 ilmestym\u00e4tt\u00f6myysp\u00e4iv\u00e4n\u00e4. Uutiset [&hellip;]<\/p>\n","protected":false},"author":1,"featured_media":0,"parent":0,"menu_order":0,"comment_status":"closed","ping_status":"closed","template":"","meta":{"_acf_changed":false,"footnotes":""},"class_list":["post-27","page","type-page","status-publish","hentry"],"acf":[],"yoast_head":"<!-- This site is optimized with the Yoast SEO plugin v26.2 - https:\/\/yoast.com\/wordpress\/plugins\/seo\/ -->\n<title>Ilmestymisp\u00e4iv\u00e4t - Karjalainen<\/title>\n<meta name=\"robots\" content=\"index, follow, max-snippet:-1, max-image-preview:large, max-video-preview:-1\" \/>\n<link rel=\"canonical\" href=\"https:\/\/oma.media.fi\/karjalainen\/ilmestymispaivat\/\" \/>\n<meta property=\"og:locale\" content=\"fi_FI\" \/>\n<meta property=\"og:type\" content=\"article\" \/>\n<meta property=\"og:title\" content=\"Ilmestymisp\u00e4iv\u00e4t\" \/>\n<meta property=\"og:description\" content=\"pit\u00e4\u00e4 sinut kartalla \u2013 vuoden jokaisena p\u00e4iv\u00e4n\u00e4 verkkouutiset p\u00e4ivittyv\u00e4t joka p\u00e4iv\u00e4, my\u00f6s pyhin\u00e4. Painettu lehti ilmestyy maanantaista lauantaihin, mutta juhlapyhin\u00e4 voi olla poikkeuksia. Painetun lehden n\u00e4k\u00f6islehti on luettavissa lehden ilmestymisp\u00e4ivin\u00e4 ja kahden viikon ajan my\u00f6s j\u00e4lkik\u00e4teen. Silloin kun painettua lehte\u00e4 ei tule useampaan p\u00e4iv\u00e4\u00e4n per\u00e4kk\u00e4in, julkaistaan yksi juhlapyhien n\u00e4k\u00f6islehti verkossa. L\u00f6yd\u00e4t sen ensimm\u00e4isen\u00e4 ilmestym\u00e4tt\u00f6myysp\u00e4iv\u00e4n\u00e4. Uutiset [&hellip;]\" \/>\n<meta property=\"og:url\" content=\"https:\/\/oma.media.fi\/karjalainen\/ilmestymispaivat\/\" \/>\n<meta property=\"og:site_name\" content=\"Karjalainen\" \/>\n<meta property=\"article:publisher\" content=\"https:\/\/www.facebook.com\/SanomalehtiKarjalainen\" \/>\n<meta property=\"article:modified_time\" content=\"2026-01-07T08:54:52+00:00\" \/>\n<meta property=\"og:image\" content=\"https:\/\/oma.media.fi\/karjalainen\/wp-content\/uploads\/sites\/56\/2024\/09\/og-image-karjalainen.jpg\" \/>\n\t<meta property=\"og:image:width\" content=\"1200\" \/>\n\t<meta property=\"og:image:height\" content=\"630\" \/>\n\t<meta property=\"og:image:type\" content=\"image\/jpeg\" \/>\n<meta name=\"twitter:card\" content=\"summary_large_image\" \/>\n<meta name=\"twitter:site\" content=\"@KarjalainenFi\" \/>\n<meta name=\"twitter:label1\" content=\"Arvioitu lukuaika\" \/>\n\t<meta name=\"twitter:data1\" content=\"1 minuutti\" \/>\n<script type=\"application\/ld+json\" class=\"yoast-schema-graph\">{\"@context\":\"https:\/\/schema.org\",\"@graph\":[{\"@type\":\"WebPage\",\"@id\":\"https:\/\/oma.media.fi\/karjalainen\/ilmestymispaivat\/\",\"url\":\"https:\/\/oma.media.fi\/karjalainen\/ilmestymispaivat\/\",\"name\":\"Ilmestymisp\u00e4iv\u00e4t - Karjalainen\",\"isPartOf\":{\"@id\":\"https:\/\/oma.media.fi\/karjalainen\/#website\"},\"datePublished\":\"2018-11-19T12:06:34+00:00\",\"dateModified\":\"2026-01-07T08:54:52+00:00\",\"breadcrumb\":{\"@id\":\"https:\/\/oma.media.fi\/karjalainen\/ilmestymispaivat\/#breadcrumb\"},\"inLanguage\":\"fi\",\"potentialAction\":[{\"@type\":\"ReadAction\",\"target\":[\"https:\/\/oma.media.fi\/karjalainen\/ilmestymispaivat\/\"]}]},{\"@type\":\"BreadcrumbList\",\"@id\":\"https:\/\/oma.media.fi\/karjalainen\/ilmestymispaivat\/#breadcrumb\",\"itemListElement\":[{\"@type\":\"ListItem\",\"position\":1,\"name\":\"Etusivu\",\"item\":\"https:\/\/oma.media.fi\/karjalainen\/\"},{\"@type\":\"ListItem\",\"position\":2,\"name\":\"Ilmestymisp\u00e4iv\u00e4t\"}]},{\"@type\":\"WebSite\",\"@id\":\"https:\/\/oma.media.fi\/karjalainen\/#website\",\"url\":\"https:\/\/oma.media.fi\/karjalainen\/\",\"name\":\"Karjalainen\",\"description\":\"Sanomalehti Karjalainen - asiakaspalvelu\",\"alternateName\":\"Sanomalehti Karjalainen asiakaspalvelu\",\"potentialAction\":[{\"@type\":\"SearchAction\",\"target\":{\"@type\":\"EntryPoint\",\"urlTemplate\":\"https:\/\/oma.media.fi\/karjalainen\/?s={search_term_string}\"},\"query-input\":{\"@type\":\"PropertyValueSpecification\",\"valueRequired\":true,\"valueName\":\"search_term_string\"}}],\"inLanguage\":\"fi\"}]}<\/script>\n<!-- \/ Yoast SEO plugin. -->","yoast_head_json":{"title":"Ilmestymisp\u00e4iv\u00e4t - Karjalainen","robots":{"index":"index","follow":"follow","max-snippet":"max-snippet:-1","max-image-preview":"max-image-preview:large","max-video-preview":"max-video-preview:-1"},"canonical":"https:\/\/oma.media.fi\/karjalainen\/ilmestymispaivat\/","og_locale":"fi_FI","og_type":"article","og_title":"Ilmestymisp\u00e4iv\u00e4t","og_description":"pit\u00e4\u00e4 sinut kartalla \u2013 vuoden jokaisena p\u00e4iv\u00e4n\u00e4 verkkouutiset p\u00e4ivittyv\u00e4t joka p\u00e4iv\u00e4, my\u00f6s pyhin\u00e4. Painettu lehti ilmestyy maanantaista lauantaihin, mutta juhlapyhin\u00e4 voi olla poikkeuksia. Painetun lehden n\u00e4k\u00f6islehti on luettavissa lehden ilmestymisp\u00e4ivin\u00e4 ja kahden viikon ajan my\u00f6s j\u00e4lkik\u00e4teen. Silloin kun painettua lehte\u00e4 ei tule useampaan p\u00e4iv\u00e4\u00e4n per\u00e4kk\u00e4in, julkaistaan yksi juhlapyhien n\u00e4k\u00f6islehti verkossa. L\u00f6yd\u00e4t sen ensimm\u00e4isen\u00e4 ilmestym\u00e4tt\u00f6myysp\u00e4iv\u00e4n\u00e4. Uutiset [&hellip;]","og_url":"https:\/\/oma.media.fi\/karjalainen\/ilmestymispaivat\/","og_site_name":"Karjalainen","article_publisher":"https:\/\/www.facebook.com\/SanomalehtiKarjalainen","article_modified_time":"2026-01-07T08:54:52+00:00","og_image":[{"width":1200,"height":630,"url":"https:\/\/oma.media.fi\/karjalainen\/wp-content\/uploads\/sites\/56\/2024\/09\/og-image-karjalainen.jpg","type":"image\/jpeg"}],"twitter_card":"summary_large_image","twitter_site":"@KarjalainenFi","twitter_misc":{"Arvioitu lukuaika":"1 minuutti"},"schema":{"@context":"https:\/\/schema.org","@graph":[{"@type":"WebPage","@id":"https:\/\/oma.media.fi\/karjalainen\/ilmestymispaivat\/","url":"https:\/\/oma.media.fi\/karjalainen\/ilmestymispaivat\/","name":"Ilmestymisp\u00e4iv\u00e4t - Karjalainen","isPartOf":{"@id":"https:\/\/oma.media.fi\/karjalainen\/#website"},"datePublished":"2018-11-19T12:06:34+00:00","dateModified":"2026-01-07T08:54:52+00:00","breadcrumb":{"@id":"https:\/\/oma.media.fi\/karjalainen\/ilmestymispaivat\/#breadcrumb"},"inLanguage":"fi","potentialAction":[{"@type":"ReadAction","target":["https:\/\/oma.media.fi\/karjalainen\/ilmestymispaivat\/"]}]},{"@type":"BreadcrumbList","@id":"https:\/\/oma.media.fi\/karjalainen\/ilmestymispaivat\/#breadcrumb","itemListElement":[{"@type":"ListItem","position":1,"name":"Etusivu","item":"https:\/\/oma.media.fi\/karjalainen\/"},{"@type":"ListItem","position":2,"name":"Ilmestymisp\u00e4iv\u00e4t"}]},{"@type":"WebSite","@id":"https:\/\/oma.media.fi\/karjalainen\/#website","url":"https:\/\/oma.media.fi\/karjalainen\/","name":"Karjalainen","description":"Sanomalehti Karjalainen - asiakaspalvelu","alternateName":"Sanomalehti Karjalainen asiakaspalvelu","potentialAction":[{"@type":"SearchAction","target":{"@type":"EntryPoint","urlTemplate":"https:\/\/oma.media.fi\/karjalainen\/?s={search_term_string}"},"query-input":{"@type":"PropertyValueSpecification","valueRequired":true,"valueName":"search_term_string"}}],"inLanguage":"fi"}]}},"publishpress_future_action":{"enabled":false,"date":"2026-05-10 22:02:56","action":"change-status","newStatus":"draft","terms":[],"taxonomy":"","extraData":[]},"publishpress_future_workflow_manual_trigger":{"enabledWorkflows":[]},"_links":{"self":[{"href":"https:\/\/oma.media.fi\/karjalainen\/wp-json\/wp\/v2\/pages\/27","targetHints":{"allow":["GET"]}}],"collection":[{"href":"https:\/\/oma.media.fi\/karjalainen\/wp-json\/wp\/v2\/pages"}],"about":[{"href":"https:\/\/oma.media.fi\/karjalainen\/wp-json\/wp\/v2\/types\/page"}],"author":[{"embeddable":true,"href":"https:\/\/oma.media.fi\/karjalainen\/wp-json\/wp\/v2\/users\/1"}],"replies":[{"embeddable":true,"href":"https:\/\/oma.media.fi\/karjalainen\/wp-json\/wp\/v2\/comments?post=27"}],"version-history":[{"count":23,"href":"https:\/\/oma.media.fi\/karjalainen\/wp-json\/wp\/v2\/pages\/27\/revisions"}],"predecessor-version":[{"id":1680,"href":"https:\/\/oma.media.fi\/karjalainen\/wp-json\/wp\/v2\/pages\/27\/revisions\/1680"}],"wp:attachment":[{"href":"https:\/\/oma.media.fi\/karjalainen\/wp-json\/wp\/v2\/media?parent=27"}],"curies":[{"name":"wp","href":"https:\/\/api.w.org\/{rel}","templated":true}]}}