{"id":804,"date":"2018-10-17T13:17:59","date_gmt":"2018-10-17T10:17:59","guid":{"rendered":"https:\/\/oma.media.fi\/keski-hame\/yhteystiedot\/"},"modified":"2026-04-13T12:03:38","modified_gmt":"2026-04-13T09:03:38","slug":"yhteystiedot","status":"publish","type":"page","link":"https:\/\/oma.media.fi\/keski-hame\/yhteystiedot\/","title":{"rendered":"Yhteystiedot"},"content":{"rendered":"<div class=\"text-block\">\n<h2>Tilaukset<\/h2>\n<p>Digipalvelut, osoitteenmuutokset, jakelunkeskeytykset, asiakastietojen muutokset<br \/>\nsek\u00e4 tilauslaskut ja muut tilauksiin liittyv\u00e4t asiat.<\/p>\n<p><a href=\"https:\/\/oma.media.fi\/keski-hame\/\" target=\"_blank\" rel=\"noopener\"><strong>Asiakaspalvelua verkossa 24\/7<\/strong><\/a><\/p>\n<h2>Lukijailmoitukset<\/h2>\n<p>J\u00e4rjest\u00f6ilmoitukset, luokitellut ilmoitukset, perheilmoitukset, kuolinilmoitukset ja surukiitokset<\/p>\n<p><strong>J\u00e4t\u00e4 ilmoitus 24\/7 <\/strong><a href=\"https:\/\/oma.media.fi\/keski-hame\/ilmoita\/\" target=\"_blank\" rel=\"noopener\"><strong>keski-hame.fi\/ilmoita<\/strong><\/a><\/p>\n<h2>Asiakaspalvelu<\/h2>\n<p>Tilauksiin ja lukijailmoituksiin liittyv\u00e4t asiat.<\/p>\n<p><strong>Puhelinpalvelu\u00a0<\/strong>014 622 133<br \/>\nAvoinna: ma-pe klo 8.00-18.00<\/p>\n<p>Tallennamme puhelut asiakaspalvelutapahtumien varmentamiseksi<br \/>\nsek\u00e4 asiakaspalvelun koulutusta varten. Puhelun hinta mpm\/pvm, jonotus on maksullista.<\/p>\n<p><a class=\"button\" href=\"https:\/\/oma.media.fi\/keski-hame\/yhteystiedot\/ota-yhteytta\/\" target=\"_blank\" rel=\"noopener\">Ota yhteytt\u00e4 asiakaspalveluun<\/a><\/p>\n<\/div>\n<div class=\"text-block\">\n<h2>Jakelu ja jakelup\u00e4ivystys<\/h2>\n<p><strong>Posti Palvelut Oy<\/strong><\/p>\n<p><strong>Varhaisjakelu p. 0100 4070 <\/strong>(pvm\/mpm), jonotus on maksullista<br \/>\nAvoinna arkisin klo 6.30-16.00 sek\u00e4 viikonloppuisin klo 6.30-12.00.<\/p>\n<p>Varhaisjakelu toimittaa puuttuneen lehden seuraavan aamun jakelussa.<\/p>\n<p><strong>P\u00e4iv\u00e4jakelu p. 0100 5577\u00a0<\/strong>(pvm\/mpm), jonotus on maksullista<br \/>\nAvoinna arkisin klo 8-16.<\/p>\n<p><a class=\"button\" href=\"https:\/\/oma.media.fi\/keski-hame\/yhteystiedot\/jakelupalaute\/\" target=\"_blank\" rel=\"noopener\">Anna jakelupalautetta<\/a><\/p>\n<\/div>\n<div class=\"text-block\">\n<h2>Medialaskutus<\/h2>\n<p>Ilmoituslaskut<br \/>\np. 09 2730 0230 (pvm\/mpm), ma-pe 9.00-14.00<br \/>\n<a href=\"&#109;&#x61;&#x69;&#108;&#x74;&#x6f;&#58;&#x6c;&#x61;&#115;&#x6b;&#x75;&#116;&#x75;&#x73;&#46;&#x6b;&#x65;&#115;&#x6b;&#x69;&#115;&#x75;&#x6f;&#109;&#x61;&#x6c;a&#x69;&#x6e;e&#x6e;&#x6d;e&#100;&#x69;a&#64;&#x6d;e&#100;&#x69;a&#46;&#x66;i\">&#x6c;&#x61;&#115;k&#x75;&#x74;&#117;s&#46;&#x6b;&#x65;&#115;k&#x69;&#x73;&#117;&#111;m&#x61;&#x6c;&#97;i&#x6e;&#x65;&#110;&#109;e&#x64;&#x69;&#97;&#64;&#x6d;&#x65;&#100;&#105;a&#x2e;&#x66;&#105;<\/a><\/p>\n<\/div>\n<div class=\"text-block\">\n<h2>Mediamyynti<\/h2>\n<p>Petri Harjula<br \/>\nMyyntip\u00e4\u00e4llikk\u00f6<br \/>\n040 868 2356<\/p>\n<p>Mediamyynnin yhteystiedot l\u00f6yd\u00e4t\u00a0<a href=\"https:\/\/meks.fi\/yhteystiedot\/\" target=\"_blank\" rel=\"noopener\"><strong>mediamyynnin sivuilta<\/strong><\/a>.<\/p>\n<\/div>\n<div class=\"text-block\">\n<h2>Toimitus<\/h2>\n<p>Mommilantie 3, 16900 Lammi<br \/>\n<a href=\"m&#97;&#105;&#x6c;&#x74;&#x6f;&#x3a;t&#111;&#105;&#109;&#x69;&#x74;&#x75;s&#64;&#107;&#101;&#x73;&#x6b;&#x69;-h&#97;&#109;&#x65;&#x2e;&#x66;i\">&#x74;o&#x69;&#109;&#x69;&#116;&#x75;&#x73;&#64;&#x6b;&#101;&#x73;&#107;&#x69;&#45;h&#x61;&#109;&#x65;&#46;&#x66;&#105;<\/a><\/p>\n<p><strong>Uutistuottaja<\/strong> <span class=\"ui-provider a b c d e f g h i j k l m n o p q r s t u v w x y z ab ac ae af ag ah ai aj ak\" dir=\"ltr\">Juha Reinikainen<\/span> 050 573 9900, <a href=\"&#x6d;&#x61;&#x69;&#x6c;&#x74;&#x6f;&#x3a;&#x6a;&#x75;&#x68;&#x61;&#x2e;&#x72;&#x65;&#x69;&#x6e;&#x69;&#x6b;&#x61;&#x69;&#x6e;&#x65;&#x6e;&#x40;&#x6b;&#x65;&#x73;&#x6b;&#x69;&#x2d;&#x68;&#x61;&#x6d;&#x65;&#x2e;&#x66;&#x69;\">ju&#104;&#97;&#46;&#x72;&#x65;&#x69;&#x6e;ik&#97;&#105;&#110;&#x65;&#x6e;&#x40;&#x6b;es&#107;&#105;&#45;&#x68;&#x61;&#x6d;&#x65;&#46;f&#105;<\/a><\/p>\n<p><strong>P\u00e4\u00e4toimittaja<\/strong> Ville Hakala 044 736 0772, <a href=\"&#109;&#x61;i&#x6c;&#x74;&#111;&#x3a;v&#105;&#x6c;&#108;&#x65;&#46;&#104;&#x61;k&#x61;l&#97;&#x40;k&#x65;&#x73;&#107;&#x69;-&#104;&#x61;&#109;&#x65;&#46;&#102;&#x69;\">&#x76;&#105;l&#x6c;&#x65;&#46;h&#x61;&#107;a&#x6c;&#x61;&#64;k&#x65;&#115;k&#x69;&#x2d;&#104;a&#x6d;&#x65;&#46;&#x66;&#x69;<\/a><\/p>\n<p>Kaikki sis\u00e4ll\u00f6t voidaan julkaista kaikissa Mediakonserni Keskisuomalaisen medioissa.<\/p>\n<p><a class=\"button\" href=\"https:\/\/oma.media.fi\/keski-hame\/yhteystiedot\/juttuvinkki\/\">J\u00e4t\u00e4 juttuvinkki<\/a><\/p>\n<\/div>\n<div class=\"text-block\">\n<h2>Palaute<\/h2>\n<p><a class=\"button\" href=\"https:\/\/oma.media.fi\/keski-hame\/yhteystiedot\/anna-palautetta\/\">Anna palautetta<\/a><\/p>\n<\/div>\n","protected":false},"excerpt":{"rendered":"<p>Tilaukset Digipalvelut, osoitteenmuutokset, jakelunkeskeytykset, asiakastietojen muutokset sek\u00e4 tilauslaskut ja muut tilauksiin liittyv\u00e4t asiat. Asiakaspalvelua verkossa 24\/7 Lukijailmoitukset J\u00e4rjest\u00f6ilmoitukset, luokitellut ilmoitukset, perheilmoitukset, kuolinilmoitukset ja surukiitokset J\u00e4t\u00e4 ilmoitus 24\/7 keski-hame.fi\/ilmoita Asiakaspalvelu Tilauksiin ja lukijailmoituksiin liittyv\u00e4t asiat. Puhelinpalvelu\u00a0014 622 133 Avoinna: ma-pe klo 8.00-18.00 Tallennamme puhelut asiakaspalvelutapahtumien varmentamiseksi sek\u00e4 asiakaspalvelun koulutusta varten. Puhelun hinta mpm\/pvm, jonotus on maksullista. [&hellip;]<\/p>\n","protected":false},"author":1,"featured_media":0,"parent":0,"menu_order":0,"comment_status":"closed","ping_status":"closed","template":"","meta":{"_acf_changed":false,"footnotes":""},"class_list":["post-804","page","type-page","status-publish","hentry"],"acf":[],"yoast_head":"<!-- This site is optimized with the Yoast SEO plugin v26.2 - https:\/\/yoast.com\/wordpress\/plugins\/seo\/ -->\n<title>Yhteystiedot - Keski-H\u00e4me<\/title>\n<meta name=\"description\" content=\"Etsitk\u00f6 yhteystietoja vai haluatko antaa palautetta? Mediatalo Keskisuomalaisen asiakaspalveluiden yhteystiedot, palautekanavat ja juttuvinkit.\" \/>\n<meta name=\"robots\" content=\"index, follow, max-snippet:-1, max-image-preview:large, max-video-preview:-1\" \/>\n<link rel=\"canonical\" href=\"https:\/\/oma.media.fi\/keski-hame\/yhteystiedot\/\" \/>\n<meta property=\"og:locale\" content=\"fi_FI\" \/>\n<meta property=\"og:type\" content=\"article\" \/>\n<meta property=\"og:title\" content=\"Yhteystiedot\" \/>\n<meta property=\"og:description\" content=\"Etsitk\u00f6 yhteystietoja vai haluatko antaa palautetta? Mediatalo Keskisuomalaisen asiakaspalveluiden yhteystiedot, palautekanavat ja juttuvinkit.\" \/>\n<meta property=\"og:url\" content=\"https:\/\/oma.media.fi\/keski-hame\/yhteystiedot\/\" \/>\n<meta property=\"og:site_name\" content=\"Keski-H\u00e4me\" \/>\n<meta property=\"article:modified_time\" content=\"2026-04-13T09:03:38+00:00\" \/>\n<meta name=\"twitter:card\" content=\"summary_large_image\" \/>\n<meta name=\"twitter:label1\" content=\"Arvioitu lukuaika\" \/>\n\t<meta name=\"twitter:data1\" content=\"1 minuutti\" \/>\n<script type=\"application\/ld+json\" class=\"yoast-schema-graph\">{\"@context\":\"https:\/\/schema.org\",\"@graph\":[{\"@type\":\"WebPage\",\"@id\":\"https:\/\/oma.media.fi\/keski-hame\/yhteystiedot\/\",\"url\":\"https:\/\/oma.media.fi\/keski-hame\/yhteystiedot\/\",\"name\":\"Yhteystiedot - Keski-H\u00e4me\",\"isPartOf\":{\"@id\":\"https:\/\/oma.media.fi\/keski-hame\/#website\"},\"datePublished\":\"2018-10-17T10:17:59+00:00\",\"dateModified\":\"2026-04-13T09:03:38+00:00\",\"description\":\"Etsitk\u00f6 yhteystietoja vai haluatko antaa palautetta? Mediatalo Keskisuomalaisen asiakaspalveluiden yhteystiedot, palautekanavat ja juttuvinkit.\",\"breadcrumb\":{\"@id\":\"https:\/\/oma.media.fi\/keski-hame\/yhteystiedot\/#breadcrumb\"},\"inLanguage\":\"fi\",\"potentialAction\":[{\"@type\":\"ReadAction\",\"target\":[\"https:\/\/oma.media.fi\/keski-hame\/yhteystiedot\/\"]}]},{\"@type\":\"BreadcrumbList\",\"@id\":\"https:\/\/oma.media.fi\/keski-hame\/yhteystiedot\/#breadcrumb\",\"itemListElement\":[{\"@type\":\"ListItem\",\"position\":1,\"name\":\"Etusivu\",\"item\":\"https:\/\/oma.media.fi\/keski-hame\/\"},{\"@type\":\"ListItem\",\"position\":2,\"name\":\"Yhteystiedot\"}]},{\"@type\":\"WebSite\",\"@id\":\"https:\/\/oma.media.fi\/keski-hame\/#website\",\"url\":\"https:\/\/oma.media.fi\/keski-hame\/\",\"name\":\"Keski-H\u00e4me\",\"description\":\"\",\"potentialAction\":[{\"@type\":\"SearchAction\",\"target\":{\"@type\":\"EntryPoint\",\"urlTemplate\":\"https:\/\/oma.media.fi\/keski-hame\/?s={search_term_string}\"},\"query-input\":{\"@type\":\"PropertyValueSpecification\",\"valueRequired\":true,\"valueName\":\"search_term_string\"}}],\"inLanguage\":\"fi\"}]}<\/script>\n<!-- \/ Yoast SEO plugin. -->","yoast_head_json":{"title":"Yhteystiedot - Keski-H\u00e4me","description":"Etsitk\u00f6 yhteystietoja vai haluatko antaa palautetta? Mediatalo Keskisuomalaisen asiakaspalveluiden yhteystiedot, palautekanavat ja juttuvinkit.","robots":{"index":"index","follow":"follow","max-snippet":"max-snippet:-1","max-image-preview":"max-image-preview:large","max-video-preview":"max-video-preview:-1"},"canonical":"https:\/\/oma.media.fi\/keski-hame\/yhteystiedot\/","og_locale":"fi_FI","og_type":"article","og_title":"Yhteystiedot","og_description":"Etsitk\u00f6 yhteystietoja vai haluatko antaa palautetta? Mediatalo Keskisuomalaisen asiakaspalveluiden yhteystiedot, palautekanavat ja juttuvinkit.","og_url":"https:\/\/oma.media.fi\/keski-hame\/yhteystiedot\/","og_site_name":"Keski-H\u00e4me","article_modified_time":"2026-04-13T09:03:38+00:00","twitter_card":"summary_large_image","twitter_misc":{"Arvioitu lukuaika":"1 minuutti"},"schema":{"@context":"https:\/\/schema.org","@graph":[{"@type":"WebPage","@id":"https:\/\/oma.media.fi\/keski-hame\/yhteystiedot\/","url":"https:\/\/oma.media.fi\/keski-hame\/yhteystiedot\/","name":"Yhteystiedot - Keski-H\u00e4me","isPartOf":{"@id":"https:\/\/oma.media.fi\/keski-hame\/#website"},"datePublished":"2018-10-17T10:17:59+00:00","dateModified":"2026-04-13T09:03:38+00:00","description":"Etsitk\u00f6 yhteystietoja vai haluatko antaa palautetta? Mediatalo Keskisuomalaisen asiakaspalveluiden yhteystiedot, palautekanavat ja juttuvinkit.","breadcrumb":{"@id":"https:\/\/oma.media.fi\/keski-hame\/yhteystiedot\/#breadcrumb"},"inLanguage":"fi","potentialAction":[{"@type":"ReadAction","target":["https:\/\/oma.media.fi\/keski-hame\/yhteystiedot\/"]}]},{"@type":"BreadcrumbList","@id":"https:\/\/oma.media.fi\/keski-hame\/yhteystiedot\/#breadcrumb","itemListElement":[{"@type":"ListItem","position":1,"name":"Etusivu","item":"https:\/\/oma.media.fi\/keski-hame\/"},{"@type":"ListItem","position":2,"name":"Yhteystiedot"}]},{"@type":"WebSite","@id":"https:\/\/oma.media.fi\/keski-hame\/#website","url":"https:\/\/oma.media.fi\/keski-hame\/","name":"Keski-H\u00e4me","description":"","potentialAction":[{"@type":"SearchAction","target":{"@type":"EntryPoint","urlTemplate":"https:\/\/oma.media.fi\/keski-hame\/?s={search_term_string}"},"query-input":{"@type":"PropertyValueSpecification","valueRequired":true,"valueName":"search_term_string"}}],"inLanguage":"fi"}]}},"publishpress_future_action":{"enabled":false,"date":"2026-05-12 10:20:01","action":"change-status","newStatus":"draft","terms":[],"taxonomy":"","extraData":[]},"publishpress_future_workflow_manual_trigger":{"enabledWorkflows":[]},"_links":{"self":[{"href":"https:\/\/oma.media.fi\/keski-hame\/wp-json\/wp\/v2\/pages\/804","targetHints":{"allow":["GET"]}}],"collection":[{"href":"https:\/\/oma.media.fi\/keski-hame\/wp-json\/wp\/v2\/pages"}],"about":[{"href":"https:\/\/oma.media.fi\/keski-hame\/wp-json\/wp\/v2\/types\/page"}],"author":[{"embeddable":true,"href":"https:\/\/oma.media.fi\/keski-hame\/wp-json\/wp\/v2\/users\/1"}],"replies":[{"embeddable":true,"href":"https:\/\/oma.media.fi\/keski-hame\/wp-json\/wp\/v2\/comments?post=804"}],"version-history":[{"count":72,"href":"https:\/\/oma.media.fi\/keski-hame\/wp-json\/wp\/v2\/pages\/804\/revisions"}],"predecessor-version":[{"id":6734,"href":"https:\/\/oma.media.fi\/keski-hame\/wp-json\/wp\/v2\/pages\/804\/revisions\/6734"}],"wp:attachment":[{"href":"https:\/\/oma.media.fi\/keski-hame\/wp-json\/wp\/v2\/media?parent=804"}],"curies":[{"name":"wp","href":"https:\/\/api.w.org\/{rel}","templated":true}]}}