{"id":526,"date":"2018-10-17T12:17:59","date_gmt":"2018-10-17T10:17:59","guid":{"rendered":"https:\/\/oma.media.fi\/keskilaakso\/yhteystiedot\/"},"modified":"2026-04-13T12:04:18","modified_gmt":"2026-04-13T09:04:18","slug":"yhteystiedot","status":"publish","type":"page","link":"https:\/\/oma.media.fi\/keskilaakso\/yhteystiedot\/","title":{"rendered":"Yhteystiedot"},"content":{"rendered":"<h2>Tilaukset<\/h2>\n<p>Digipalvelut, osoitteenmuutokset, jakelunkeskeytykset, asiakastietojen muutokset<br \/>\nsek\u00e4 tilauslaskut ja muut tilauksiin liittyv\u00e4t asiat.<\/p>\n<p><a href=\"https:\/\/oma.media.fi\/keskilaakso\/\" target=\"_blank\" rel=\"noopener\"><strong>Asiakaspalvelua verkossa 24\/7<\/strong><\/a><\/p>\n<p>&nbsp;<\/p>\n<h2>Lukijailmoitukset<\/h2>\n<p>J\u00e4rjest\u00f6ilmoitukset, luokitellut ilmoitukset, perheilmoitukset, kuolinilmoitukset ja surukiitokset<\/p>\n<p><strong>J\u00e4t\u00e4 ilmoitus 24\/7 <\/strong><a href=\"https:\/\/oma.media.fi\/keskilaakso\/ilmoita\/\" target=\"_blank\" rel=\"noopener\"><strong>keskilaakso.fi\/ilmoita<\/strong><\/a><\/p>\n<p>&nbsp;<\/p>\n<h2>Asiakaspalvelu<\/h2>\n<p>Tilauksiin ja lukijailmoituksiin liittyv\u00e4t asiat.<\/p>\n<p><strong>Puhelinpalvelu <\/strong>014 622 133<br \/>\nAvoinna: ma-pe klo 8.00-18.00<\/p>\n<p>Tallennamme puhelut asiakaspalvelutapahtumien varmentamiseksi<br \/>\nsek\u00e4 asiakaspalvelun koulutusta varten. Puhelun hinta mpm\/pvm, jonotus on maksullista.<\/p>\n<p><a class=\"button\" href=\"https:\/\/oma.media.fi\/keskilaakso\/yhteystiedot\/ota-yhteytta\/\" target=\"_blank\" rel=\"noopener\">Ota yhteytt\u00e4 asiakaspalveluun<\/a><\/p>\n<h2><strong>Jakelu, jakeluh\u00e4iri\u00f6t ja puuttuvat lehdet<\/strong><\/h2>\n<p><strong>Mik\u00e4li Sinulla on ongelmia lehden varhaisjakelussa,<br \/>\nPostin jakelup\u00e4ivystys palvelee sinua seuraavasti:<\/strong><\/p>\n<p>Ma-pe klo 6.30-16.00, la-su klo 6.30-12.00<br \/>\np. <strong>0200 220 20<\/strong> (pvm\/mpm), jonotus on maksullista<\/p>\n<p>Varhaisjakelu toimittaa puuttuneen lehden seuraavan aamun jakelussa.<\/p>\n<p><a class=\"button\" href=\"https:\/\/oma.media.fi\/keskilaakso\/yhteystiedot\/jakelupalaute\/\" target=\"_blank\" rel=\"noopener\">Anna jakelupalautetta<\/a><\/p>\n<p>&nbsp;<\/p>\n<h2>Toimitus<\/h2>\n<p><a href=\"&#109;&#x61;i&#108;&#x74;o&#x3a;&#x74;&#111;&#x69;m&#105;&#x74;u&#115;&#x40;&#107;&#x65;s&#107;&#x69;l&#97;&#x61;&#107;&#x73;&#x6f;&#46;&#x66;i\">&#x74;&#x6f;&#x69;&#x6d;&#x69;&#x74;&#x75;&#x73;&#x40;&#x6b;&#x65;&#x73;&#x6b;&#x69;&#x6c;&#x61;&#x61;&#x6b;&#x73;&#x6f;&#x2e;&#x66;&#105;<\/a><\/p>\n<p>P\u00e4\u00e4toimittaja Stiina Kokkonen puh. 0440 350 531<br \/>\nToimittaja Raija Anttila puh.\u00a0 0440 350 350<\/p>\n<p>Henkil\u00f6kohtaiset s\u00e4hk\u00f6postit: etunimi&#46;&#115;&#117;&#107;&#117;&#110;&#105;&#109;&#105;&#64;&#107;&#x65;&#x73;&#x6b;&#x69;&#x6c;&#x61;&#x61;&#x6b;&#x73;&#x6f;&#x2e;&#x66;&#x69;<\/p>\n<p>Kaikki sis\u00e4ll\u00f6t voidaan julkaista kaikissa Mediakonserni Keskisuomalaisen medioissa.<\/p>\n<p><a class=\"button\" href=\"https:\/\/oma.media.fi\/keskilaakso\/yhteystiedot\/juttuvinkki\/\" target=\"_blank\" rel=\"noopener\">L\u00e4het\u00e4 juttuvinkki<\/a><\/p>\n<h2>Medialaskutus<\/h2>\n<p>Ilmoituslaskut<br \/>\np. 09 2730 0230 (pvm\/mpm), ma-pe 9.00-14.00<br \/>\n<a href=\"mail&#116;&#111;&#58;&#108;&#97;&#115;&#107;&#x75;&#x74;&#x75;&#x73;&#x2e;&#x6b;&#x65;&#x73;&#x6b;isuo&#109;&#97;&#108;&#97;&#105;&#110;&#101;&#x6e;&#x6d;&#x65;&#x64;&#x69;&#x61;&#x40;&#x6d;&#x65;dia&#46;&#102;&#105;\">&#x6c;&#x61;&#115;&#107;&#117;t&#x75;&#x73;&#x2e;&#107;&#101;sk&#x69;&#x73;&#x75;&#111;&#109;a&#x6c;&#x61;&#x69;&#110;&#101;&#110;m&#x65;&#x64;&#x69;&#97;&#64;me&#x64;&#x69;&#x61;&#46;&#102;i<\/a><\/p>\n<h2>Mediamyynti<\/h2>\n<p>Mediamyynnin yhteystiedot l\u00f6yd\u00e4t <strong><a href=\"https:\/\/meks.fi\/yhteystiedot\/\" target=\"_blank\" rel=\"noopener\">mediamyynnin sivuilta<\/a><\/strong><\/p>\n<p>&nbsp;<\/p>\n<h2>Palaute<\/h2>\n<p><a class=\"button\" href=\"https:\/\/oma.media.fi\/keskilaakso\/yhteystiedot\/anna-palautetta\/\" target=\"_blank\" rel=\"noopener\">Anna palautetta<\/a><\/p>\n","protected":false},"excerpt":{"rendered":"<p>Tilaukset Digipalvelut, osoitteenmuutokset, jakelunkeskeytykset, asiakastietojen muutokset sek\u00e4 tilauslaskut ja muut tilauksiin liittyv\u00e4t asiat. Asiakaspalvelua verkossa 24\/7 &nbsp; Lukijailmoitukset J\u00e4rjest\u00f6ilmoitukset, luokitellut ilmoitukset, perheilmoitukset, kuolinilmoitukset ja surukiitokset J\u00e4t\u00e4 ilmoitus 24\/7 keskilaakso.fi\/ilmoita &nbsp; Asiakaspalvelu Tilauksiin ja lukijailmoituksiin liittyv\u00e4t asiat. Puhelinpalvelu 014 622 133 Avoinna: ma-pe klo 8.00-18.00 Tallennamme puhelut asiakaspalvelutapahtumien varmentamiseksi sek\u00e4 asiakaspalvelun koulutusta varten. Puhelun hinta mpm\/pvm, [&hellip;]<\/p>\n","protected":false},"author":1,"featured_media":0,"parent":0,"menu_order":0,"comment_status":"closed","ping_status":"closed","template":"","meta":{"_acf_changed":false,"footnotes":""},"class_list":["post-526","page","type-page","status-publish","hentry"],"acf":[],"yoast_head":"<!-- This site is optimized with the Yoast SEO plugin v26.2 - https:\/\/yoast.com\/wordpress\/plugins\/seo\/ -->\n<title>Yhteystiedot - Keskilaakso<\/title>\n<meta name=\"description\" content=\"Etsitk\u00f6 yhteystietoja vai haluatko antaa palautetta? Mediatalo Keskisuomalaisen asiakaspalveluiden yhteystiedot, palautekanavat ja juttuvinkit.\" \/>\n<meta name=\"robots\" content=\"index, follow, max-snippet:-1, max-image-preview:large, max-video-preview:-1\" \/>\n<link rel=\"canonical\" href=\"https:\/\/oma.media.fi\/keskilaakso\/yhteystiedot\/\" \/>\n<meta property=\"og:locale\" content=\"fi_FI\" \/>\n<meta property=\"og:type\" content=\"article\" \/>\n<meta property=\"og:title\" content=\"Yhteystiedot\" \/>\n<meta property=\"og:description\" content=\"Etsitk\u00f6 yhteystietoja vai haluatko antaa palautetta? Mediatalo Keskisuomalaisen asiakaspalveluiden yhteystiedot, palautekanavat ja juttuvinkit.\" \/>\n<meta property=\"og:url\" content=\"https:\/\/oma.media.fi\/keskilaakso\/yhteystiedot\/\" \/>\n<meta property=\"og:site_name\" content=\"Keskilaakso\" \/>\n<meta property=\"article:modified_time\" content=\"2026-04-13T09:04:18+00:00\" \/>\n<meta name=\"twitter:card\" content=\"summary_large_image\" \/>\n<meta name=\"twitter:label1\" content=\"Arvioitu lukuaika\" \/>\n\t<meta name=\"twitter:data1\" content=\"1 minuutti\" \/>\n<script type=\"application\/ld+json\" class=\"yoast-schema-graph\">{\"@context\":\"https:\/\/schema.org\",\"@graph\":[{\"@type\":\"WebPage\",\"@id\":\"https:\/\/oma.media.fi\/keskilaakso\/yhteystiedot\/\",\"url\":\"https:\/\/oma.media.fi\/keskilaakso\/yhteystiedot\/\",\"name\":\"Yhteystiedot - Keskilaakso\",\"isPartOf\":{\"@id\":\"https:\/\/oma.media.fi\/keskilaakso\/#website\"},\"datePublished\":\"2018-10-17T10:17:59+00:00\",\"dateModified\":\"2026-04-13T09:04:18+00:00\",\"description\":\"Etsitk\u00f6 yhteystietoja vai haluatko antaa palautetta? Mediatalo Keskisuomalaisen asiakaspalveluiden yhteystiedot, palautekanavat ja juttuvinkit.\",\"breadcrumb\":{\"@id\":\"https:\/\/oma.media.fi\/keskilaakso\/yhteystiedot\/#breadcrumb\"},\"inLanguage\":\"fi\",\"potentialAction\":[{\"@type\":\"ReadAction\",\"target\":[\"https:\/\/oma.media.fi\/keskilaakso\/yhteystiedot\/\"]}]},{\"@type\":\"BreadcrumbList\",\"@id\":\"https:\/\/oma.media.fi\/keskilaakso\/yhteystiedot\/#breadcrumb\",\"itemListElement\":[{\"@type\":\"ListItem\",\"position\":1,\"name\":\"Etusivu\",\"item\":\"https:\/\/oma.media.fi\/keskilaakso\/\"},{\"@type\":\"ListItem\",\"position\":2,\"name\":\"Yhteystiedot\"}]},{\"@type\":\"WebSite\",\"@id\":\"https:\/\/oma.media.fi\/keskilaakso\/#website\",\"url\":\"https:\/\/oma.media.fi\/keskilaakso\/\",\"name\":\"Keskilaakso\",\"description\":\"\",\"potentialAction\":[{\"@type\":\"SearchAction\",\"target\":{\"@type\":\"EntryPoint\",\"urlTemplate\":\"https:\/\/oma.media.fi\/keskilaakso\/?s={search_term_string}\"},\"query-input\":{\"@type\":\"PropertyValueSpecification\",\"valueRequired\":true,\"valueName\":\"search_term_string\"}}],\"inLanguage\":\"fi\"}]}<\/script>\n<!-- \/ Yoast SEO plugin. -->","yoast_head_json":{"title":"Yhteystiedot - Keskilaakso","description":"Etsitk\u00f6 yhteystietoja vai haluatko antaa palautetta? Mediatalo Keskisuomalaisen asiakaspalveluiden yhteystiedot, palautekanavat ja juttuvinkit.","robots":{"index":"index","follow":"follow","max-snippet":"max-snippet:-1","max-image-preview":"max-image-preview:large","max-video-preview":"max-video-preview:-1"},"canonical":"https:\/\/oma.media.fi\/keskilaakso\/yhteystiedot\/","og_locale":"fi_FI","og_type":"article","og_title":"Yhteystiedot","og_description":"Etsitk\u00f6 yhteystietoja vai haluatko antaa palautetta? Mediatalo Keskisuomalaisen asiakaspalveluiden yhteystiedot, palautekanavat ja juttuvinkit.","og_url":"https:\/\/oma.media.fi\/keskilaakso\/yhteystiedot\/","og_site_name":"Keskilaakso","article_modified_time":"2026-04-13T09:04:18+00:00","twitter_card":"summary_large_image","twitter_misc":{"Arvioitu lukuaika":"1 minuutti"},"schema":{"@context":"https:\/\/schema.org","@graph":[{"@type":"WebPage","@id":"https:\/\/oma.media.fi\/keskilaakso\/yhteystiedot\/","url":"https:\/\/oma.media.fi\/keskilaakso\/yhteystiedot\/","name":"Yhteystiedot - Keskilaakso","isPartOf":{"@id":"https:\/\/oma.media.fi\/keskilaakso\/#website"},"datePublished":"2018-10-17T10:17:59+00:00","dateModified":"2026-04-13T09:04:18+00:00","description":"Etsitk\u00f6 yhteystietoja vai haluatko antaa palautetta? Mediatalo Keskisuomalaisen asiakaspalveluiden yhteystiedot, palautekanavat ja juttuvinkit.","breadcrumb":{"@id":"https:\/\/oma.media.fi\/keskilaakso\/yhteystiedot\/#breadcrumb"},"inLanguage":"fi","potentialAction":[{"@type":"ReadAction","target":["https:\/\/oma.media.fi\/keskilaakso\/yhteystiedot\/"]}]},{"@type":"BreadcrumbList","@id":"https:\/\/oma.media.fi\/keskilaakso\/yhteystiedot\/#breadcrumb","itemListElement":[{"@type":"ListItem","position":1,"name":"Etusivu","item":"https:\/\/oma.media.fi\/keskilaakso\/"},{"@type":"ListItem","position":2,"name":"Yhteystiedot"}]},{"@type":"WebSite","@id":"https:\/\/oma.media.fi\/keskilaakso\/#website","url":"https:\/\/oma.media.fi\/keskilaakso\/","name":"Keskilaakso","description":"","potentialAction":[{"@type":"SearchAction","target":{"@type":"EntryPoint","urlTemplate":"https:\/\/oma.media.fi\/keskilaakso\/?s={search_term_string}"},"query-input":{"@type":"PropertyValueSpecification","valueRequired":true,"valueName":"search_term_string"}}],"inLanguage":"fi"}]}},"publishpress_future_action":{"enabled":false,"date":"2026-05-11 15:56:41","action":"change-status","newStatus":"draft","terms":[],"taxonomy":"","extraData":[]},"publishpress_future_workflow_manual_trigger":{"enabledWorkflows":[]},"_links":{"self":[{"href":"https:\/\/oma.media.fi\/keskilaakso\/wp-json\/wp\/v2\/pages\/526","targetHints":{"allow":["GET"]}}],"collection":[{"href":"https:\/\/oma.media.fi\/keskilaakso\/wp-json\/wp\/v2\/pages"}],"about":[{"href":"https:\/\/oma.media.fi\/keskilaakso\/wp-json\/wp\/v2\/types\/page"}],"author":[{"embeddable":true,"href":"https:\/\/oma.media.fi\/keskilaakso\/wp-json\/wp\/v2\/users\/1"}],"replies":[{"embeddable":true,"href":"https:\/\/oma.media.fi\/keskilaakso\/wp-json\/wp\/v2\/comments?post=526"}],"version-history":[{"count":40,"href":"https:\/\/oma.media.fi\/keskilaakso\/wp-json\/wp\/v2\/pages\/526\/revisions"}],"predecessor-version":[{"id":10627,"href":"https:\/\/oma.media.fi\/keskilaakso\/wp-json\/wp\/v2\/pages\/526\/revisions\/10627"}],"wp:attachment":[{"href":"https:\/\/oma.media.fi\/keskilaakso\/wp-json\/wp\/v2\/media?parent=526"}],"curies":[{"name":"wp","href":"https:\/\/api.w.org\/{rel}","templated":true}]}}