{"version":"1.0","provider_name":"Keskisuomalainen","provider_url":"https:\/\/oma.media.fi\/keskisuomalainen","author_name":"Ulla Herranen","author_url":"https:\/\/oma.media.fi\/keskisuomalainen\/author\/ullaherranen\/","title":"Uudenvuoden Wienil\u00e4iskonsertti Paviljongissa 12.1.","type":"rich","width":600,"height":338,"html":"<blockquote class=\"wp-embedded-content\" data-secret=\"1K7cVhhIAZ\"><a href=\"https:\/\/oma.media.fi\/keskisuomalainen\/etu\/uudenvuoden-wienilaiskonsertti-paviljongissa-12-1\/\">Uudenvuoden Wienil\u00e4iskonsertti Paviljongissa 12.1.<\/a><\/blockquote><iframe sandbox=\"allow-scripts\" security=\"restricted\" src=\"https:\/\/oma.media.fi\/keskisuomalainen\/etu\/uudenvuoden-wienilaiskonsertti-paviljongissa-12-1\/embed\/#?secret=1K7cVhhIAZ\" width=\"600\" height=\"338\" title=\"&#8221;Uudenvuoden Wienil\u00e4iskonsertti Paviljongissa 12.1.&#8221; &#8212; Keskisuomalainen\" data-secret=\"1K7cVhhIAZ\" frameborder=\"0\" marginwidth=\"0\" marginheight=\"0\" scrolling=\"no\" class=\"wp-embedded-content\"><\/iframe><script type=\"text\/javascript\">\n\/* <![CDATA[ *\/\n\/*! This file is auto-generated *\/\n!function(d,l){\"use strict\";l.querySelector&&d.addEventListener&&\"undefined\"!=typeof URL&&(d.wp=d.wp||{},d.wp.receiveEmbedMessage||(d.wp.receiveEmbedMessage=function(e){var t=e.data;if((t||t.secret||t.message||t.value)&&!\/[^a-zA-Z0-9]\/.test(t.secret)){for(var s,r,n,a=l.querySelectorAll('iframe[data-secret=\"'+t.secret+'\"]'),o=l.querySelectorAll('blockquote[data-secret=\"'+t.secret+'\"]'),c=new RegExp(\"^https?:$\",\"i\"),i=0;i<o.length;i++)o[i].style.display=\"none\";for(i=0;i<a.length;i++)s=a[i],e.source===s.contentWindow&&(s.removeAttribute(\"style\"),\"height\"===t.message?(1e3<(r=parseInt(t.value,10))?r=1e3:~~r<200&&(r=200),s.height=r):\"link\"===t.message&&(r=new URL(s.getAttribute(\"src\")),n=new URL(t.value),c.test(n.protocol))&&n.host===r.host&&l.activeElement===s&&(d.top.location.href=t.value))}},d.addEventListener(\"message\",d.wp.receiveEmbedMessage,!1),l.addEventListener(\"DOMContentLoaded\",function(){for(var e,t,s=l.querySelectorAll(\"iframe.wp-embedded-content\"),r=0;r<s.length;r++)(t=(e=s[r]).getAttribute(\"data-secret\"))||(t=Math.random().toString(36).substring(2,12),e.src+=\"#?secret=\"+t,e.setAttribute(\"data-secret\",t)),e.contentWindow.postMessage({message:\"ready\",secret:t},\"*\")},!1)))}(window,document);\n\/* ]]> *\/\n<\/script>\n","thumbnail_url":"https:\/\/oma.media.fi\/keskisuomalainen\/wp-content\/uploads\/sites\/2\/2023\/01\/Nyar_vaaka_2965x2415px-scaled.jpg","thumbnail_width":2560,"thumbnail_height":2085,"description":"Jyv\u00e4skyl\u00e4n Paviljonki Wilhelm-Sali torstaina 12.1. klo 19 Sch\u00f6nbrunnin Linnanorkesterin parhaista soittajista koostuva kiertuekokoonpano solisteineen tuo rakastetun Uudenvuoden wienil\u00e4iskonsertin Jyv\u00e4skyl\u00e4n Paviljonkiin. Wienil\u00e4iskonserttien klassinen ohjelmisto pohjautuu Wienin filharmonikkojen vuosittaiseen uudenvuoden konserttiin. Konsertin kappalevalikoima el\u00e4\u00e4 hieman vuosittain, mutta p\u00e4\u00e4ttyy aina komeasti Johan Strauss nuoremman Tonava kaunoinen-wienervalssiin ja Johann Strauss vanhemman Radetzky-marssiin. Kapellimestarina Jyv\u00e4skyl\u00e4ss\u00e4 n\u00e4hd\u00e4\u00e4n Guido Mancusi ja solisteina [&hellip;]"}

Uudenvuoden Wieniläiskonsertti Paviljongissa 12.1.

<blockquote class="wp-embedded-content" data-secret="1K7cVhhIAZ"><a href="https://oma.media.fi/keskisuomalainen/etu/uudenvuoden-wienilaiskonsertti-paviljongissa-12-1/">Uudenvuoden Wieniläiskonsertti Paviljongissa 12.1.</a></blockquote><iframe sandbox="allow-scripts" security="restricted" src="https://oma.media.fi/keskisuomalainen/etu/uudenvuoden-wienilaiskonsertti-paviljongissa-12-1/embed/#?secret=1K7cVhhIAZ" width="600" height="338" title="&#8221;Uudenvuoden Wieniläiskonsertti Paviljongissa 12.1.&#8221; &#8212; Keskisuomalainen" data-secret="1K7cVhhIAZ" frameborder="0" marginwidth="0" marginheight="0" scrolling="no" class="wp-embedded-content"></iframe><script type="text/javascript">
/* <![CDATA[ */
/*! This file is auto-generated */
!function(d,l){"use strict";l.querySelector&&d.addEventListener&&"undefined"!=typeof URL&&(d.wp=d.wp||{},d.wp.receiveEmbedMessage||(d.wp.receiveEmbedMessage=function(e){var t=e.data;if((t||t.secret||t.message||t.value)&&!/[^a-zA-Z0-9]/.test(t.secret)){for(var s,r,n,a=l.querySelectorAll('iframe[data-secret="'+t.secret+'"]'),o=l.querySelectorAll('blockquote[data-secret="'+t.secret+'"]'),c=new RegExp("^https?:$","i"),i=0;i<o.length;i++)o[i].style.display="none";for(i=0;i<a.length;i++)s=a[i],e.source===s.contentWindow&&(s.removeAttribute("style"),"height"===t.message?(1e3<(r=parseInt(t.value,10))?r=1e3:~~r<200&&(r=200),s.height=r):"link"===t.message&&(r=new URL(s.getAttribute("src")),n=new URL(t.value),c.test(n.protocol))&&n.host===r.host&&l.activeElement===s&&(d.top.location.href=t.value))}},d.addEventListener("message",d.wp.receiveEmbedMessage,!1),l.addEventListener("DOMContentLoaded",function(){for(var e,t,s=l.querySelectorAll("iframe.wp-embedded-content"),r=0;r<s.length;r++)(t=(e=s[r]).getAttribute("data-secret"))||(t=Math.random().toString(36).substring(2,12),e.src+="#?secret="+t,e.setAttribute("data-secret",t)),e.contentWindow.postMessage({message:"ready",secret:t},"*")},!1)))}(window,document);
/* ]]> */
</script>

Jyväskylän Paviljonki Wilhelm-Sali torstaina 12.1. klo 19 Schönbrunnin Linnanorkesterin parhaista soittajista koostuva kiertuekokoonpano solisteineen tuo rakastetun Uudenvuoden wieniläiskonsertin Jyväskylän Paviljonkiin. Wieniläiskonserttien klassinen ohjelmisto pohjautuu Wienin filharmonikkojen vuosittaiseen uudenvuoden konserttiin. Konsertin kappalevalikoima elää hieman vuosittain, mutta päättyy aina komeasti Johan Strauss nuoremman Tonava kaunoinen-wienervalssiin ja Johann Strauss vanhemman Radetzky-marssiin. Kapellimestarina Jyväskylässä nähdään Guido Mancusi ja solisteina [&hellip;]
