{"id":18518,"date":"2022-10-14T09:19:02","date_gmt":"2022-10-14T06:19:02","guid":{"rendered":"https:\/\/oma.media.fi\/keskisuomalainen\/?page_id=18518"},"modified":"2025-06-16T10:39:03","modified_gmt":"2025-06-16T07:39:03","slug":"digituote","status":"publish","type":"page","link":"https:\/\/oma.media.fi\/keskisuomalainen\/digituote\/","title":{"rendered":"Digi kuuluu kaikille"},"content":{"rendered":"<p>Haluamme, ett\u00e4 jokaisella tilaajallamme on mahdollisuus seurata ajantasaista uutisointia miss\u00e4 ja milloin vain ja hy\u00f6ty\u00e4 mahdollisimman paljon tilauksestaan. Siksi my\u00f6s painetun lehden tilaajamme voivat nyt hy\u00f6dynt\u00e4\u00e4 digisis\u00e4lt\u00f6j\u00e4mme miss\u00e4 ja milloin vain!<\/p>\n<p>Digisis\u00e4lt\u00f6mme ja painettu lehti t\u00e4ydent\u00e4v\u00e4t toisiaan. Voit nauttia painetusta lehdest\u00e4 tottumallasi tavalla, mutta halutessasi voit lis\u00e4ksi seurata sinulle merkityksellisi\u00e4 uutisia reaaliaikaisesti verkkopalvelussamme. Verkkopalvelustamme l\u00f6yd\u00e4t my\u00f6s n\u00e4k\u00f6islehden, eli painetun lehden julkaistuna digitaalisessa muodossa. Tutustu my\u00f6s p\u00e4iv\u00e4n lehti -sovellukseen, joka on suunniteltu n\u00e4k\u00f6islehden lukemista varten mobiililaitteille. Monipuoliset sis\u00e4lt\u00f6mme ovat vain yhden hipaisun p\u00e4\u00e4ss\u00e4!<\/p>\n<p><b>Painetun lehden tilaus sis\u00e4lt\u00e4\u00e4 nyt kaiken t\u00e4m\u00e4n:<\/b><br \/>\n<ul>\n<li>Painettu lehti tuttuun tapaan<\/li>\n<li><a href=\"https:\/\/www.ksml.fi\/\" target=\"_blank\" rel=\"noopener\">KSML.fi-verkkopalvelun<\/a> rajaton k\u00e4ytt\u00f6oikeus vuoden jokaisena p\u00e4iv\u00e4n\u00e4<\/li>\n<li><a href=\"https:\/\/www.ksml.fi\/nakoislehti\/\" target=\"_blank\" rel=\"noopener\">N\u00e4k\u00f6islehti<\/a> sek\u00e4 <a href=\"https:\/\/oma.media.fi\/keskisuomalainen\/juhlapyhien-digilehti\/\" target=\"_blank\" rel=\"noopener\">juhlapyhien digilehdet<\/a><\/li>\n<li>SUSU-digilehti<\/li>\n<li><a href=\"https:\/\/www.ksml.fi\/asenna\/\" target=\"_blank\" rel=\"noopener\">Sovelluksen<\/a> k\u00e4ytt\u00f6oikeus (iOS ja Android)<\/li>\n<li>Digilukuoikeus sinulle ja kolmelle samassa taloudessa asuvalle perheenj\u00e4senellesi<\/li>\n<\/ul>\n<\/p>\n<p>Tervetuloa tutustumaan digisis\u00e4lt\u00f6ihimme!<\/p>\n<p>Jos jokin j\u00e4i viel\u00e4 mietitytt\u00e4m\u00e4\u00e4n, alle on koottu usein kysyttyj\u00e4 kysymyksi\u00e4 ja vastauksia digisis\u00e4lt\u00f6ihin liittyen.<\/p>\n<p>&nbsp;<\/p>\n<hr \/>\n<h2 id=\"ukk\">Usein kysyttyj\u00e4 kysymyksi\u00e4<\/h2>\n<p>&nbsp;<\/p>\n<h3><strong>Miten saan<\/strong><strong> tilaukseeni kuuluvat digisis\u00e4ll\u00f6t k\u00e4ytt\u00f6\u00f6ni?<\/strong><\/h3>\n<p>Mediatunnus on avain kaikkiin s\u00e4hk\u00f6isiin palveluihimme. Yhdell\u00e4 tunnuksella p\u00e4\u00e4set n\u00e4pp\u00e4r\u00e4sti lukemaan tilaukseesi kuuluvia digisis\u00e4lt\u00f6j\u00e4 sek\u00e4 kommentoimaan niit\u00e4. Mediatunnuksella hoidat k\u00e4tev\u00e4sti my\u00f6s tilaukseesi liittyvi\u00e4 muutoksia \u2013 juuri silloin kun se sinulle sopii.<\/p>\n<p style=\"padding-left: 40px\"><strong>Jos minulla ei viel\u00e4 ole Mediatunnusta:<\/strong><\/p>\n<p style=\"padding-left: 40px\">Mik\u00e4li olet Mediatalo Keskisuomalaisen mink\u00e4 tahansa sanomalehden tilaaja, voit luoda Mediatunnuksen helposti asiakasnumerosi avulla. Tunnuksen luomiseksi tarvitset my\u00f6s toimivan s\u00e4hk\u00f6postiosoitteen. S\u00e4hk\u00f6postiosoitteesi toimii palveluiden k\u00e4ytt\u00e4j\u00e4tunnuksena. Lis\u00e4ksi sinun tarvitsee vain tarkistaa tietosi sek\u00e4 antaa salasana, jolla haluat k\u00e4ytt\u00e4\u00e4 palveluita jatkossa. Katso alta ohjevideo Mediatunnuksen luomisesta, ja luo sitten oma Mediatunnuksesi.<\/p>\n<p style=\"padding-left: 40px\"><a class=\"button button--outlined\" href=\"https:\/\/media.portal.worldoftulo.com\/Registration\/Lookup\" target=\"_blank\" rel=\"noopener\">Luo Mediatunnus tilaaja-asiakkaana t\u00e4st\u00e4<\/a><\/p>\n<div class=\"video-container\"><iframe loading=\"lazy\" title=\"Mediakonserni Keskisuomalainen | Tilaajan ohjevideot: Mediatunnuksen luominen tilaajana\" width=\"500\" height=\"281\" src=\"https:\/\/www.youtube.com\/embed\/5vJto3cIKmM?feature=oembed\" frameborder=\"0\" allow=\"accelerometer; autoplay; clipboard-write; encrypted-media; gyroscope; picture-in-picture; web-share\" referrerpolicy=\"strict-origin-when-cross-origin\" allowfullscreen><\/iframe><\/div>\n<p style=\"padding-left: 40px\"><strong>Jos minulla on jo Mediatunnus:<\/strong><\/p>\n<p style=\"padding-left: 40px\">Mediatunnuksesi on s\u00e4hk\u00f6postiosoitteesi. Mik\u00e4li olet unohtanut tunnuksen salasanan, voit tilata salasanan vaihtolinkin s\u00e4hk\u00f6postiisi alla olevan linkin kautta. Katso kirjautumisesta kertova ohjevideo alta.<\/p>\n<p style=\"padding-left: 40px\"><a class=\"button button--outlined\" href=\"https:\/\/click.sinun.media.fi\/?qs=f12ec119f8440cb288d7dcaf44f4dc328eede88c90236cc3c33f0ba4965b4fde4d482045b3eb6c4bbd17904dd8b8125b4721186a6ccf1f1cb270f71a5836af48\" target=\"_blank\" rel=\"noopener\">Unohdin salasanani<\/a><\/p>\n<div class=\"video-container\"><iframe loading=\"lazy\" title=\"Mediakonserni Keskisuomalainen | Tilaajan ohjevideot: Kirjautuminen verkkopalveluun\" width=\"500\" height=\"281\" src=\"https:\/\/www.youtube.com\/embed\/eArEf4XppMM?feature=oembed\" frameborder=\"0\" allow=\"accelerometer; autoplay; clipboard-write; encrypted-media; gyroscope; picture-in-picture; web-share\" referrerpolicy=\"strict-origin-when-cross-origin\" allowfullscreen><\/iframe><\/div>\n<h3><strong>Mit\u00e4 hy\u00f6ty\u00e4 digisis\u00e4ll\u00f6ist\u00e4 on?<\/strong><\/h3>\n<ul>\n<li>Voit seurata Keskisuomalaisen verkkopalvelussa uutisointia ajantasaisesti ymp\u00e4ri vuorokauden.<\/li>\n<li>Voit lukea juttuja, jotka eiv\u00e4t p\u00e4\u00e4dy painettuun lehteen lainkaan.<\/li>\n<li>Voit lukea n\u00e4k\u00f6islehden \u2212 eli painettua lehte\u00e4 julkaistuna digitaalisessa muodossa \u2212 jo varhain aamulla, s\u00e4\u00e4st\u00e4 tai tilap\u00e4isist\u00e4 jakeluviiv\u00e4styksist\u00e4 riippumatta.<\/li>\n<li>Saat k\u00e4ytt\u00f6\u00f6si n\u00e4k\u00f6islehden lehtiarkiston.<\/li>\n<li>Voit osallistua keskusteluun\u00a0 kommentoimalla juttuja verkkopalvelussamme.<\/li>\n<li>Voit ratkoa ristikoita ja sudokuja n\u00e4pp\u00e4r\u00e4sti n\u00e4k\u00f6islehdess\u00e4.<\/li>\n<li>Saat k\u00e4ytt\u00f6\u00f6si lehden erikoissis\u00e4ll\u00f6t, mm. suorat l\u00e4hetykset esim. urheilutapahtumista sek\u00e4 erilaiset videosis\u00e4ll\u00f6t.<\/li>\n<\/ul>\n<p>&nbsp;<\/p>\n<h3>Mist\u00e4 saan viel\u00e4 lis\u00e4\u00e4 tietoa?<\/h3>\n<p>Tarkempaa tietoa ja k\u00e4yt\u00e4nn\u00f6n ohjeita digisis\u00e4lt\u00f6jen hy\u00f6dynt\u00e4misest\u00e4 l\u00f6yd\u00e4t aiheittain t\u00e4\u00e4lt\u00e4:<\/p>\n<div class=\"table--responsive\"><table style=\"width: 100%;border-collapse: collapse\" border=\"0\">\n<tbody>\n<tr>\n<td style=\"width: 5.83756%\"><span style=\"font-size: 1.3rem;color: #666\"><a href=\"https:\/\/oma.media.fi\/keskisuomalainen\/verkkopalvelu\/\"><span style=\"color: #333333\"><img loading=\"lazy\" decoding=\"async\" class=\"alignnone size-full wp-image-17048\" src=\"https:\/\/oma.media.fi\/keskisuomalainen\/wp-content\/uploads\/sites\/2\/2022\/01\/icon_verkkopalvelu.png\" alt=\"\" width=\"40\" height=\"45\" \/><\/span><\/a><\/span><\/td>\n<td style=\"width: 94.1624%\"><a href=\"https:\/\/oma.media.fi\/keskisuomalainen\/verkkopalvelu\/\"><span style=\"color: #333333\">KSML.fi-verkkopalvelu<\/span><\/a><\/td>\n<\/tr>\n<tr>\n<td style=\"width: 5.83756%\"><span style=\"font-size: 1.3rem;color: #666\"><a href=\"https:\/\/oma.media.fi\/keskisuomalainen\/nakoislehti\/\"><span style=\"color: #333333\"><img loading=\"lazy\" decoding=\"async\" class=\"alignnone size-large wp-image-17045\" src=\"https:\/\/oma.media.fi\/keskisuomalainen\/wp-content\/uploads\/sites\/2\/2022\/01\/icon_nakoislehti.png\" alt=\"\" width=\"40\" height=\"45\" \/><\/span><\/a><\/span><\/td>\n<td style=\"width: 94.1624%\"><a href=\"https:\/\/oma.media.fi\/keskisuomalainen\/nakoislehti\/\"><span style=\"color: #333333\">N\u00e4k\u00f6islehti<\/span><\/a><\/td>\n<\/tr>\n<tr>\n<td style=\"width: 5.83756%\"><span style=\"font-size: 1.3rem;color: #666\"><a href=\"https:\/\/oma.media.fi\/keskisuomalainen\/sovellus\/\"><span style=\"color: #333333\"><img loading=\"lazy\" decoding=\"async\" class=\"alignnone size-large wp-image-17047\" src=\"https:\/\/oma.media.fi\/keskisuomalainen\/wp-content\/uploads\/sites\/2\/2022\/01\/icon_sovellukset.png\" alt=\"\" width=\"40\" height=\"45\" \/><\/span><\/a><\/span><\/td>\n<td style=\"width: 94.1624%\"><a href=\"https:\/\/oma.media.fi\/keskisuomalainen\/sovellus\/\"><span style=\"color: #333333\">Sovellukset<\/span><\/a><\/td>\n<\/tr>\n<tr>\n<td style=\"width: 5.83756%\"><a href=\"https:\/\/oma.media.fi\/keskisuomalainen\/wp-content\/uploads\/sites\/2\/2022\/11\/Mediatunnus_ikoni.png\"><img loading=\"lazy\" decoding=\"async\" class=\"alignnone size-full wp-image-18727\" src=\"https:\/\/oma.media.fi\/keskisuomalainen\/wp-content\/uploads\/sites\/2\/2022\/11\/Mediatunnus_ikoni.png\" alt=\"\" width=\"40\" height=\"45\" \/><\/a><\/td>\n<td style=\"width: 94.1624%\">\u00a0<a href=\"https:\/\/oma.media.fi\/keskisuomalainen\/mediatunnukset\/\">Mediatunnus<\/a><\/td>\n<\/tr>\n<\/tbody>\n<\/table><\/div>\n<p>&nbsp;<\/p>\n<hr \/>\n<p>&nbsp;<\/p>\n","protected":false},"excerpt":{"rendered":"<p>Haluamme, ett\u00e4 jokaisella tilaajallamme on mahdollisuus seurata ajantasaista uutisointia miss\u00e4 ja milloin vain ja hy\u00f6ty\u00e4 mahdollisimman paljon tilauksestaan. Siksi my\u00f6s painetun lehden tilaajamme voivat nyt hy\u00f6dynt\u00e4\u00e4 digisis\u00e4lt\u00f6j\u00e4mme miss\u00e4 ja milloin vain! Digisis\u00e4lt\u00f6mme ja painettu lehti t\u00e4ydent\u00e4v\u00e4t toisiaan. Voit nauttia painetusta lehdest\u00e4 tottumallasi tavalla, mutta halutessasi voit lis\u00e4ksi seurata sinulle merkityksellisi\u00e4 uutisia reaaliaikaisesti verkkopalvelussamme. Verkkopalvelustamme l\u00f6yd\u00e4t [&hellip;]<\/p>\n","protected":false},"author":6,"featured_media":0,"parent":0,"menu_order":0,"comment_status":"closed","ping_status":"closed","template":"","meta":{"_acf_changed":false,"footnotes":""},"class_list":["post-18518","page","type-page","status-publish","hentry"],"acf":[],"yoast_head":"<!-- This site is optimized with the Yoast SEO plugin v26.2 - https:\/\/yoast.com\/wordpress\/plugins\/seo\/ -->\n<title>Digi kuuluu kaikille - Keskisuomalainen<\/title>\n<meta name=\"description\" content=\"My\u00f6s painetun lehden tilaajamme voivat nyt hy\u00f6dynt\u00e4\u00e4 n\u00e4k\u00f6islehte\u00e4, verkkopalvelua ja sovelluksiamme miss\u00e4 ja milloin vain.\" \/>\n<meta name=\"robots\" content=\"noindex, follow\" \/>\n<meta property=\"og:locale\" content=\"fi_FI\" \/>\n<meta property=\"og:type\" content=\"article\" \/>\n<meta property=\"og:title\" content=\"Digi kuuluu kaikille\" \/>\n<meta property=\"og:description\" content=\"My\u00f6s painetun lehden tilaajamme voivat nyt hy\u00f6dynt\u00e4\u00e4 n\u00e4k\u00f6islehte\u00e4, verkkopalvelua ja sovelluksiamme miss\u00e4 ja milloin vain.\" \/>\n<meta property=\"og:url\" content=\"https:\/\/oma.media.fi\/keskisuomalainen\/digituote\/\" \/>\n<meta property=\"og:site_name\" content=\"Keskisuomalainen\" \/>\n<meta property=\"article:modified_time\" content=\"2025-06-16T07:39:03+00:00\" \/>\n<meta property=\"og:image\" content=\"https:\/\/oma.media.fi\/keskisuomalainen\/wp-content\/uploads\/sites\/2\/2022\/01\/icon_verkkopalvelu.png\" \/>\n\t<meta property=\"og:image:width\" content=\"40\" \/>\n\t<meta property=\"og:image:height\" content=\"45\" \/>\n\t<meta property=\"og:image:type\" content=\"image\/png\" \/>\n<meta name=\"twitter:card\" content=\"summary_large_image\" \/>\n<meta name=\"twitter:label1\" content=\"Arvioitu lukuaika\" \/>\n\t<meta name=\"twitter:data1\" content=\"3 minuuttia\" \/>\n<script type=\"application\/ld+json\" class=\"yoast-schema-graph\">{\"@context\":\"https:\/\/schema.org\",\"@graph\":[{\"@type\":\"WebPage\",\"@id\":\"https:\/\/oma.media.fi\/keskisuomalainen\/digituote\/\",\"url\":\"https:\/\/oma.media.fi\/keskisuomalainen\/digituote\/\",\"name\":\"Digi kuuluu kaikille - Keskisuomalainen\",\"isPartOf\":{\"@id\":\"https:\/\/oma.media.fi\/keskisuomalainen\/#website\"},\"primaryImageOfPage\":{\"@id\":\"https:\/\/oma.media.fi\/keskisuomalainen\/digituote\/#primaryimage\"},\"image\":{\"@id\":\"https:\/\/oma.media.fi\/keskisuomalainen\/digituote\/#primaryimage\"},\"thumbnailUrl\":\"https:\/\/oma.media.fi\/keskisuomalainen\/wp-content\/uploads\/sites\/2\/2022\/01\/icon_verkkopalvelu.png\",\"datePublished\":\"2022-10-14T06:19:02+00:00\",\"dateModified\":\"2025-06-16T07:39:03+00:00\",\"description\":\"My\u00f6s painetun lehden tilaajamme voivat nyt hy\u00f6dynt\u00e4\u00e4 n\u00e4k\u00f6islehte\u00e4, verkkopalvelua ja sovelluksiamme miss\u00e4 ja milloin vain.\",\"breadcrumb\":{\"@id\":\"https:\/\/oma.media.fi\/keskisuomalainen\/digituote\/#breadcrumb\"},\"inLanguage\":\"fi\",\"potentialAction\":[{\"@type\":\"ReadAction\",\"target\":[\"https:\/\/oma.media.fi\/keskisuomalainen\/digituote\/\"]}]},{\"@type\":\"ImageObject\",\"inLanguage\":\"fi\",\"@id\":\"https:\/\/oma.media.fi\/keskisuomalainen\/digituote\/#primaryimage\",\"url\":\"https:\/\/oma.media.fi\/keskisuomalainen\/wp-content\/uploads\/sites\/2\/2022\/01\/icon_verkkopalvelu.png\",\"contentUrl\":\"https:\/\/oma.media.fi\/keskisuomalainen\/wp-content\/uploads\/sites\/2\/2022\/01\/icon_verkkopalvelu.png\",\"width\":40,\"height\":45},{\"@type\":\"BreadcrumbList\",\"@id\":\"https:\/\/oma.media.fi\/keskisuomalainen\/digituote\/#breadcrumb\",\"itemListElement\":[{\"@type\":\"ListItem\",\"position\":1,\"name\":\"Etusivu\",\"item\":\"https:\/\/oma.media.fi\/keskisuomalainen\/\"},{\"@type\":\"ListItem\",\"position\":2,\"name\":\"Digi kuuluu kaikille\"}]},{\"@type\":\"WebSite\",\"@id\":\"https:\/\/oma.media.fi\/keskisuomalainen\/#website\",\"url\":\"https:\/\/oma.media.fi\/keskisuomalainen\/\",\"name\":\"Keskisuomalainen\",\"description\":\"\",\"potentialAction\":[{\"@type\":\"SearchAction\",\"target\":{\"@type\":\"EntryPoint\",\"urlTemplate\":\"https:\/\/oma.media.fi\/keskisuomalainen\/?s={search_term_string}\"},\"query-input\":{\"@type\":\"PropertyValueSpecification\",\"valueRequired\":true,\"valueName\":\"search_term_string\"}}],\"inLanguage\":\"fi\"}]}<\/script>\n<!-- \/ Yoast SEO plugin. -->","yoast_head_json":{"title":"Digi kuuluu kaikille - Keskisuomalainen","description":"My\u00f6s painetun lehden tilaajamme voivat nyt hy\u00f6dynt\u00e4\u00e4 n\u00e4k\u00f6islehte\u00e4, verkkopalvelua ja sovelluksiamme miss\u00e4 ja milloin vain.","robots":{"index":"noindex","follow":"follow"},"og_locale":"fi_FI","og_type":"article","og_title":"Digi kuuluu kaikille","og_description":"My\u00f6s painetun lehden tilaajamme voivat nyt hy\u00f6dynt\u00e4\u00e4 n\u00e4k\u00f6islehte\u00e4, verkkopalvelua ja sovelluksiamme miss\u00e4 ja milloin vain.","og_url":"https:\/\/oma.media.fi\/keskisuomalainen\/digituote\/","og_site_name":"Keskisuomalainen","article_modified_time":"2025-06-16T07:39:03+00:00","og_image":[{"width":40,"height":45,"url":"https:\/\/oma.media.fi\/keskisuomalainen\/wp-content\/uploads\/sites\/2\/2022\/01\/icon_verkkopalvelu.png","type":"image\/png"}],"twitter_card":"summary_large_image","twitter_misc":{"Arvioitu lukuaika":"3 minuuttia"},"schema":{"@context":"https:\/\/schema.org","@graph":[{"@type":"WebPage","@id":"https:\/\/oma.media.fi\/keskisuomalainen\/digituote\/","url":"https:\/\/oma.media.fi\/keskisuomalainen\/digituote\/","name":"Digi kuuluu kaikille - Keskisuomalainen","isPartOf":{"@id":"https:\/\/oma.media.fi\/keskisuomalainen\/#website"},"primaryImageOfPage":{"@id":"https:\/\/oma.media.fi\/keskisuomalainen\/digituote\/#primaryimage"},"image":{"@id":"https:\/\/oma.media.fi\/keskisuomalainen\/digituote\/#primaryimage"},"thumbnailUrl":"https:\/\/oma.media.fi\/keskisuomalainen\/wp-content\/uploads\/sites\/2\/2022\/01\/icon_verkkopalvelu.png","datePublished":"2022-10-14T06:19:02+00:00","dateModified":"2025-06-16T07:39:03+00:00","description":"My\u00f6s painetun lehden tilaajamme voivat nyt hy\u00f6dynt\u00e4\u00e4 n\u00e4k\u00f6islehte\u00e4, verkkopalvelua ja sovelluksiamme miss\u00e4 ja milloin vain.","breadcrumb":{"@id":"https:\/\/oma.media.fi\/keskisuomalainen\/digituote\/#breadcrumb"},"inLanguage":"fi","potentialAction":[{"@type":"ReadAction","target":["https:\/\/oma.media.fi\/keskisuomalainen\/digituote\/"]}]},{"@type":"ImageObject","inLanguage":"fi","@id":"https:\/\/oma.media.fi\/keskisuomalainen\/digituote\/#primaryimage","url":"https:\/\/oma.media.fi\/keskisuomalainen\/wp-content\/uploads\/sites\/2\/2022\/01\/icon_verkkopalvelu.png","contentUrl":"https:\/\/oma.media.fi\/keskisuomalainen\/wp-content\/uploads\/sites\/2\/2022\/01\/icon_verkkopalvelu.png","width":40,"height":45},{"@type":"BreadcrumbList","@id":"https:\/\/oma.media.fi\/keskisuomalainen\/digituote\/#breadcrumb","itemListElement":[{"@type":"ListItem","position":1,"name":"Etusivu","item":"https:\/\/oma.media.fi\/keskisuomalainen\/"},{"@type":"ListItem","position":2,"name":"Digi kuuluu kaikille"}]},{"@type":"WebSite","@id":"https:\/\/oma.media.fi\/keskisuomalainen\/#website","url":"https:\/\/oma.media.fi\/keskisuomalainen\/","name":"Keskisuomalainen","description":"","potentialAction":[{"@type":"SearchAction","target":{"@type":"EntryPoint","urlTemplate":"https:\/\/oma.media.fi\/keskisuomalainen\/?s={search_term_string}"},"query-input":{"@type":"PropertyValueSpecification","valueRequired":true,"valueName":"search_term_string"}}],"inLanguage":"fi"}]}},"publishpress_future_workflow_manual_trigger":{"enabledWorkflows":[]},"_links":{"self":[{"href":"https:\/\/oma.media.fi\/keskisuomalainen\/wp-json\/wp\/v2\/pages\/18518","targetHints":{"allow":["GET"]}}],"collection":[{"href":"https:\/\/oma.media.fi\/keskisuomalainen\/wp-json\/wp\/v2\/pages"}],"about":[{"href":"https:\/\/oma.media.fi\/keskisuomalainen\/wp-json\/wp\/v2\/types\/page"}],"author":[{"embeddable":true,"href":"https:\/\/oma.media.fi\/keskisuomalainen\/wp-json\/wp\/v2\/users\/6"}],"replies":[{"embeddable":true,"href":"https:\/\/oma.media.fi\/keskisuomalainen\/wp-json\/wp\/v2\/comments?post=18518"}],"version-history":[{"count":49,"href":"https:\/\/oma.media.fi\/keskisuomalainen\/wp-json\/wp\/v2\/pages\/18518\/revisions"}],"predecessor-version":[{"id":23182,"href":"https:\/\/oma.media.fi\/keskisuomalainen\/wp-json\/wp\/v2\/pages\/18518\/revisions\/23182"}],"wp:attachment":[{"href":"https:\/\/oma.media.fi\/keskisuomalainen\/wp-json\/wp\/v2\/media?parent=18518"}],"curies":[{"name":"wp","href":"https:\/\/api.w.org\/{rel}","templated":true}]}}