{"id":2005,"date":"2018-11-27T13:29:47","date_gmt":"2018-11-27T11:29:47","guid":{"rendered":"https:\/\/oma.media.fi\/keskisuomalainen\/?page_id=2005"},"modified":"2024-09-26T11:42:13","modified_gmt":"2024-09-26T08:42:13","slug":"keskisuomalaisen-museo","status":"publish","type":"page","link":"https:\/\/oma.media.fi\/keskisuomalainen\/keskisuomalaisen-museo\/","title":{"rendered":"Keskisuomalaisen museo"},"content":{"rendered":"<p>Keskisuomalaisen museo on yli 150-vuotiaan sanomalehti- paino- ja mediatalon aineellista ja aineetonta perinnett\u00e4 ja nykyp\u00e4iv\u00e4\u00e4 dokumentoiva, tallentava, tutkiva ja esittelev\u00e4 yritysmuseo. Museon kokoelmissa on s\u00e4hk\u00f6iseen tietokantaan luetteloituna noin 430 esinett\u00e4, 840 arkistodokumenttia ja 2750 valokuvaa. Museo perustettiin vuonna 1986.<\/p>\n<p>Keskisuomalaisen museo liittyi Keski-Suomen museon koordinoimaan yritys- ja laitosmuseoyhteisty\u00f6h\u00f6n vuonna 2002. Yhteisty\u00f6ss\u00e4 ovat mukana my\u00f6s Keski-Suomen sairaanhoitopiirin sairaalamuseo ja Metso Paperin omistama Rautpohjan tehdasmuseo. Yritys- ja laitosmuseoiden toiminnan suunnittelusta ja toteutuksesta vastaa amanuenssi Susanna Terho.<\/p>\n<p>Keskisuomalaisen museo ei ole avoinna yleis\u00f6lle.<\/p>\n<div id=\"attachment_2006\" style=\"width: 521px\" class=\"wp-caption alignnone\"><img loading=\"lazy\" decoding=\"async\" aria-describedby=\"caption-attachment-2006\" class=\"size-full wp-image-2006\" src=\"https:\/\/oma.media.fi\/keskisuomalainen\/wp-content\/uploads\/sites\/2\/2018\/11\/keskisuomalaisen-museo-kauppakadun-paino.jpg\" alt=\"\" width=\"511\" height=\"800\" srcset=\"https:\/\/oma.media.fi\/keskisuomalainen\/wp-content\/uploads\/sites\/2\/2018\/11\/keskisuomalaisen-museo-kauppakadun-paino.jpg 511w, https:\/\/oma.media.fi\/keskisuomalainen\/wp-content\/uploads\/sites\/2\/2018\/11\/keskisuomalaisen-museo-kauppakadun-paino-192x300.jpg 192w\" sizes=\"auto, (max-width: 511px) 100vw, 511px\" \/><p id=\"caption-attachment-2006\" class=\"wp-caption-text\">Keskisuomalainen, painokone, rotaatio, paino Kauppakadulla n 1930-luvulla. Vas. Emil Kyt\u00f6nen, Jussi Linstr\u00f6m ja Lauri Karelli. Taustalla oleva painokone oli k\u00e4yt\u00f6ss\u00e4 1929-1951.<\/p><\/div>\n","protected":false},"excerpt":{"rendered":"<p>Keskisuomalaisen museo on yli 150-vuotiaan sanomalehti- paino- ja mediatalon aineellista ja aineetonta perinnett\u00e4 ja nykyp\u00e4iv\u00e4\u00e4 dokumentoiva, tallentava, tutkiva ja esittelev\u00e4 yritysmuseo. Museon kokoelmissa on s\u00e4hk\u00f6iseen tietokantaan luetteloituna noin 430 esinett\u00e4, 840 arkistodokumenttia ja 2750 valokuvaa. Museo perustettiin vuonna 1986. Keskisuomalaisen museo liittyi Keski-Suomen museon koordinoimaan yritys- ja laitosmuseoyhteisty\u00f6h\u00f6n vuonna 2002. Yhteisty\u00f6ss\u00e4 ovat mukana my\u00f6s Keski-Suomen [&hellip;]<\/p>\n","protected":false},"author":1,"featured_media":0,"parent":0,"menu_order":0,"comment_status":"closed","ping_status":"closed","template":"template-keskisuomalaisen-museo.php","meta":{"_acf_changed":false,"footnotes":""},"class_list":["post-2005","page","type-page","status-publish","hentry"],"acf":[],"yoast_head":"<!-- This site is optimized with the Yoast SEO plugin v26.2 - https:\/\/yoast.com\/wordpress\/plugins\/seo\/ -->\n<title>Keskisuomalaisen museo - Keskisuomalainen<\/title>\n<meta name=\"description\" content=\"Keskisuomalaisen museo on yli 140 vuotiaan sanomalehti- paino- ja mediatalon perinnett\u00e4 ja nykyp\u00e4iv\u00e4\u00e4 tallentava, tutkiva ja esittelev\u00e4 museo.\" \/>\n<meta name=\"robots\" content=\"index, follow, max-snippet:-1, max-image-preview:large, max-video-preview:-1\" \/>\n<link rel=\"canonical\" href=\"https:\/\/oma.media.fi\/keskisuomalainen\/keskisuomalaisen-museo\/\" \/>\n<meta property=\"og:locale\" content=\"fi_FI\" \/>\n<meta property=\"og:type\" content=\"article\" \/>\n<meta property=\"og:title\" content=\"Keskisuomalaisen museo\" \/>\n<meta property=\"og:description\" content=\"Keskisuomalaisen museo on yli 140 vuotiaan sanomalehti- paino- ja mediatalon perinnett\u00e4 ja nykyp\u00e4iv\u00e4\u00e4 tallentava, tutkiva ja esittelev\u00e4 museo.\" \/>\n<meta property=\"og:url\" content=\"https:\/\/oma.media.fi\/keskisuomalainen\/keskisuomalaisen-museo\/\" \/>\n<meta property=\"og:site_name\" content=\"Keskisuomalainen\" \/>\n<meta property=\"article:modified_time\" content=\"2024-09-26T08:42:13+00:00\" \/>\n<meta property=\"og:image\" content=\"https:\/\/oma.media.fi\/keskisuomalainen\/wp-content\/uploads\/sites\/2\/2018\/11\/keskisuomalaisen-museo-kauppakadun-paino.jpg\" \/>\n<meta name=\"twitter:card\" content=\"summary_large_image\" \/>\n<meta name=\"twitter:label1\" content=\"Arvioitu lukuaika\" \/>\n\t<meta name=\"twitter:data1\" content=\"1 minuutti\" \/>\n<script type=\"application\/ld+json\" class=\"yoast-schema-graph\">{\"@context\":\"https:\/\/schema.org\",\"@graph\":[{\"@type\":\"WebPage\",\"@id\":\"https:\/\/oma.media.fi\/keskisuomalainen\/keskisuomalaisen-museo\/\",\"url\":\"https:\/\/oma.media.fi\/keskisuomalainen\/keskisuomalaisen-museo\/\",\"name\":\"Keskisuomalaisen museo - Keskisuomalainen\",\"isPartOf\":{\"@id\":\"https:\/\/oma.media.fi\/keskisuomalainen\/#website\"},\"primaryImageOfPage\":{\"@id\":\"https:\/\/oma.media.fi\/keskisuomalainen\/keskisuomalaisen-museo\/#primaryimage\"},\"image\":{\"@id\":\"https:\/\/oma.media.fi\/keskisuomalainen\/keskisuomalaisen-museo\/#primaryimage\"},\"thumbnailUrl\":\"https:\/\/oma.media.fi\/keskisuomalainen\/wp-content\/uploads\/sites\/2\/2018\/11\/keskisuomalaisen-museo-kauppakadun-paino.jpg\",\"datePublished\":\"2018-11-27T11:29:47+00:00\",\"dateModified\":\"2024-09-26T08:42:13+00:00\",\"description\":\"Keskisuomalaisen museo on yli 140 vuotiaan sanomalehti- paino- ja mediatalon perinnett\u00e4 ja nykyp\u00e4iv\u00e4\u00e4 tallentava, tutkiva ja esittelev\u00e4 museo.\",\"breadcrumb\":{\"@id\":\"https:\/\/oma.media.fi\/keskisuomalainen\/keskisuomalaisen-museo\/#breadcrumb\"},\"inLanguage\":\"fi\",\"potentialAction\":[{\"@type\":\"ReadAction\",\"target\":[\"https:\/\/oma.media.fi\/keskisuomalainen\/keskisuomalaisen-museo\/\"]}]},{\"@type\":\"ImageObject\",\"inLanguage\":\"fi\",\"@id\":\"https:\/\/oma.media.fi\/keskisuomalainen\/keskisuomalaisen-museo\/#primaryimage\",\"url\":\"https:\/\/oma.media.fi\/keskisuomalainen\/wp-content\/uploads\/sites\/2\/2018\/11\/keskisuomalaisen-museo-kauppakadun-paino.jpg\",\"contentUrl\":\"https:\/\/oma.media.fi\/keskisuomalainen\/wp-content\/uploads\/sites\/2\/2018\/11\/keskisuomalaisen-museo-kauppakadun-paino.jpg\",\"width\":511,\"height\":800,\"caption\":\"Keskisuomalainen, painokone, rotaatio, paino Kauppakadulla n 1930-luvulla. Vas. Emil Kyt\u00f6nen, Jussi Linstr\u00f6m ja Lauri Karelli. Taustalla oleva painokone oli k\u00e4yt\u00f6ss\u00e4 1929-1951.\"},{\"@type\":\"BreadcrumbList\",\"@id\":\"https:\/\/oma.media.fi\/keskisuomalainen\/keskisuomalaisen-museo\/#breadcrumb\",\"itemListElement\":[{\"@type\":\"ListItem\",\"position\":1,\"name\":\"Etusivu\",\"item\":\"https:\/\/oma.media.fi\/keskisuomalainen\/\"},{\"@type\":\"ListItem\",\"position\":2,\"name\":\"Keskisuomalaisen museo\"}]},{\"@type\":\"WebSite\",\"@id\":\"https:\/\/oma.media.fi\/keskisuomalainen\/#website\",\"url\":\"https:\/\/oma.media.fi\/keskisuomalainen\/\",\"name\":\"Keskisuomalainen\",\"description\":\"\",\"potentialAction\":[{\"@type\":\"SearchAction\",\"target\":{\"@type\":\"EntryPoint\",\"urlTemplate\":\"https:\/\/oma.media.fi\/keskisuomalainen\/?s={search_term_string}\"},\"query-input\":{\"@type\":\"PropertyValueSpecification\",\"valueRequired\":true,\"valueName\":\"search_term_string\"}}],\"inLanguage\":\"fi\"}]}<\/script>\n<!-- \/ Yoast SEO plugin. -->","yoast_head_json":{"title":"Keskisuomalaisen museo - Keskisuomalainen","description":"Keskisuomalaisen museo on yli 140 vuotiaan sanomalehti- paino- ja mediatalon perinnett\u00e4 ja nykyp\u00e4iv\u00e4\u00e4 tallentava, tutkiva ja esittelev\u00e4 museo.","robots":{"index":"index","follow":"follow","max-snippet":"max-snippet:-1","max-image-preview":"max-image-preview:large","max-video-preview":"max-video-preview:-1"},"canonical":"https:\/\/oma.media.fi\/keskisuomalainen\/keskisuomalaisen-museo\/","og_locale":"fi_FI","og_type":"article","og_title":"Keskisuomalaisen museo","og_description":"Keskisuomalaisen museo on yli 140 vuotiaan sanomalehti- paino- ja mediatalon perinnett\u00e4 ja nykyp\u00e4iv\u00e4\u00e4 tallentava, tutkiva ja esittelev\u00e4 museo.","og_url":"https:\/\/oma.media.fi\/keskisuomalainen\/keskisuomalaisen-museo\/","og_site_name":"Keskisuomalainen","article_modified_time":"2024-09-26T08:42:13+00:00","og_image":[{"url":"https:\/\/oma.media.fi\/keskisuomalainen\/wp-content\/uploads\/sites\/2\/2018\/11\/keskisuomalaisen-museo-kauppakadun-paino.jpg","type":"","width":"","height":""}],"twitter_card":"summary_large_image","twitter_misc":{"Arvioitu lukuaika":"1 minuutti"},"schema":{"@context":"https:\/\/schema.org","@graph":[{"@type":"WebPage","@id":"https:\/\/oma.media.fi\/keskisuomalainen\/keskisuomalaisen-museo\/","url":"https:\/\/oma.media.fi\/keskisuomalainen\/keskisuomalaisen-museo\/","name":"Keskisuomalaisen museo - Keskisuomalainen","isPartOf":{"@id":"https:\/\/oma.media.fi\/keskisuomalainen\/#website"},"primaryImageOfPage":{"@id":"https:\/\/oma.media.fi\/keskisuomalainen\/keskisuomalaisen-museo\/#primaryimage"},"image":{"@id":"https:\/\/oma.media.fi\/keskisuomalainen\/keskisuomalaisen-museo\/#primaryimage"},"thumbnailUrl":"https:\/\/oma.media.fi\/keskisuomalainen\/wp-content\/uploads\/sites\/2\/2018\/11\/keskisuomalaisen-museo-kauppakadun-paino.jpg","datePublished":"2018-11-27T11:29:47+00:00","dateModified":"2024-09-26T08:42:13+00:00","description":"Keskisuomalaisen museo on yli 140 vuotiaan sanomalehti- paino- ja mediatalon perinnett\u00e4 ja nykyp\u00e4iv\u00e4\u00e4 tallentava, tutkiva ja esittelev\u00e4 museo.","breadcrumb":{"@id":"https:\/\/oma.media.fi\/keskisuomalainen\/keskisuomalaisen-museo\/#breadcrumb"},"inLanguage":"fi","potentialAction":[{"@type":"ReadAction","target":["https:\/\/oma.media.fi\/keskisuomalainen\/keskisuomalaisen-museo\/"]}]},{"@type":"ImageObject","inLanguage":"fi","@id":"https:\/\/oma.media.fi\/keskisuomalainen\/keskisuomalaisen-museo\/#primaryimage","url":"https:\/\/oma.media.fi\/keskisuomalainen\/wp-content\/uploads\/sites\/2\/2018\/11\/keskisuomalaisen-museo-kauppakadun-paino.jpg","contentUrl":"https:\/\/oma.media.fi\/keskisuomalainen\/wp-content\/uploads\/sites\/2\/2018\/11\/keskisuomalaisen-museo-kauppakadun-paino.jpg","width":511,"height":800,"caption":"Keskisuomalainen, painokone, rotaatio, paino Kauppakadulla n 1930-luvulla. Vas. Emil Kyt\u00f6nen, Jussi Linstr\u00f6m ja Lauri Karelli. Taustalla oleva painokone oli k\u00e4yt\u00f6ss\u00e4 1929-1951."},{"@type":"BreadcrumbList","@id":"https:\/\/oma.media.fi\/keskisuomalainen\/keskisuomalaisen-museo\/#breadcrumb","itemListElement":[{"@type":"ListItem","position":1,"name":"Etusivu","item":"https:\/\/oma.media.fi\/keskisuomalainen\/"},{"@type":"ListItem","position":2,"name":"Keskisuomalaisen museo"}]},{"@type":"WebSite","@id":"https:\/\/oma.media.fi\/keskisuomalainen\/#website","url":"https:\/\/oma.media.fi\/keskisuomalainen\/","name":"Keskisuomalainen","description":"","potentialAction":[{"@type":"SearchAction","target":{"@type":"EntryPoint","urlTemplate":"https:\/\/oma.media.fi\/keskisuomalainen\/?s={search_term_string}"},"query-input":{"@type":"PropertyValueSpecification","valueRequired":true,"valueName":"search_term_string"}}],"inLanguage":"fi"}]}},"publishpress_future_workflow_manual_trigger":{"enabledWorkflows":[]},"_links":{"self":[{"href":"https:\/\/oma.media.fi\/keskisuomalainen\/wp-json\/wp\/v2\/pages\/2005","targetHints":{"allow":["GET"]}}],"collection":[{"href":"https:\/\/oma.media.fi\/keskisuomalainen\/wp-json\/wp\/v2\/pages"}],"about":[{"href":"https:\/\/oma.media.fi\/keskisuomalainen\/wp-json\/wp\/v2\/types\/page"}],"author":[{"embeddable":true,"href":"https:\/\/oma.media.fi\/keskisuomalainen\/wp-json\/wp\/v2\/users\/1"}],"replies":[{"embeddable":true,"href":"https:\/\/oma.media.fi\/keskisuomalainen\/wp-json\/wp\/v2\/comments?post=2005"}],"version-history":[{"count":6,"href":"https:\/\/oma.media.fi\/keskisuomalainen\/wp-json\/wp\/v2\/pages\/2005\/revisions"}],"predecessor-version":[{"id":21982,"href":"https:\/\/oma.media.fi\/keskisuomalainen\/wp-json\/wp\/v2\/pages\/2005\/revisions\/21982"}],"wp:attachment":[{"href":"https:\/\/oma.media.fi\/keskisuomalainen\/wp-json\/wp\/v2\/media?parent=2005"}],"curies":[{"name":"wp","href":"https:\/\/api.w.org\/{rel}","templated":true}]}}