{"id":3520,"date":"2019-01-22T15:16:23","date_gmt":"2019-01-22T13:16:23","guid":{"rendered":"https:\/\/oma.media.fi\/keskisuomalainen\/?page_id=3520"},"modified":"2026-03-25T10:27:37","modified_gmt":"2026-03-25T08:27:37","slug":"toimituksen-yhteystiedot","status":"publish","type":"page","link":"https:\/\/oma.media.fi\/keskisuomalainen\/yhteystiedot\/toimituksen-yhteystiedot\/","title":{"rendered":"Toimituksen yhteystiedot"},"content":{"rendered":"<p>S\u00e4hk\u00f6postit: &#x65;&#116;u&#x6e;&#x69;&#109;i&#x2e;&#x73;&#117;k&#x75;&#110;i&#x6d;&#x69;&#64;k&#x65;&#x73;&#107;i&#x73;&#117;&#111;&#x6d;&#x61;&#108;a&#x69;&#x6e;&#101;n&#x2e;&#102;&#105;<\/p>\n<h3>Toimituksen johto<\/h3>\n<ul>\n<li>Vastaava p\u00e4\u00e4toimittaja Pekka Mervola 014 622 250,\u00a0050\u00a0554 9435<\/li>\n<li>P\u00e4\u00e4toimittajan sihteeri Ulla Kelloniemi 014 622 251<\/li>\n<li>Varap\u00e4\u00e4toimittaja Inkeri Pasanen 014 622 253<\/li>\n<li>Uutisp\u00e4\u00e4llikk\u00f6 Keijo Lehto 014 622 258<\/li>\n<\/ul>\n<h3>Uutistoimitus<\/h3>\n<p><a href=\"&#109;&#x61;i&#x6c;t&#111;&#x3a;&#117;&#x75;t&#105;&#x73;&#101;&#x74;&#64;&#x6b;&#x65;&#115;&#x6b;i&#x73;u&#111;&#x6d;&#97;&#x6c;a&#105;&#x6e;&#101;&#x6e;&#46;&#102;&#x69;\">&#117;&#117;&#x74;&#x69;&#115;&#101;&#x74;&#x40;&#107;&#101;&#x73;&#x6b;&#105;&#115;&#x75;&#x6f;&#109;&#97;&#x6c;&#x61;&#105;&#110;&#x65;&#x6e;&#46;&#102;&#x69;<\/a><\/p>\n<ul>\n<li>Uutistuottaja Heidi Pitk\u00e4nen 014 622 269<\/li>\n<li>Verkon esihenkil\u00f6 Teemu Rauhala 050 469 8517 (vapaalla)<\/li>\n<li>Verkon esihenkil\u00f6 Tommi Salo 040 518 8134<\/li>\n<li>Toimittaja Satu Kakkori 050 571 2810<\/li>\n<li>Toimittaja Riikka Minkkinen 044\u00a0406 2224<\/li>\n<li>Toimittaja Heli Paananen 050 549 1828<\/li>\n<li>Toimittaja Rai Suihkonen 050 383 4539<\/li>\n<li>Toimittaja Aino \u00c4ss\u00e4m\u00e4ki 044 406 2404<\/li>\n<li>Informaatikko Jaana Ojala 014 622 241<\/li>\n<li>Toimittaja Eetu Salmi<\/li>\n<li>Toimittaja Marilla Parhiala<\/li>\n<li>Toimittaja Sini Riekki<\/li>\n<li>Toimittaja Niklas Pelkonen<\/li>\n<li>Toimittaja Sara Yliluoma<\/li>\n<li>Toimittaja Ville Hard\u00e9n<\/li>\n<li>Toimittaja Jaakko Vilmusenaho<\/li>\n<\/ul>\n<h3>Toimitussihteerit<\/h3>\n<ul>\n<li>Ulkoasutuottaja Pieta Forssell-Nieminen 050 376 1217<\/li>\n<li>Toimitussihteeri Esa Koski<\/li>\n<li>Toimitussihteeri Tomi Tuomaala<\/li>\n<li>Toimitussihteeri Seija Suihkonen<\/li>\n<li>Toimitussihteeri Oona Komonen<\/li>\n<li>Toimitussihteeri Markus Mattlar<\/li>\n<\/ul>\n<h3>Toimittajat alueilla<\/h3>\n<ul>\n<li>J\u00e4ms\u00e4, Keuruu: Emma Nikander 040 826 3285<\/li>\n<li>Pihtipudas, Kinnula: Tuija Siidorow 040 579 2767<\/li>\n<li>\u00c4\u00e4nekoski, Saarij\u00e4rvi: Maarit Vaaherkumpu 050 376 1231<\/li>\n<\/ul>\n<h3>P\u00e4\u00e4kirjoitussivu ja mielipide<\/h3>\n<p><a href=\"&#109;&#x61;i&#108;&#x74;o&#58;&#x6d;i&#x65;&#x6c;&#105;&#x70;i&#100;&#x65;&#64;&#107;&#x65;s&#x6b;&#x69;&#115;&#x75;&#x6f;&#109;&#x61;l&#97;&#x69;n&#101;&#x6e;&#46;&#x66;&#x69;\">mielipide&#64;keskisuomalain&#101;&#110;&#46;&#102;&#105;<\/a><\/p>\n<ul>\n<li>P\u00e4\u00e4kirjoitustoimittaja Anita K\u00e4rki 014 622 231<\/li>\n<li>P\u00e4\u00e4kirjoitustoimittaja Pauliina Ylitalo 040 569 6193<\/li>\n<\/ul>\n<h3>Talous<\/h3>\n<p><a href=\"mai&#108;&#116;&#111;&#x3a;&#x74;&#x61;&#x6c;&#x6f;&#x75;s&#64;k&#101;&#115;&#107;&#105;&#x73;&#x75;&#x6f;&#x6d;&#x61;&#x6c;ain&#101;&#110;&#46;&#x66;&#x69;\">&#x74;a&#x6c;o&#x75;&#115;&#x40;&#107;e&#x73;k&#x69;&#115;&#x75;&#111;&#x6d;&#97;l&#x61;i&#x6e;&#101;&#x6e;&#46;&#x66;&#x69;<\/a><\/p>\n<ul>\n<li>Toimittaja Heli Kiukkonen 040 821 2538<\/li>\n<li>Toimittaja Eija Marja-aho 050 469 8514<\/li>\n<\/ul>\n<h3>Ulkomaat<\/h3>\n<p><a href=\"&#x6d;&#x61;&#x69;&#x6c;&#116;&#111;&#58;&#117;lko&#x6d;&#x61;&#x61;&#x74;&#x40;&#107;&#101;&#115;kis&#x75;&#x6f;&#x6d;&#x61;&#x6c;&#97;&#105;&#110;en&#46;&#x66;&#x69;\">&#117;&#x6c;&#x6b;&#111;&#x6d;&#x61;&#97;&#x74;&#x40;&#107;&#x65;&#x73;&#107;&#x69;&#x73;&#117;&#x6f;&#x6d;&#97;&#x6c;&#x61;&#105;&#x6e;&#x65;&#110;&#x2e;&#x66;i<\/a><\/p>\n<ul>\n<li>Toimittaja Janne Yl\u00e4joki 014 622 305<\/li>\n<\/ul>\n<h3>Urheilu<\/h3>\n<p><a href=\"&#109;&#x61;&#105;&#x6c;t&#x6f;:&#117;&#x72;&#104;&#x65;&#105;&#x6c;u&#x40;k&#101;&#x73;&#107;&#x69;s&#x75;o&#x6d;&#x61;&#108;&#x61;&#105;&#x6e;e&#x6e;&#46;&#102;&#x69;\">&#x75;r&#x68;&#101;i&#x6c;&#117;&#x40;&#107;e&#x73;&#107;&#x69;&#115;u&#x6f;&#109;&#x61;&#x6c;a&#x69;&#110;e&#x6e;&#46;&#x66;&#105;<\/a><\/p>\n<ul>\n<li>Esihenkil\u00f6 Heikki K\u00e4rki 050 469 8505<\/li>\n<li>Toimittaja Heikki L\u00f6fman 040 038 0494<\/li>\n<li>Toimittaja Tommi Roimela 014 622 312<\/li>\n<\/ul>\n<h3>T\u00e4n\u00e4\u00e4n<\/h3>\n<p><a href=\"&#109;&#x61;&#105;&#x6c;&#116;&#x6f;&#58;&#x74;&#97;&#x6e;&#97;&#x61;n&#x40;k&#x65;s&#x6b;i&#x73;u&#x6f;m&#97;&#x6c;&#97;&#x69;&#110;&#x65;&#110;&#x2e;&#102;&#x69;\">tan&#97;&#97;&#110;&#64;&#x6b;&#x65;&#x73;&#x6b;&#x69;&#x73;&#x75;oma&#108;&#97;&#105;&#110;&#101;&#x6e;&#x2e;&#x66;&#x69;<\/a><\/p>\n<ul>\n<li>Tuottaja Anni Kettunen 050 4698 506<\/li>\n<li>Toimittaja Mikko Lundell 0400 134 155 (vapaalla)<\/li>\n<li>Toimittaja Essi Rikama 040 655 0444<\/li>\n<li>Toimittaja Ira Blomberg-Kantsila 050 594 5836<\/li>\n<\/ul>\n<h3>Kulttuuri<\/h3>\n<p><a href=\"&#x6d;&#x61;&#x69;&#x6c;&#x74;&#x6f;&#x3a;&#x6b;&#x75;&#x6c;&#x74;&#116;&#117;&#117;&#114;&#105;&#64;&#107;eskisu&#x6f;&#x6d;&#x61;&#x6c;&#x61;&#x69;&#x6e;&#x65;&#x6e;&#x2e;&#x66;&#x69;\">&#107;&#x75;&#x6c;t&#116;&#x75;u&#114;&#x69;&#x40;&#107;&#x65;&#x73;k&#105;&#x73;u&#111;&#x6d;&#x61;&#108;&#x61;&#x69;n&#101;&#x6e;&#46;&#102;&#x69;<\/a><\/p>\n<ul>\n<li>Esihenkil\u00f6 Sari Toivakka 014 622 260<\/li>\n<li>Toimittaja Ville Waali 050 064 5747<\/li>\n<\/ul>\n<h3>Televisio<\/h3>\n<p><a href=\"&#x6d;&#x61;&#x69;&#108;&#116;&#111;:o&#x68;&#x6a;&#x65;&#x6c;&#109;&#97;ti&#x65;&#x64;&#x6f;&#x74;&#64;&#107;es&#x6b;&#x69;&#x73;&#x75;&#111;&#109;&#97;la&#x69;&#x6e;&#x65;&#x6e;&#46;&#102;i\">&#111;&#x68;j&#101;&#x6c;m&#x61;&#x74;&#105;&#x65;d&#111;&#x74;&#64;&#107;&#x65;&#115;&#x6b;i&#115;&#x75;o&#109;&#x61;&#108;&#x61;&#x69;&#110;&#x65;n&#46;&#x66;i<\/a><\/p>\n<ul>\n<li>Toimittaja Marko Ahonen<\/li>\n<\/ul>\n<h3>Teemat ja liitteet<\/h3>\n<ul>\n<li>Tuottaja (Autot ja liikenne, Asumisen paikka) Ari M\u00e4ntyl\u00e4 014 622 409<\/li>\n<li>Tuottaja (Yritykset ja ty\u00f6el\u00e4m\u00e4, Er\u00e4 ja luonto) Timo Sillanp\u00e4\u00e4 0400 747 281<\/li>\n<\/ul>\n<h3>Kuvakeskus<\/h3>\n<p><a href=\"m&#97;&#105;&#x6c;&#x74;o&#58;&#107;&#x75;&#x76;&#x61;a&#109;&#111;&#x40;&#x6b;es&#107;&#x69;&#x73;&#x75;o&#109;&#97;&#x6c;&#x61;in&#101;&#x6e;&#x2e;&#x66;i\">&#107;&#x75;&#x76;a&#97;&#x6d;o&#64;&#x6b;&#x65;s&#107;&#x69;s&#117;&#x6f;&#x6d;a&#108;&#x61;i&#110;&#x65;&#x6e;&#46;&#102;&#x69;<\/a><\/p>\n<ul>\n<li>Kuvatuottaja Hanna Marjanen 050\u00a0549 1831<\/li>\n<li>Kuvaaja Marko Kauko 044 406 3409<\/li>\n<li><span class=\"ui-provider a b c d e f g h i j k l m n o p q r s t u v w x y z ab ac ae af ag ah ai aj ak\" dir=\"ltr\">Kuvaaja Sami Saarenp\u00e4\u00e4 040 688 8873<\/span><\/li>\n<li>Kuvaaja Agata Anttonen<\/li>\n<\/ul>\n<h3>Grafiikka ja ulkoasu<\/h3>\n<p><a href=\"mailto&#58;&#103;&#114;&#97;&#97;&#102;&#105;&#x6b;&#x6f;&#x74;&#x40;&#x6b;&#x65;&#x73;&#x6b;&#x69;&#x73;&#x75;&#x6f;malain&#101;&#110;&#46;&#102;&#105;\">&#103;&#x72;a&#97;&#x66;i&#107;&#x6f;t&#x40;&#x6b;&#101;&#x73;k&#105;&#x73;u&#111;&#x6d;a&#x6c;&#x61;&#105;&#x6e;&#x65;&#110;&#x2e;f&#105;<\/a><\/p>\n<ul>\n<li>Graafikko Suvi Lantta <span data-teams=\"true\"><span class=\"ui-provider a b c d e f g h i j k l m n o p q r s t u v w x y z ab ac ae af ag ah ai aj ak\" dir=\"ltr\">0503761223<\/span><\/span><\/li>\n<li>Graafikko Minna Rosti 040 620 730<\/li>\n<\/ul>\n<h3><strong>Uutissuomalainen ja Sunnuntaisuomalainen<\/strong><\/h3>\n<p>Keskisuomalainen on mukana useiden sanomalehtien yhteistoimituksissa Uutissuomalaisessa ja Sunnuntaisuomalaisessa. <a href=\"https:\/\/www.uutissuomalainen.fi\/\">Katso Uutissuomalaisen ja Sunnuntaisuomalaisen yhteystiedot<\/a>.<\/p>\n<h1><\/h1>\n","protected":false},"excerpt":{"rendered":"<p>S\u00e4hk\u00f6postit: &#x65;t&#x75;&#110;&#x69;&#109;i&#x2e;&#115;&#x75;&#107;u&#x6e;&#105;&#x6d;&#105;&#64;&#x6b;e&#x73;&#107;&#x69;&#x73;u&#x6f;&#109;&#x61;&#108;a&#x69;&#110;&#x65;&#110;&#46;&#x66;i Toimituksen johto Vastaava p\u00e4\u00e4toimittaja Pekka Mervola 014 622 250,\u00a0050\u00a0554 9435 P\u00e4\u00e4toimittajan sihteeri Ulla Kelloniemi 014 622 251 Varap\u00e4\u00e4toimittaja Inkeri Pasanen 014 622 253 Uutisp\u00e4\u00e4llikk\u00f6 Keijo Lehto 014 622 258 Uutistoimitus &#117;&#x75;&#116;&#x69;&#115;&#x65;&#116;&#x40;&#107;&#x65;&#115;&#x6b;&#105;&#x73;&#117;&#x6f;&#109;&#x61;&#108;&#x61;&#105;&#x6e;&#101;&#x6e;&#46;&#x66;&#105; Uutistuottaja Heidi Pitk\u00e4nen 014 622 269 Verkon esihenkil\u00f6 Teemu Rauhala 050 469 8517 (vapaalla) Verkon esihenkil\u00f6 Tommi Salo 040 518 8134 Toimittaja [&hellip;]<\/p>\n","protected":false},"author":3,"featured_media":0,"parent":29,"menu_order":0,"comment_status":"closed","ping_status":"closed","template":"","meta":{"_acf_changed":false,"footnotes":""},"class_list":["post-3520","page","type-page","status-publish","hentry"],"acf":[],"yoast_head":"<!-- This site is optimized with the Yoast SEO plugin v26.2 - https:\/\/yoast.com\/wordpress\/plugins\/seo\/ -->\n<title>Toimituksen yhteystiedot - Keskisuomalainen<\/title>\n<meta name=\"description\" content=\"Sanomalehti Keskisuomalaisen toimituksen yhteystiedot. S\u00e4hk\u00f6postit: etunimi.sukunimi@keskisuomalainen.fi. Ota yhteytt\u00e4 toimitukseemme!\" \/>\n<meta name=\"robots\" content=\"index, follow, max-snippet:-1, max-image-preview:large, max-video-preview:-1\" \/>\n<link rel=\"canonical\" href=\"https:\/\/oma.media.fi\/keskisuomalainen\/yhteystiedot\/toimituksen-yhteystiedot\/\" \/>\n<meta property=\"og:locale\" content=\"fi_FI\" \/>\n<meta property=\"og:type\" content=\"article\" \/>\n<meta property=\"og:title\" content=\"Toimituksen yhteystiedot\" \/>\n<meta property=\"og:description\" content=\"Sanomalehti Keskisuomalaisen toimituksen yhteystiedot. S\u00e4hk\u00f6postit: etunimi.sukunimi@keskisuomalainen.fi. Ota yhteytt\u00e4 toimitukseemme!\" \/>\n<meta property=\"og:url\" content=\"https:\/\/oma.media.fi\/keskisuomalainen\/yhteystiedot\/toimituksen-yhteystiedot\/\" \/>\n<meta property=\"og:site_name\" content=\"Keskisuomalainen\" \/>\n<meta property=\"article:modified_time\" content=\"2026-03-25T08:27:37+00:00\" \/>\n<meta name=\"twitter:card\" content=\"summary_large_image\" \/>\n<meta name=\"twitter:label1\" content=\"Arvioitu lukuaika\" \/>\n\t<meta name=\"twitter:data1\" content=\"3 minuuttia\" \/>\n<script type=\"application\/ld+json\" class=\"yoast-schema-graph\">{\"@context\":\"https:\/\/schema.org\",\"@graph\":[{\"@type\":\"WebPage\",\"@id\":\"https:\/\/oma.media.fi\/keskisuomalainen\/yhteystiedot\/toimituksen-yhteystiedot\/\",\"url\":\"https:\/\/oma.media.fi\/keskisuomalainen\/yhteystiedot\/toimituksen-yhteystiedot\/\",\"name\":\"Toimituksen yhteystiedot - Keskisuomalainen\",\"isPartOf\":{\"@id\":\"https:\/\/oma.media.fi\/keskisuomalainen\/#website\"},\"datePublished\":\"2019-01-22T13:16:23+00:00\",\"dateModified\":\"2026-03-25T08:27:37+00:00\",\"description\":\"Sanomalehti Keskisuomalaisen toimituksen yhteystiedot. S\u00e4hk\u00f6postit: etunimi.sukunimi@keskisuomalainen.fi. Ota yhteytt\u00e4 toimitukseemme!\",\"breadcrumb\":{\"@id\":\"https:\/\/oma.media.fi\/keskisuomalainen\/yhteystiedot\/toimituksen-yhteystiedot\/#breadcrumb\"},\"inLanguage\":\"fi\",\"potentialAction\":[{\"@type\":\"ReadAction\",\"target\":[\"https:\/\/oma.media.fi\/keskisuomalainen\/yhteystiedot\/toimituksen-yhteystiedot\/\"]}]},{\"@type\":\"BreadcrumbList\",\"@id\":\"https:\/\/oma.media.fi\/keskisuomalainen\/yhteystiedot\/toimituksen-yhteystiedot\/#breadcrumb\",\"itemListElement\":[{\"@type\":\"ListItem\",\"position\":1,\"name\":\"Etusivu\",\"item\":\"https:\/\/oma.media.fi\/keskisuomalainen\/\"},{\"@type\":\"ListItem\",\"position\":2,\"name\":\"Yhteystiedot\",\"item\":\"https:\/\/oma.media.fi\/keskisuomalainen\/yhteystiedot\/\"},{\"@type\":\"ListItem\",\"position\":3,\"name\":\"Toimituksen yhteystiedot\"}]},{\"@type\":\"WebSite\",\"@id\":\"https:\/\/oma.media.fi\/keskisuomalainen\/#website\",\"url\":\"https:\/\/oma.media.fi\/keskisuomalainen\/\",\"name\":\"Keskisuomalainen\",\"description\":\"\",\"potentialAction\":[{\"@type\":\"SearchAction\",\"target\":{\"@type\":\"EntryPoint\",\"urlTemplate\":\"https:\/\/oma.media.fi\/keskisuomalainen\/?s={search_term_string}\"},\"query-input\":{\"@type\":\"PropertyValueSpecification\",\"valueRequired\":true,\"valueName\":\"search_term_string\"}}],\"inLanguage\":\"fi\"}]}<\/script>\n<!-- \/ Yoast SEO plugin. -->","yoast_head_json":{"title":"Toimituksen yhteystiedot - Keskisuomalainen","description":"Sanomalehti Keskisuomalaisen toimituksen yhteystiedot. S\u00e4hk\u00f6postit: etunimi.sukunimi@keskisuomalainen.fi. Ota yhteytt\u00e4 toimitukseemme!","robots":{"index":"index","follow":"follow","max-snippet":"max-snippet:-1","max-image-preview":"max-image-preview:large","max-video-preview":"max-video-preview:-1"},"canonical":"https:\/\/oma.media.fi\/keskisuomalainen\/yhteystiedot\/toimituksen-yhteystiedot\/","og_locale":"fi_FI","og_type":"article","og_title":"Toimituksen yhteystiedot","og_description":"Sanomalehti Keskisuomalaisen toimituksen yhteystiedot. S\u00e4hk\u00f6postit: etunimi.sukunimi@keskisuomalainen.fi. Ota yhteytt\u00e4 toimitukseemme!","og_url":"https:\/\/oma.media.fi\/keskisuomalainen\/yhteystiedot\/toimituksen-yhteystiedot\/","og_site_name":"Keskisuomalainen","article_modified_time":"2026-03-25T08:27:37+00:00","twitter_card":"summary_large_image","twitter_misc":{"Arvioitu lukuaika":"3 minuuttia"},"schema":{"@context":"https:\/\/schema.org","@graph":[{"@type":"WebPage","@id":"https:\/\/oma.media.fi\/keskisuomalainen\/yhteystiedot\/toimituksen-yhteystiedot\/","url":"https:\/\/oma.media.fi\/keskisuomalainen\/yhteystiedot\/toimituksen-yhteystiedot\/","name":"Toimituksen yhteystiedot - Keskisuomalainen","isPartOf":{"@id":"https:\/\/oma.media.fi\/keskisuomalainen\/#website"},"datePublished":"2019-01-22T13:16:23+00:00","dateModified":"2026-03-25T08:27:37+00:00","description":"Sanomalehti Keskisuomalaisen toimituksen yhteystiedot. S\u00e4hk\u00f6postit: etunimi.sukunimi@keskisuomalainen.fi. Ota yhteytt\u00e4 toimitukseemme!","breadcrumb":{"@id":"https:\/\/oma.media.fi\/keskisuomalainen\/yhteystiedot\/toimituksen-yhteystiedot\/#breadcrumb"},"inLanguage":"fi","potentialAction":[{"@type":"ReadAction","target":["https:\/\/oma.media.fi\/keskisuomalainen\/yhteystiedot\/toimituksen-yhteystiedot\/"]}]},{"@type":"BreadcrumbList","@id":"https:\/\/oma.media.fi\/keskisuomalainen\/yhteystiedot\/toimituksen-yhteystiedot\/#breadcrumb","itemListElement":[{"@type":"ListItem","position":1,"name":"Etusivu","item":"https:\/\/oma.media.fi\/keskisuomalainen\/"},{"@type":"ListItem","position":2,"name":"Yhteystiedot","item":"https:\/\/oma.media.fi\/keskisuomalainen\/yhteystiedot\/"},{"@type":"ListItem","position":3,"name":"Toimituksen yhteystiedot"}]},{"@type":"WebSite","@id":"https:\/\/oma.media.fi\/keskisuomalainen\/#website","url":"https:\/\/oma.media.fi\/keskisuomalainen\/","name":"Keskisuomalainen","description":"","potentialAction":[{"@type":"SearchAction","target":{"@type":"EntryPoint","urlTemplate":"https:\/\/oma.media.fi\/keskisuomalainen\/?s={search_term_string}"},"query-input":{"@type":"PropertyValueSpecification","valueRequired":true,"valueName":"search_term_string"}}],"inLanguage":"fi"}]}},"publishpress_future_workflow_manual_trigger":{"enabledWorkflows":[]},"_links":{"self":[{"href":"https:\/\/oma.media.fi\/keskisuomalainen\/wp-json\/wp\/v2\/pages\/3520","targetHints":{"allow":["GET"]}}],"collection":[{"href":"https:\/\/oma.media.fi\/keskisuomalainen\/wp-json\/wp\/v2\/pages"}],"about":[{"href":"https:\/\/oma.media.fi\/keskisuomalainen\/wp-json\/wp\/v2\/types\/page"}],"author":[{"embeddable":true,"href":"https:\/\/oma.media.fi\/keskisuomalainen\/wp-json\/wp\/v2\/users\/3"}],"replies":[{"embeddable":true,"href":"https:\/\/oma.media.fi\/keskisuomalainen\/wp-json\/wp\/v2\/comments?post=3520"}],"version-history":[{"count":69,"href":"https:\/\/oma.media.fi\/keskisuomalainen\/wp-json\/wp\/v2\/pages\/3520\/revisions"}],"predecessor-version":[{"id":24023,"href":"https:\/\/oma.media.fi\/keskisuomalainen\/wp-json\/wp\/v2\/pages\/3520\/revisions\/24023"}],"up":[{"embeddable":true,"href":"https:\/\/oma.media.fi\/keskisuomalainen\/wp-json\/wp\/v2\/pages\/29"}],"wp:attachment":[{"href":"https:\/\/oma.media.fi\/keskisuomalainen\/wp-json\/wp\/v2\/media?parent=3520"}],"curies":[{"name":"wp","href":"https:\/\/api.w.org\/{rel}","templated":true}]}}