{"id":4576,"date":"2019-02-13T13:48:57","date_gmt":"2019-02-13T11:48:57","guid":{"rendered":"https:\/\/oma.media.fi\/koillis-savo\/tilauslaskutus\/yrityksen-laskutustavat\/"},"modified":"2026-01-02T10:34:46","modified_gmt":"2026-01-02T08:34:46","slug":"yrityksen-laskutustavat","status":"publish","type":"page","link":"https:\/\/oma.media.fi\/koillis-savo\/tilauslaskutus\/yrityksen-laskutustavat\/","title":{"rendered":"Lehtitilausten laskutus- ja maksutavat yrityksille"},"content":{"rendered":"<p><a href=\"https:\/\/oma.media.fi\/koillis-savo\/wp-content\/uploads\/sites\/12\/2019\/12\/20102045-business-teamwork.jpg\"><img loading=\"lazy\" decoding=\"async\" class=\" wp-image-5006 alignright\" src=\"https:\/\/oma.media.fi\/koillis-savo\/wp-content\/uploads\/sites\/12\/2019\/12\/20102045-business-teamwork.jpg\" alt=\"Lehtitilausmaksutavat yrityksille\" width=\"350\" height=\"233\" srcset=\"https:\/\/oma.media.fi\/koillis-savo\/wp-content\/uploads\/sites\/12\/2019\/12\/20102045-business-teamwork.jpg 800w, https:\/\/oma.media.fi\/koillis-savo\/wp-content\/uploads\/sites\/12\/2019\/12\/20102045-business-teamwork-300x200.jpg 300w, https:\/\/oma.media.fi\/koillis-savo\/wp-content\/uploads\/sites\/12\/2019\/12\/20102045-business-teamwork-768x513.jpg 768w, https:\/\/oma.media.fi\/koillis-savo\/wp-content\/uploads\/sites\/12\/2019\/12\/20102045-business-teamwork-600x400.jpg 600w\" sizes=\"auto, (max-width: 350px) 100vw, 350px\" \/><\/a>Lehtitilausten laskutus- ja maksutapana yrityksille tarjoamme <strong>verkkolaskun<\/strong>, <strong>s\u00e4hk\u00f6postilaskun<\/strong> tai <strong>paperilaskun<\/strong> postitse. Lasku toimitetaan asiakkaalle niin, ett\u00e4 er\u00e4p\u00e4iv\u00e4\u00e4n on aikaa n. 14 p\u00e4iv\u00e4\u00e4.\u00a0Verkkolasku toimitetaan yritykselle ilman kuluja. Ilmoita verkkolaskuosoitteesi <a href=\"https:\/\/oma.media.fi\/koillis-savo\/yhteystiedot\/ota-yhteytta\/\">asiakaspalveluumme<\/a> ja saat jatkossa yrityksesi laskun verkkolaskuna.<\/p>\n<p>S\u00e4hk\u00f6postilasku: Ilmoita oman lehtesi asiakaspalveluun, ett\u00e4 haluat vastaisuudessa tilauslaskusi s\u00e4hk\u00f6postiisi. Ilmoita samalla my\u00f6s s\u00e4hk\u00f6postiosoitteesi, johon haluat vastaanottaa tilauslaskusi. K\u00e4tevimmin teet ilmoituksen <a href=\"https:\/\/oma.media.fi\/koillis-savo\/yhteystiedot\/ota-yhteytta\/\">lomakkeella<\/a>.<\/p>\n<p>Postitse toimitettava lasku tai s\u00e4hk\u00f6postilasku on maksettava omassa verkkopankissa, pankkikonttorissa tai muussa maksupalveluja tarjoavissa pisteiss\u00e4 (esim. <a href=\"https:\/\/www.r-kioski.fi\/palvelut\/maksaminen\/\" target=\"_blank\" rel=\"noopener noreferrer\">R- kioski<\/a>) tai asiakaspalvelupisteess\u00e4mme. Postitse toimitettavaan paperilaskuun lis\u00e4t\u00e4\u00e4n 4.90 euron k\u00e4sittely- ja postituskulu (sis. alv %).<\/p>\n<p><strong>Oma tunniste\/viite laskulle: <\/strong>Laskulle on mahdollista lis\u00e4t\u00e4 viitetieto tai tunniste, joka helpottaa laskun tili\u00f6inti\u00e4 yrityksess\u00e4nne. <a href=\"https:\/\/oma.media.fi\/koillis-savo\/yhteystiedot\/ota-yhteytta\/\">Ilmoita meille laskun viitetieto<\/a>.<\/p>\n","protected":false},"excerpt":{"rendered":"<p>Lehtitilausten laskutus- ja maksutapana yrityksille tarjoamme verkkolaskun, s\u00e4hk\u00f6postilaskun tai paperilaskun postitse. Lasku toimitetaan asiakkaalle niin, ett\u00e4 er\u00e4p\u00e4iv\u00e4\u00e4n on aikaa n. 14 p\u00e4iv\u00e4\u00e4.\u00a0Verkkolasku toimitetaan yritykselle ilman kuluja. Ilmoita verkkolaskuosoitteesi asiakaspalveluumme ja saat jatkossa yrityksesi laskun verkkolaskuna. S\u00e4hk\u00f6postilasku: Ilmoita oman lehtesi asiakaspalveluun, ett\u00e4 haluat vastaisuudessa tilauslaskusi s\u00e4hk\u00f6postiisi. Ilmoita samalla my\u00f6s s\u00e4hk\u00f6postiosoitteesi, johon haluat vastaanottaa tilauslaskusi. K\u00e4tevimmin teet [&hellip;]<\/p>\n","protected":false},"author":1,"featured_media":0,"parent":562,"menu_order":0,"comment_status":"closed","ping_status":"closed","template":"","meta":{"_acf_changed":false,"footnotes":""},"class_list":["post-4576","page","type-page","status-publish","hentry"],"acf":[],"yoast_head":"<!-- This site is optimized with the Yoast SEO plugin v26.2 - https:\/\/yoast.com\/wordpress\/plugins\/seo\/ -->\n<title>Lehtitilausten laskutus- ja maksutavat yrityksille - Koillis-Savo<\/title>\n<meta name=\"description\" content=\"Mediakonserni Keskisuomalaisen tilattavien lehtien laskutus- ja maksutavat yrityksille. Valittavana on verkkolasku, s\u00e4hk\u00f6postilasku tai paperilasku postitse.\" \/>\n<meta name=\"robots\" content=\"index, follow, max-snippet:-1, max-image-preview:large, max-video-preview:-1\" \/>\n<link rel=\"canonical\" href=\"https:\/\/oma.media.fi\/koillis-savo\/tilauslaskutus\/yrityksen-laskutustavat\/\" \/>\n<meta property=\"og:locale\" content=\"fi_FI\" \/>\n<meta property=\"og:type\" content=\"article\" \/>\n<meta property=\"og:title\" content=\"Lehtitilausten laskutus- ja maksutavat yrityksille\" \/>\n<meta property=\"og:description\" content=\"Mediakonserni Keskisuomalaisen tilattavien lehtien laskutus- ja maksutavat yrityksille. Valittavana on verkkolasku, s\u00e4hk\u00f6postilasku tai paperilasku postitse.\" \/>\n<meta property=\"og:url\" content=\"https:\/\/oma.media.fi\/koillis-savo\/tilauslaskutus\/yrityksen-laskutustavat\/\" \/>\n<meta property=\"og:site_name\" content=\"Koillis-Savo\" \/>\n<meta property=\"article:modified_time\" content=\"2026-01-02T08:34:46+00:00\" \/>\n<meta property=\"og:image\" content=\"https:\/\/oma.media.fi\/koillis-savo\/wp-content\/uploads\/sites\/12\/2019\/12\/20102045-business-teamwork.jpg\" \/>\n\t<meta property=\"og:image:width\" content=\"800\" \/>\n\t<meta property=\"og:image:height\" content=\"534\" \/>\n\t<meta property=\"og:image:type\" content=\"image\/jpeg\" \/>\n<meta name=\"twitter:card\" content=\"summary_large_image\" \/>\n<meta name=\"twitter:label1\" content=\"Arvioitu lukuaika\" \/>\n\t<meta name=\"twitter:data1\" content=\"1 minuutti\" \/>\n<script type=\"application\/ld+json\" class=\"yoast-schema-graph\">{\"@context\":\"https:\/\/schema.org\",\"@graph\":[{\"@type\":\"WebPage\",\"@id\":\"https:\/\/oma.media.fi\/koillis-savo\/tilauslaskutus\/yrityksen-laskutustavat\/\",\"url\":\"https:\/\/oma.media.fi\/koillis-savo\/tilauslaskutus\/yrityksen-laskutustavat\/\",\"name\":\"Lehtitilausten laskutus- ja maksutavat yrityksille - Koillis-Savo\",\"isPartOf\":{\"@id\":\"https:\/\/oma.media.fi\/koillis-savo\/#website\"},\"primaryImageOfPage\":{\"@id\":\"https:\/\/oma.media.fi\/koillis-savo\/tilauslaskutus\/yrityksen-laskutustavat\/#primaryimage\"},\"image\":{\"@id\":\"https:\/\/oma.media.fi\/koillis-savo\/tilauslaskutus\/yrityksen-laskutustavat\/#primaryimage\"},\"thumbnailUrl\":\"https:\/\/oma.media.fi\/koillis-savo\/wp-content\/uploads\/sites\/12\/2019\/12\/20102045-business-teamwork.jpg\",\"datePublished\":\"2019-02-13T11:48:57+00:00\",\"dateModified\":\"2026-01-02T08:34:46+00:00\",\"description\":\"Mediakonserni Keskisuomalaisen tilattavien lehtien laskutus- ja maksutavat yrityksille. Valittavana on verkkolasku, s\u00e4hk\u00f6postilasku tai paperilasku postitse.\",\"breadcrumb\":{\"@id\":\"https:\/\/oma.media.fi\/koillis-savo\/tilauslaskutus\/yrityksen-laskutustavat\/#breadcrumb\"},\"inLanguage\":\"fi\",\"potentialAction\":[{\"@type\":\"ReadAction\",\"target\":[\"https:\/\/oma.media.fi\/koillis-savo\/tilauslaskutus\/yrityksen-laskutustavat\/\"]}]},{\"@type\":\"ImageObject\",\"inLanguage\":\"fi\",\"@id\":\"https:\/\/oma.media.fi\/koillis-savo\/tilauslaskutus\/yrityksen-laskutustavat\/#primaryimage\",\"url\":\"https:\/\/oma.media.fi\/koillis-savo\/wp-content\/uploads\/sites\/12\/2019\/12\/20102045-business-teamwork.jpg\",\"contentUrl\":\"https:\/\/oma.media.fi\/koillis-savo\/wp-content\/uploads\/sites\/12\/2019\/12\/20102045-business-teamwork.jpg\"},{\"@type\":\"BreadcrumbList\",\"@id\":\"https:\/\/oma.media.fi\/koillis-savo\/tilauslaskutus\/yrityksen-laskutustavat\/#breadcrumb\",\"itemListElement\":[{\"@type\":\"ListItem\",\"position\":1,\"name\":\"Etusivu\",\"item\":\"https:\/\/oma.media.fi\/koillis-savo\/\"},{\"@type\":\"ListItem\",\"position\":2,\"name\":\"Tilauslaskutus\",\"item\":\"https:\/\/oma.media.fi\/koillis-savo\/tilauslaskutus\/\"},{\"@type\":\"ListItem\",\"position\":3,\"name\":\"Lehtitilausten laskutus- ja maksutavat yrityksille\"}]},{\"@type\":\"WebSite\",\"@id\":\"https:\/\/oma.media.fi\/koillis-savo\/#website\",\"url\":\"https:\/\/oma.media.fi\/koillis-savo\/\",\"name\":\"Koillis-Savo\",\"description\":\"\",\"potentialAction\":[{\"@type\":\"SearchAction\",\"target\":{\"@type\":\"EntryPoint\",\"urlTemplate\":\"https:\/\/oma.media.fi\/koillis-savo\/?s={search_term_string}\"},\"query-input\":{\"@type\":\"PropertyValueSpecification\",\"valueRequired\":true,\"valueName\":\"search_term_string\"}}],\"inLanguage\":\"fi\"}]}<\/script>\n<!-- \/ Yoast SEO plugin. -->","yoast_head_json":{"title":"Lehtitilausten laskutus- ja maksutavat yrityksille - Koillis-Savo","description":"Mediakonserni Keskisuomalaisen tilattavien lehtien laskutus- ja maksutavat yrityksille. Valittavana on verkkolasku, s\u00e4hk\u00f6postilasku tai paperilasku postitse.","robots":{"index":"index","follow":"follow","max-snippet":"max-snippet:-1","max-image-preview":"max-image-preview:large","max-video-preview":"max-video-preview:-1"},"canonical":"https:\/\/oma.media.fi\/koillis-savo\/tilauslaskutus\/yrityksen-laskutustavat\/","og_locale":"fi_FI","og_type":"article","og_title":"Lehtitilausten laskutus- ja maksutavat yrityksille","og_description":"Mediakonserni Keskisuomalaisen tilattavien lehtien laskutus- ja maksutavat yrityksille. Valittavana on verkkolasku, s\u00e4hk\u00f6postilasku tai paperilasku postitse.","og_url":"https:\/\/oma.media.fi\/koillis-savo\/tilauslaskutus\/yrityksen-laskutustavat\/","og_site_name":"Koillis-Savo","article_modified_time":"2026-01-02T08:34:46+00:00","og_image":[{"width":800,"height":534,"url":"https:\/\/oma.media.fi\/koillis-savo\/wp-content\/uploads\/sites\/12\/2019\/12\/20102045-business-teamwork.jpg","type":"image\/jpeg"}],"twitter_card":"summary_large_image","twitter_misc":{"Arvioitu lukuaika":"1 minuutti"},"schema":{"@context":"https:\/\/schema.org","@graph":[{"@type":"WebPage","@id":"https:\/\/oma.media.fi\/koillis-savo\/tilauslaskutus\/yrityksen-laskutustavat\/","url":"https:\/\/oma.media.fi\/koillis-savo\/tilauslaskutus\/yrityksen-laskutustavat\/","name":"Lehtitilausten laskutus- ja maksutavat yrityksille - Koillis-Savo","isPartOf":{"@id":"https:\/\/oma.media.fi\/koillis-savo\/#website"},"primaryImageOfPage":{"@id":"https:\/\/oma.media.fi\/koillis-savo\/tilauslaskutus\/yrityksen-laskutustavat\/#primaryimage"},"image":{"@id":"https:\/\/oma.media.fi\/koillis-savo\/tilauslaskutus\/yrityksen-laskutustavat\/#primaryimage"},"thumbnailUrl":"https:\/\/oma.media.fi\/koillis-savo\/wp-content\/uploads\/sites\/12\/2019\/12\/20102045-business-teamwork.jpg","datePublished":"2019-02-13T11:48:57+00:00","dateModified":"2026-01-02T08:34:46+00:00","description":"Mediakonserni Keskisuomalaisen tilattavien lehtien laskutus- ja maksutavat yrityksille. Valittavana on verkkolasku, s\u00e4hk\u00f6postilasku tai paperilasku postitse.","breadcrumb":{"@id":"https:\/\/oma.media.fi\/koillis-savo\/tilauslaskutus\/yrityksen-laskutustavat\/#breadcrumb"},"inLanguage":"fi","potentialAction":[{"@type":"ReadAction","target":["https:\/\/oma.media.fi\/koillis-savo\/tilauslaskutus\/yrityksen-laskutustavat\/"]}]},{"@type":"ImageObject","inLanguage":"fi","@id":"https:\/\/oma.media.fi\/koillis-savo\/tilauslaskutus\/yrityksen-laskutustavat\/#primaryimage","url":"https:\/\/oma.media.fi\/koillis-savo\/wp-content\/uploads\/sites\/12\/2019\/12\/20102045-business-teamwork.jpg","contentUrl":"https:\/\/oma.media.fi\/koillis-savo\/wp-content\/uploads\/sites\/12\/2019\/12\/20102045-business-teamwork.jpg"},{"@type":"BreadcrumbList","@id":"https:\/\/oma.media.fi\/koillis-savo\/tilauslaskutus\/yrityksen-laskutustavat\/#breadcrumb","itemListElement":[{"@type":"ListItem","position":1,"name":"Etusivu","item":"https:\/\/oma.media.fi\/koillis-savo\/"},{"@type":"ListItem","position":2,"name":"Tilauslaskutus","item":"https:\/\/oma.media.fi\/koillis-savo\/tilauslaskutus\/"},{"@type":"ListItem","position":3,"name":"Lehtitilausten laskutus- ja maksutavat yrityksille"}]},{"@type":"WebSite","@id":"https:\/\/oma.media.fi\/koillis-savo\/#website","url":"https:\/\/oma.media.fi\/koillis-savo\/","name":"Koillis-Savo","description":"","potentialAction":[{"@type":"SearchAction","target":{"@type":"EntryPoint","urlTemplate":"https:\/\/oma.media.fi\/koillis-savo\/?s={search_term_string}"},"query-input":{"@type":"PropertyValueSpecification","valueRequired":true,"valueName":"search_term_string"}}],"inLanguage":"fi"}]}},"publishpress_future_action":{"enabled":false,"date":"2026-04-21 23:51:29","action":"change-status","newStatus":"draft","terms":[],"taxonomy":"","extraData":[]},"publishpress_future_workflow_manual_trigger":{"enabledWorkflows":[]},"_links":{"self":[{"href":"https:\/\/oma.media.fi\/koillis-savo\/wp-json\/wp\/v2\/pages\/4576","targetHints":{"allow":["GET"]}}],"collection":[{"href":"https:\/\/oma.media.fi\/koillis-savo\/wp-json\/wp\/v2\/pages"}],"about":[{"href":"https:\/\/oma.media.fi\/koillis-savo\/wp-json\/wp\/v2\/types\/page"}],"author":[{"embeddable":true,"href":"https:\/\/oma.media.fi\/koillis-savo\/wp-json\/wp\/v2\/users\/1"}],"replies":[{"embeddable":true,"href":"https:\/\/oma.media.fi\/koillis-savo\/wp-json\/wp\/v2\/comments?post=4576"}],"version-history":[{"count":33,"href":"https:\/\/oma.media.fi\/koillis-savo\/wp-json\/wp\/v2\/pages\/4576\/revisions"}],"predecessor-version":[{"id":15061,"href":"https:\/\/oma.media.fi\/koillis-savo\/wp-json\/wp\/v2\/pages\/4576\/revisions\/15061"}],"up":[{"embeddable":true,"href":"https:\/\/oma.media.fi\/koillis-savo\/wp-json\/wp\/v2\/pages\/562"}],"wp:attachment":[{"href":"https:\/\/oma.media.fi\/koillis-savo\/wp-json\/wp\/v2\/media?parent=4576"}],"curies":[{"name":"wp","href":"https:\/\/api.w.org\/{rel}","templated":true}]}}