{"id":76,"date":"2018-11-20T12:45:40","date_gmt":"2018-11-20T10:45:40","guid":{"rendered":"https:\/\/oma.media.fi\/kouvolan-sanomat\/tilauslaskutus\/sahkopostilasku\/"},"modified":"2026-02-10T12:54:24","modified_gmt":"2026-02-10T10:54:24","slug":"sahkopostilasku","status":"publish","type":"page","link":"https:\/\/oma.media.fi\/kouvolan-sanomat\/tilauslaskutus\/sahkopostilasku\/","title":{"rendered":"S\u00e4hk\u00f6postilasku"},"content":{"rendered":"<p><a href=\"https:\/\/oma.media.fi\/kouvolan-sanomat\/wp-content\/uploads\/sites\/44\/2020\/03\/32106579-businesswoman-pointing-invoice-on-laptop-screen-to-her.jpg\"><img loading=\"lazy\" decoding=\"async\" class=\" wp-image-78 alignright\" src=\"https:\/\/oma.media.fi\/kouvolan-sanomat\/wp-content\/uploads\/sites\/44\/2020\/03\/32106579-businesswoman-pointing-invoice-on-laptop-screen-to-her.jpg\" alt=\"S\u00e4hk\u00f6postilasku s\u00e4hk\u00f6postiisi\" width=\"336\" height=\"224\" srcset=\"https:\/\/oma.media.fi\/kouvolan-sanomat\/wp-content\/uploads\/sites\/44\/2020\/03\/32106579-businesswoman-pointing-invoice-on-laptop-screen-to-her.jpg 800w, https:\/\/oma.media.fi\/kouvolan-sanomat\/wp-content\/uploads\/sites\/44\/2020\/03\/32106579-businesswoman-pointing-invoice-on-laptop-screen-to-her-300x200.jpg 300w, https:\/\/oma.media.fi\/kouvolan-sanomat\/wp-content\/uploads\/sites\/44\/2020\/03\/32106579-businesswoman-pointing-invoice-on-laptop-screen-to-her-768x512.jpg 768w, https:\/\/oma.media.fi\/kouvolan-sanomat\/wp-content\/uploads\/sites\/44\/2020\/03\/32106579-businesswoman-pointing-invoice-on-laptop-screen-to-her-600x400.jpg 600w\" sizes=\"auto, (max-width: 336px) 100vw, 336px\" \/><\/a><\/p>\n<p data-start=\"95\" data-end=\"164\"><strong data-start=\"95\" data-end=\"164\">S\u00e4hk\u00f6postilasku on helppo, nopea ja edullinen tapa hoitaa laskut.<\/strong><\/p>\n<p data-start=\"166\" data-end=\"380\">S\u00e4hk\u00f6postilasku on paperiton lasku, joka tulee suoraan s\u00e4hk\u00f6postiisi PDF-liitteen\u00e4. Se n\u00e4ytt\u00e4\u00e4 aivan samalta kuin paperilasku ja sis\u00e4lt\u00e4\u00e4 kaikki tutut tiedot. Maksaminen tapahtuu ihan samalla tavalla kuin ennenkin.<\/p>\n<p data-start=\"382\" data-end=\"651\">Valitsemalla s\u00e4hk\u00f6postilaskun saat laskun perille nopeammin kuin postitse. Samalla s\u00e4\u00e4st\u00e4t paperia ja teet ymp\u00e4rist\u00f6yst\u00e4v\u00e4llisen valinnan. <strong data-start=\"521\" data-end=\"603\">Lis\u00e4ksi s\u00e4\u00e4st\u00e4t k\u00e4sittely- ja postituslis\u00e4n 4,90 euroa jokaista laskua kohden. <\/strong>Laskutusrytmi ja maksuaika pysyv\u00e4t ennallaan.<\/p>\n<p data-start=\"653\" data-end=\"761\">Laskun mukana saat virtuaaliviivakoodin, jonka avulla maksaminen k\u00e4y erityisen vaivattomasti verkkopankissa.<\/p>\n<p>Siirry <strong>maksuttomaan ja helppoon s\u00e4hk\u00f6postilaskuun t\u00e4ytt\u00e4m\u00e4ll\u00e4 <a href=\"https:\/\/oma.media.fi\/kouvolan-sanomat\/yhteystiedot\/ota-yhteytta\/\" target=\"_blank\" rel=\"noopener\">lomake.<\/a><\/strong><\/p>\n<p data-start=\"843\" data-end=\"881\"><strong data-start=\"843\" data-end=\"881\">Pid\u00e4 s\u00e4hk\u00f6postiosoite ajan tasalla<\/strong><\/p>\n<p data-start=\"883\" data-end=\"1136\">Jotta lasku tulee varmasti perille, huolehdithan, ett\u00e4 s\u00e4hk\u00f6postiosoitteesi on oikein ja ajan tasalla. Jos vaihdat s\u00e4hk\u00f6postiosoitetta, ilmoita siit\u00e4 meille erikseen. Pelkk\u00e4 kirjautumiss\u00e4hk\u00f6postin vaihtaminen ei muuta s\u00e4hk\u00f6postilaskun toimitusosoitetta.<\/p>\n<p data-start=\"1143\" data-end=\"1176\"><strong data-start=\"1143\" data-end=\"1176\">Vinkki helpompaan maksamiseen<\/strong><\/p>\n<p data-start=\"1178\" data-end=\"1377\">Kopioi virtuaaliviivakoodi s\u00e4hk\u00f6postista ja liit\u00e4 se verkkopankin \u201dLue viivakoodi\u201d -kentt\u00e4\u00e4n. T\u00e4ll\u00f6in tilinumero, summa, er\u00e4p\u00e4iv\u00e4 ja viitenumero t\u00e4yttyv\u00e4t automaattisesti. Maksaminen hoituu hetkess\u00e4.<\/p>\n<p data-start=\"1384\" data-end=\"1433\"><strong data-start=\"1384\" data-end=\"1433\">N\u00e4in varmistat, ettei lasku mene roskapostiin<\/strong><\/p>\n<p data-start=\"1435\" data-end=\"1557\">Joskus s\u00e4hk\u00f6postilasku voi p\u00e4\u00e4ty\u00e4 roskapostikansioon. Jos et l\u00f6yd\u00e4 laskua Saapuneet-kansiosta, tarkista my\u00f6s muut kansiot.<\/p>\n<p data-start=\"1559\" data-end=\"1606\">Jotta laskut tulevat jatkossa varmasti perille:<\/p>\n<ul data-start=\"1607\" data-end=\"1731\">\n<li data-start=\"1607\" data-end=\"1678\">\n<p data-start=\"1609\" data-end=\"1678\">lis\u00e4\u00e4 l\u00e4hett\u00e4j\u00e4n s\u00e4hk\u00f6postiosoite luotettavien l\u00e4hett\u00e4jien listalle<\/p>\n<\/li>\n<li data-start=\"1679\" data-end=\"1731\">\n<p data-start=\"1681\" data-end=\"1731\">tarkista s\u00e4hk\u00f6postipalvelusi roskapostiasetukset<\/p>\n<\/li>\n<\/ul>\n<p data-start=\"1733\" data-end=\"1881\">Huomioithan, ett\u00e4 roskapostiin joutunut viesti voidaan poistaa automaattisesti jo 1\u201330 p\u00e4iv\u00e4n kuluessa. Asetukset vaihtelevat palveluntarjoajittain.<\/p>\n","protected":false},"excerpt":{"rendered":"<p>S\u00e4hk\u00f6postilasku on helppo, nopea ja edullinen tapa hoitaa laskut. S\u00e4hk\u00f6postilasku on paperiton lasku, joka tulee suoraan s\u00e4hk\u00f6postiisi PDF-liitteen\u00e4. Se n\u00e4ytt\u00e4\u00e4 aivan samalta kuin paperilasku ja sis\u00e4lt\u00e4\u00e4 kaikki tutut tiedot. Maksaminen tapahtuu ihan samalla tavalla kuin ennenkin. Valitsemalla s\u00e4hk\u00f6postilaskun saat laskun perille nopeammin kuin postitse. Samalla s\u00e4\u00e4st\u00e4t paperia ja teet ymp\u00e4rist\u00f6yst\u00e4v\u00e4llisen valinnan. Lis\u00e4ksi s\u00e4\u00e4st\u00e4t k\u00e4sittely- ja [&hellip;]<\/p>\n","protected":false},"author":1,"featured_media":0,"parent":64,"menu_order":0,"comment_status":"closed","ping_status":"closed","template":"","meta":{"_acf_changed":false,"footnotes":""},"class_list":["post-76","page","type-page","status-publish","hentry"],"acf":[],"yoast_head":"<!-- This site is optimized with the Yoast SEO plugin v26.2 - https:\/\/yoast.com\/wordpress\/plugins\/seo\/ -->\n<title>S\u00e4hk\u00f6postilasku - Kouvolan Sanomat<\/title>\n<meta name=\"description\" content=\"Mediatalo Keskisuomalaisen tilattavien lehtien tilauslaskut on saatavissa s\u00e4hk\u00f6postilaskuna. Lue lis\u00e4\u00e4 ja ilmoita s\u00e4hk\u00f6postisi asiakaspalveluumme!\" \/>\n<meta name=\"robots\" content=\"index, follow, max-snippet:-1, max-image-preview:large, max-video-preview:-1\" \/>\n<link rel=\"canonical\" href=\"https:\/\/oma.media.fi\/kouvolan-sanomat\/tilauslaskutus\/sahkopostilasku\/\" \/>\n<meta property=\"og:locale\" content=\"fi_FI\" \/>\n<meta property=\"og:type\" content=\"article\" \/>\n<meta property=\"og:title\" content=\"S\u00e4hk\u00f6postilasku\" \/>\n<meta property=\"og:description\" content=\"Mediatalo Keskisuomalaisen tilattavien lehtien tilauslaskut on saatavissa s\u00e4hk\u00f6postilaskuna. Lue lis\u00e4\u00e4 ja ilmoita s\u00e4hk\u00f6postisi asiakaspalveluumme!\" \/>\n<meta property=\"og:url\" content=\"https:\/\/oma.media.fi\/kouvolan-sanomat\/tilauslaskutus\/sahkopostilasku\/\" \/>\n<meta property=\"og:site_name\" content=\"Kouvolan Sanomat\" \/>\n<meta property=\"article:modified_time\" content=\"2026-02-10T10:54:24+00:00\" \/>\n<meta property=\"og:image\" content=\"https:\/\/oma.media.fi\/kouvolan-sanomat\/wp-content\/uploads\/sites\/44\/2020\/03\/32106579-businesswoman-pointing-invoice-on-laptop-screen-to-her.jpg\" \/>\n\t<meta property=\"og:image:width\" content=\"800\" \/>\n\t<meta property=\"og:image:height\" content=\"533\" \/>\n\t<meta property=\"og:image:type\" content=\"image\/jpeg\" \/>\n<meta name=\"twitter:card\" content=\"summary_large_image\" \/>\n<meta name=\"twitter:label1\" content=\"Arvioitu lukuaika\" \/>\n\t<meta name=\"twitter:data1\" content=\"2 minuuttia\" \/>\n<script type=\"application\/ld+json\" class=\"yoast-schema-graph\">{\"@context\":\"https:\/\/schema.org\",\"@graph\":[{\"@type\":\"WebPage\",\"@id\":\"https:\/\/oma.media.fi\/kouvolan-sanomat\/tilauslaskutus\/sahkopostilasku\/\",\"url\":\"https:\/\/oma.media.fi\/kouvolan-sanomat\/tilauslaskutus\/sahkopostilasku\/\",\"name\":\"S\u00e4hk\u00f6postilasku - Kouvolan Sanomat\",\"isPartOf\":{\"@id\":\"https:\/\/oma.media.fi\/kouvolan-sanomat\/#website\"},\"primaryImageOfPage\":{\"@id\":\"https:\/\/oma.media.fi\/kouvolan-sanomat\/tilauslaskutus\/sahkopostilasku\/#primaryimage\"},\"image\":{\"@id\":\"https:\/\/oma.media.fi\/kouvolan-sanomat\/tilauslaskutus\/sahkopostilasku\/#primaryimage\"},\"thumbnailUrl\":\"https:\/\/oma.media.fi\/kouvolan-sanomat\/wp-content\/uploads\/sites\/44\/2020\/03\/32106579-businesswoman-pointing-invoice-on-laptop-screen-to-her.jpg\",\"datePublished\":\"2018-11-20T10:45:40+00:00\",\"dateModified\":\"2026-02-10T10:54:24+00:00\",\"description\":\"Mediatalo Keskisuomalaisen tilattavien lehtien tilauslaskut on saatavissa s\u00e4hk\u00f6postilaskuna. Lue lis\u00e4\u00e4 ja ilmoita s\u00e4hk\u00f6postisi asiakaspalveluumme!\",\"breadcrumb\":{\"@id\":\"https:\/\/oma.media.fi\/kouvolan-sanomat\/tilauslaskutus\/sahkopostilasku\/#breadcrumb\"},\"inLanguage\":\"fi\",\"potentialAction\":[{\"@type\":\"ReadAction\",\"target\":[\"https:\/\/oma.media.fi\/kouvolan-sanomat\/tilauslaskutus\/sahkopostilasku\/\"]}]},{\"@type\":\"ImageObject\",\"inLanguage\":\"fi\",\"@id\":\"https:\/\/oma.media.fi\/kouvolan-sanomat\/tilauslaskutus\/sahkopostilasku\/#primaryimage\",\"url\":\"https:\/\/oma.media.fi\/kouvolan-sanomat\/wp-content\/uploads\/sites\/44\/2020\/03\/32106579-businesswoman-pointing-invoice-on-laptop-screen-to-her.jpg\",\"contentUrl\":\"https:\/\/oma.media.fi\/kouvolan-sanomat\/wp-content\/uploads\/sites\/44\/2020\/03\/32106579-businesswoman-pointing-invoice-on-laptop-screen-to-her.jpg\"},{\"@type\":\"BreadcrumbList\",\"@id\":\"https:\/\/oma.media.fi\/kouvolan-sanomat\/tilauslaskutus\/sahkopostilasku\/#breadcrumb\",\"itemListElement\":[{\"@type\":\"ListItem\",\"position\":1,\"name\":\"Etusivu\",\"item\":\"https:\/\/oma.media.fi\/kouvolan-sanomat\/\"},{\"@type\":\"ListItem\",\"position\":2,\"name\":\"Tilauslaskutus\",\"item\":\"https:\/\/oma.media.fi\/kouvolan-sanomat\/tilauslaskutus\/\"},{\"@type\":\"ListItem\",\"position\":3,\"name\":\"S\u00e4hk\u00f6postilasku\"}]},{\"@type\":\"WebSite\",\"@id\":\"https:\/\/oma.media.fi\/kouvolan-sanomat\/#website\",\"url\":\"https:\/\/oma.media.fi\/kouvolan-sanomat\/\",\"name\":\"Kouvolan Sanomat\",\"description\":\"\",\"potentialAction\":[{\"@type\":\"SearchAction\",\"target\":{\"@type\":\"EntryPoint\",\"urlTemplate\":\"https:\/\/oma.media.fi\/kouvolan-sanomat\/?s={search_term_string}\"},\"query-input\":{\"@type\":\"PropertyValueSpecification\",\"valueRequired\":true,\"valueName\":\"search_term_string\"}}],\"inLanguage\":\"fi\"}]}<\/script>\n<!-- \/ Yoast SEO plugin. -->","yoast_head_json":{"title":"S\u00e4hk\u00f6postilasku - Kouvolan Sanomat","description":"Mediatalo Keskisuomalaisen tilattavien lehtien tilauslaskut on saatavissa s\u00e4hk\u00f6postilaskuna. Lue lis\u00e4\u00e4 ja ilmoita s\u00e4hk\u00f6postisi asiakaspalveluumme!","robots":{"index":"index","follow":"follow","max-snippet":"max-snippet:-1","max-image-preview":"max-image-preview:large","max-video-preview":"max-video-preview:-1"},"canonical":"https:\/\/oma.media.fi\/kouvolan-sanomat\/tilauslaskutus\/sahkopostilasku\/","og_locale":"fi_FI","og_type":"article","og_title":"S\u00e4hk\u00f6postilasku","og_description":"Mediatalo Keskisuomalaisen tilattavien lehtien tilauslaskut on saatavissa s\u00e4hk\u00f6postilaskuna. Lue lis\u00e4\u00e4 ja ilmoita s\u00e4hk\u00f6postisi asiakaspalveluumme!","og_url":"https:\/\/oma.media.fi\/kouvolan-sanomat\/tilauslaskutus\/sahkopostilasku\/","og_site_name":"Kouvolan Sanomat","article_modified_time":"2026-02-10T10:54:24+00:00","og_image":[{"width":800,"height":533,"url":"https:\/\/oma.media.fi\/kouvolan-sanomat\/wp-content\/uploads\/sites\/44\/2020\/03\/32106579-businesswoman-pointing-invoice-on-laptop-screen-to-her.jpg","type":"image\/jpeg"}],"twitter_card":"summary_large_image","twitter_misc":{"Arvioitu lukuaika":"2 minuuttia"},"schema":{"@context":"https:\/\/schema.org","@graph":[{"@type":"WebPage","@id":"https:\/\/oma.media.fi\/kouvolan-sanomat\/tilauslaskutus\/sahkopostilasku\/","url":"https:\/\/oma.media.fi\/kouvolan-sanomat\/tilauslaskutus\/sahkopostilasku\/","name":"S\u00e4hk\u00f6postilasku - Kouvolan Sanomat","isPartOf":{"@id":"https:\/\/oma.media.fi\/kouvolan-sanomat\/#website"},"primaryImageOfPage":{"@id":"https:\/\/oma.media.fi\/kouvolan-sanomat\/tilauslaskutus\/sahkopostilasku\/#primaryimage"},"image":{"@id":"https:\/\/oma.media.fi\/kouvolan-sanomat\/tilauslaskutus\/sahkopostilasku\/#primaryimage"},"thumbnailUrl":"https:\/\/oma.media.fi\/kouvolan-sanomat\/wp-content\/uploads\/sites\/44\/2020\/03\/32106579-businesswoman-pointing-invoice-on-laptop-screen-to-her.jpg","datePublished":"2018-11-20T10:45:40+00:00","dateModified":"2026-02-10T10:54:24+00:00","description":"Mediatalo Keskisuomalaisen tilattavien lehtien tilauslaskut on saatavissa s\u00e4hk\u00f6postilaskuna. Lue lis\u00e4\u00e4 ja ilmoita s\u00e4hk\u00f6postisi asiakaspalveluumme!","breadcrumb":{"@id":"https:\/\/oma.media.fi\/kouvolan-sanomat\/tilauslaskutus\/sahkopostilasku\/#breadcrumb"},"inLanguage":"fi","potentialAction":[{"@type":"ReadAction","target":["https:\/\/oma.media.fi\/kouvolan-sanomat\/tilauslaskutus\/sahkopostilasku\/"]}]},{"@type":"ImageObject","inLanguage":"fi","@id":"https:\/\/oma.media.fi\/kouvolan-sanomat\/tilauslaskutus\/sahkopostilasku\/#primaryimage","url":"https:\/\/oma.media.fi\/kouvolan-sanomat\/wp-content\/uploads\/sites\/44\/2020\/03\/32106579-businesswoman-pointing-invoice-on-laptop-screen-to-her.jpg","contentUrl":"https:\/\/oma.media.fi\/kouvolan-sanomat\/wp-content\/uploads\/sites\/44\/2020\/03\/32106579-businesswoman-pointing-invoice-on-laptop-screen-to-her.jpg"},{"@type":"BreadcrumbList","@id":"https:\/\/oma.media.fi\/kouvolan-sanomat\/tilauslaskutus\/sahkopostilasku\/#breadcrumb","itemListElement":[{"@type":"ListItem","position":1,"name":"Etusivu","item":"https:\/\/oma.media.fi\/kouvolan-sanomat\/"},{"@type":"ListItem","position":2,"name":"Tilauslaskutus","item":"https:\/\/oma.media.fi\/kouvolan-sanomat\/tilauslaskutus\/"},{"@type":"ListItem","position":3,"name":"S\u00e4hk\u00f6postilasku"}]},{"@type":"WebSite","@id":"https:\/\/oma.media.fi\/kouvolan-sanomat\/#website","url":"https:\/\/oma.media.fi\/kouvolan-sanomat\/","name":"Kouvolan Sanomat","description":"","potentialAction":[{"@type":"SearchAction","target":{"@type":"EntryPoint","urlTemplate":"https:\/\/oma.media.fi\/kouvolan-sanomat\/?s={search_term_string}"},"query-input":{"@type":"PropertyValueSpecification","valueRequired":true,"valueName":"search_term_string"}}],"inLanguage":"fi"}]}},"publishpress_future_action":{"enabled":false,"date":"2026-04-21 23:57:50","action":"change-status","newStatus":"draft","terms":[],"taxonomy":"","extraData":[]},"publishpress_future_workflow_manual_trigger":{"enabledWorkflows":[]},"_links":{"self":[{"href":"https:\/\/oma.media.fi\/kouvolan-sanomat\/wp-json\/wp\/v2\/pages\/76","targetHints":{"allow":["GET"]}}],"collection":[{"href":"https:\/\/oma.media.fi\/kouvolan-sanomat\/wp-json\/wp\/v2\/pages"}],"about":[{"href":"https:\/\/oma.media.fi\/kouvolan-sanomat\/wp-json\/wp\/v2\/types\/page"}],"author":[{"embeddable":true,"href":"https:\/\/oma.media.fi\/kouvolan-sanomat\/wp-json\/wp\/v2\/users\/1"}],"replies":[{"embeddable":true,"href":"https:\/\/oma.media.fi\/kouvolan-sanomat\/wp-json\/wp\/v2\/comments?post=76"}],"version-history":[{"count":7,"href":"https:\/\/oma.media.fi\/kouvolan-sanomat\/wp-json\/wp\/v2\/pages\/76\/revisions"}],"predecessor-version":[{"id":7962,"href":"https:\/\/oma.media.fi\/kouvolan-sanomat\/wp-json\/wp\/v2\/pages\/76\/revisions\/7962"}],"up":[{"embeddable":true,"href":"https:\/\/oma.media.fi\/kouvolan-sanomat\/wp-json\/wp\/v2\/pages\/64"}],"wp:attachment":[{"href":"https:\/\/oma.media.fi\/kouvolan-sanomat\/wp-json\/wp\/v2\/media?parent=76"}],"curies":[{"name":"wp","href":"https:\/\/api.w.org\/{rel}","templated":true}]}}