{"id":13,"date":"2018-11-19T14:06:34","date_gmt":"2018-11-19T12:06:34","guid":{"rendered":"https:\/\/oma.media.fi\/lansi-savo\/ilmestymispaivat\/"},"modified":"2026-01-07T11:07:35","modified_gmt":"2026-01-07T09:07:35","slug":"ilmestymispaivat","status":"publish","type":"page","link":"https:\/\/oma.media.fi\/lansi-savo\/ilmestymispaivat\/","title":{"rendered":"Ilmestymisp\u00e4iv\u00e4t"},"content":{"rendered":"<p><strong>L\u00e4nsi-Savo pit\u00e4\u00e4 sinut kartalla \u2013 vuoden jokaisena p\u00e4iv\u00e4n\u00e4<\/strong><\/p>\n<p>L\u00e4nsi-Savon verkkouutiset p\u00e4ivittyv\u00e4t joka p\u00e4iv\u00e4, my\u00f6s pyhin\u00e4. Painettu lehti ilmestyy joka p\u00e4iv\u00e4 maanantaista lauantaihin, mutta juhlapyhin\u00e4 voi olla poikkeuksia.<br \/>\nPainetun lehden n\u00e4k\u00f6islehti on luettavissa lehden ilmestymisp\u00e4ivin\u00e4 ja j\u00e4lkik\u00e4teen arkistosta.<\/p>\n<p>Uutiset kulkevat mukanasi \u2013 lue n\u00e4pp\u00e4r\u00e4sti sovelluksella juuri silloin kun sinulle sopii.<\/p>\n<p><strong>Painettu lehti ei ilmesty vuonna 2026:<\/strong><\/p>\n<div class=\"table--responsive\"><table style=\"width: 512px;height: 573px\" width=\"421\">\n<tbody>\n<tr style=\"height: 24px\">\n<td style=\"width: 127.609px;height: 24px\">to 1.1.<\/td>\n<td style=\"width: 368.391px;height: 24px\">Uudenvuodenp\u00e4iv\u00e4<\/td>\n<\/tr>\n<tr style=\"height: 24px\">\n<td style=\"width: 127.609px;height: 24px\">ti 6.1.<\/td>\n<td style=\"width: 368.391px;height: 24px\">Loppiainen<\/td>\n<\/tr>\n<tr style=\"height: 24px\">\n<td style=\"width: 127.609px;height: 24px\">ke 7.1.<\/td>\n<td style=\"width: 368.391px;height: 24px\">Loppiaisen j\u00e4lkeinen p\u00e4iv\u00e4<\/td>\n<\/tr>\n<tr style=\"height: 24px\">\n<td style=\"width: 127.609px;height: 24px\">la 4.4.<\/td>\n<td style=\"width: 368.391px;height: 24px\">Lankalauantai<\/td>\n<\/tr>\n<tr style=\"height: 24px\">\n<td style=\"width: 127.609px;height: 24px\">ma 6.4.<\/td>\n<td style=\"width: 368.391px;height: 24px\">2. p\u00e4\u00e4si\u00e4isp\u00e4iv\u00e4<\/td>\n<\/tr>\n<tr style=\"height: 24px\">\n<td style=\"width: 127.609px;height: 24px\">pe 1.5.<\/td>\n<td style=\"width: 368.391px;height: 24px\">Vappu<\/td>\n<\/tr>\n<tr style=\"height: 24px\">\n<td style=\"width: 127.609px;height: 24px\">la 2.5.<\/td>\n<td style=\"width: 368.391px;height: 24px\">Vapun j\u00e4lkeinen p\u00e4iv\u00e4<\/td>\n<\/tr>\n<tr style=\"height: 24px\">\n<td style=\"width: 127.609px;height: 24px\">to 14.5.<\/td>\n<td style=\"width: 368.391px;height: 24px\">Helatorstai<\/td>\n<\/tr>\n<tr style=\"height: 24px\">\n<td style=\"width: 127.609px;height: 24px\">pe 15.5.<\/td>\n<td style=\"width: 368.391px;height: 24px\">Helatorstain j\u00e4lkeinen p\u00e4iv\u00e4<\/td>\n<\/tr>\n<tr style=\"height: 24px\">\n<td style=\"width: 127.609px;height: 24px\">pe 19.6.<\/td>\n<td style=\"width: 368.391px;height: 24px\">Juhannusaatto<\/td>\n<\/tr>\n<tr style=\"height: 24px\">\n<td style=\"width: 127.609px;height: 24px\">la 20.6.<\/td>\n<td style=\"width: 368.391px;height: 24px\">Juhannusp\u00e4iv\u00e4<\/td>\n<\/tr>\n<tr style=\"height: 24px\">\n<td style=\"width: 127.609px;height: 24px\">la 31.10.<\/td>\n<td style=\"width: 368.391px;height: 24px\">Pyh\u00e4inp\u00e4iv\u00e4<\/td>\n<\/tr>\n<tr style=\"height: 24px\">\n<td style=\"width: 127.609px;height: 24px\">ma 7.12.<\/td>\n<td style=\"width: 368.391px;height: 24px\">Itsen\u00e4isyysp\u00e4iv\u00e4n j\u00e4lkeinen p\u00e4iv\u00e4<\/td>\n<\/tr>\n<tr style=\"height: 24px\">\n<td style=\"width: 127.609px;height: 24px\">pe 25.12.<\/td>\n<td style=\"width: 368.391px;height: 24px\">Joulup\u00e4iv\u00e4<\/td>\n<\/tr>\n<tr style=\"height: 24px\">\n<td style=\"width: 127.609px;height: 24px\">la 26.12.<\/td>\n<td style=\"width: 368.391px;height: 24px\">Tapaninp\u00e4iv\u00e4<\/td>\n<\/tr>\n<\/tbody>\n<\/table><\/div>\n<p>&nbsp;<\/p>\n","protected":false},"excerpt":{"rendered":"<p>pit\u00e4\u00e4 sinut kartalla \u2013 vuoden jokaisena p\u00e4iv\u00e4n\u00e4 verkkouutiset p\u00e4ivittyv\u00e4t joka p\u00e4iv\u00e4, my\u00f6s pyhin\u00e4. Painettu lehti ilmestyy joka p\u00e4iv\u00e4 maanantaista lauantaihin, mutta juhlapyhin\u00e4 voi olla poikkeuksia. Painetun lehden n\u00e4k\u00f6islehti on luettavissa lehden ilmestymisp\u00e4ivin\u00e4 ja j\u00e4lkik\u00e4teen arkistosta. Uutiset kulkevat mukanasi \u2013 lue n\u00e4pp\u00e4r\u00e4sti sovelluksella juuri silloin kun sinulle sopii. Painettu lehti ei ilmesty vuonna 2026: to 1.1. [&hellip;]<\/p>\n","protected":false},"author":1,"featured_media":0,"parent":0,"menu_order":0,"comment_status":"closed","ping_status":"closed","template":"","meta":{"_acf_changed":false,"footnotes":""},"class_list":["post-13","page","type-page","status-publish","hentry"],"acf":[],"yoast_head":"<!-- This site is optimized with the Yoast SEO plugin v26.2 - https:\/\/yoast.com\/wordpress\/plugins\/seo\/ -->\n<title>Ilmestymisp\u00e4iv\u00e4t - L\u00e4nsi-Savo<\/title>\n<meta name=\"robots\" content=\"index, follow, max-snippet:-1, max-image-preview:large, max-video-preview:-1\" \/>\n<link rel=\"canonical\" href=\"https:\/\/oma.media.fi\/lansi-savo\/ilmestymispaivat\/\" \/>\n<meta property=\"og:locale\" content=\"fi_FI\" \/>\n<meta property=\"og:type\" content=\"article\" \/>\n<meta property=\"og:title\" content=\"Ilmestymisp\u00e4iv\u00e4t\" \/>\n<meta property=\"og:description\" content=\"pit\u00e4\u00e4 sinut kartalla \u2013 vuoden jokaisena p\u00e4iv\u00e4n\u00e4 verkkouutiset p\u00e4ivittyv\u00e4t joka p\u00e4iv\u00e4, my\u00f6s pyhin\u00e4. Painettu lehti ilmestyy joka p\u00e4iv\u00e4 maanantaista lauantaihin, mutta juhlapyhin\u00e4 voi olla poikkeuksia. Painetun lehden n\u00e4k\u00f6islehti on luettavissa lehden ilmestymisp\u00e4ivin\u00e4 ja j\u00e4lkik\u00e4teen arkistosta. Uutiset kulkevat mukanasi \u2013 lue n\u00e4pp\u00e4r\u00e4sti sovelluksella juuri silloin kun sinulle sopii. Painettu lehti ei ilmesty vuonna 2026: to 1.1. [&hellip;]\" \/>\n<meta property=\"og:url\" content=\"https:\/\/oma.media.fi\/lansi-savo\/ilmestymispaivat\/\" \/>\n<meta property=\"og:site_name\" content=\"L\u00e4nsi-Savo\" \/>\n<meta property=\"article:modified_time\" content=\"2026-01-07T09:07:35+00:00\" \/>\n<meta name=\"twitter:card\" content=\"summary_large_image\" \/>\n<meta name=\"twitter:label1\" content=\"Arvioitu lukuaika\" \/>\n\t<meta name=\"twitter:data1\" content=\"1 minuutti\" \/>\n<script type=\"application\/ld+json\" class=\"yoast-schema-graph\">{\"@context\":\"https:\/\/schema.org\",\"@graph\":[{\"@type\":\"WebPage\",\"@id\":\"https:\/\/oma.media.fi\/lansi-savo\/ilmestymispaivat\/\",\"url\":\"https:\/\/oma.media.fi\/lansi-savo\/ilmestymispaivat\/\",\"name\":\"Ilmestymisp\u00e4iv\u00e4t - L\u00e4nsi-Savo\",\"isPartOf\":{\"@id\":\"https:\/\/oma.media.fi\/lansi-savo\/#website\"},\"datePublished\":\"2018-11-19T12:06:34+00:00\",\"dateModified\":\"2026-01-07T09:07:35+00:00\",\"breadcrumb\":{\"@id\":\"https:\/\/oma.media.fi\/lansi-savo\/ilmestymispaivat\/#breadcrumb\"},\"inLanguage\":\"fi\",\"potentialAction\":[{\"@type\":\"ReadAction\",\"target\":[\"https:\/\/oma.media.fi\/lansi-savo\/ilmestymispaivat\/\"]}]},{\"@type\":\"BreadcrumbList\",\"@id\":\"https:\/\/oma.media.fi\/lansi-savo\/ilmestymispaivat\/#breadcrumb\",\"itemListElement\":[{\"@type\":\"ListItem\",\"position\":1,\"name\":\"Etusivu\",\"item\":\"https:\/\/oma.media.fi\/lansi-savo\/\"},{\"@type\":\"ListItem\",\"position\":2,\"name\":\"Ilmestymisp\u00e4iv\u00e4t\"}]},{\"@type\":\"WebSite\",\"@id\":\"https:\/\/oma.media.fi\/lansi-savo\/#website\",\"url\":\"https:\/\/oma.media.fi\/lansi-savo\/\",\"name\":\"L\u00e4nsi-Savo\",\"description\":\"\",\"potentialAction\":[{\"@type\":\"SearchAction\",\"target\":{\"@type\":\"EntryPoint\",\"urlTemplate\":\"https:\/\/oma.media.fi\/lansi-savo\/?s={search_term_string}\"},\"query-input\":{\"@type\":\"PropertyValueSpecification\",\"valueRequired\":true,\"valueName\":\"search_term_string\"}}],\"inLanguage\":\"fi\"}]}<\/script>\n<!-- \/ Yoast SEO plugin. -->","yoast_head_json":{"title":"Ilmestymisp\u00e4iv\u00e4t - L\u00e4nsi-Savo","robots":{"index":"index","follow":"follow","max-snippet":"max-snippet:-1","max-image-preview":"max-image-preview:large","max-video-preview":"max-video-preview:-1"},"canonical":"https:\/\/oma.media.fi\/lansi-savo\/ilmestymispaivat\/","og_locale":"fi_FI","og_type":"article","og_title":"Ilmestymisp\u00e4iv\u00e4t","og_description":"pit\u00e4\u00e4 sinut kartalla \u2013 vuoden jokaisena p\u00e4iv\u00e4n\u00e4 verkkouutiset p\u00e4ivittyv\u00e4t joka p\u00e4iv\u00e4, my\u00f6s pyhin\u00e4. Painettu lehti ilmestyy joka p\u00e4iv\u00e4 maanantaista lauantaihin, mutta juhlapyhin\u00e4 voi olla poikkeuksia. Painetun lehden n\u00e4k\u00f6islehti on luettavissa lehden ilmestymisp\u00e4ivin\u00e4 ja j\u00e4lkik\u00e4teen arkistosta. Uutiset kulkevat mukanasi \u2013 lue n\u00e4pp\u00e4r\u00e4sti sovelluksella juuri silloin kun sinulle sopii. Painettu lehti ei ilmesty vuonna 2026: to 1.1. [&hellip;]","og_url":"https:\/\/oma.media.fi\/lansi-savo\/ilmestymispaivat\/","og_site_name":"L\u00e4nsi-Savo","article_modified_time":"2026-01-07T09:07:35+00:00","twitter_card":"summary_large_image","twitter_misc":{"Arvioitu lukuaika":"1 minuutti"},"schema":{"@context":"https:\/\/schema.org","@graph":[{"@type":"WebPage","@id":"https:\/\/oma.media.fi\/lansi-savo\/ilmestymispaivat\/","url":"https:\/\/oma.media.fi\/lansi-savo\/ilmestymispaivat\/","name":"Ilmestymisp\u00e4iv\u00e4t - L\u00e4nsi-Savo","isPartOf":{"@id":"https:\/\/oma.media.fi\/lansi-savo\/#website"},"datePublished":"2018-11-19T12:06:34+00:00","dateModified":"2026-01-07T09:07:35+00:00","breadcrumb":{"@id":"https:\/\/oma.media.fi\/lansi-savo\/ilmestymispaivat\/#breadcrumb"},"inLanguage":"fi","potentialAction":[{"@type":"ReadAction","target":["https:\/\/oma.media.fi\/lansi-savo\/ilmestymispaivat\/"]}]},{"@type":"BreadcrumbList","@id":"https:\/\/oma.media.fi\/lansi-savo\/ilmestymispaivat\/#breadcrumb","itemListElement":[{"@type":"ListItem","position":1,"name":"Etusivu","item":"https:\/\/oma.media.fi\/lansi-savo\/"},{"@type":"ListItem","position":2,"name":"Ilmestymisp\u00e4iv\u00e4t"}]},{"@type":"WebSite","@id":"https:\/\/oma.media.fi\/lansi-savo\/#website","url":"https:\/\/oma.media.fi\/lansi-savo\/","name":"L\u00e4nsi-Savo","description":"","potentialAction":[{"@type":"SearchAction","target":{"@type":"EntryPoint","urlTemplate":"https:\/\/oma.media.fi\/lansi-savo\/?s={search_term_string}"},"query-input":{"@type":"PropertyValueSpecification","valueRequired":true,"valueName":"search_term_string"}}],"inLanguage":"fi"}]}},"publishpress_future_action":{"enabled":false,"date":"2026-05-12 18:55:51","action":"change-status","newStatus":"draft","terms":[],"taxonomy":"","extraData":[]},"publishpress_future_workflow_manual_trigger":{"enabledWorkflows":[]},"_links":{"self":[{"href":"https:\/\/oma.media.fi\/lansi-savo\/wp-json\/wp\/v2\/pages\/13","targetHints":{"allow":["GET"]}}],"collection":[{"href":"https:\/\/oma.media.fi\/lansi-savo\/wp-json\/wp\/v2\/pages"}],"about":[{"href":"https:\/\/oma.media.fi\/lansi-savo\/wp-json\/wp\/v2\/types\/page"}],"author":[{"embeddable":true,"href":"https:\/\/oma.media.fi\/lansi-savo\/wp-json\/wp\/v2\/users\/1"}],"replies":[{"embeddable":true,"href":"https:\/\/oma.media.fi\/lansi-savo\/wp-json\/wp\/v2\/comments?post=13"}],"version-history":[{"count":31,"href":"https:\/\/oma.media.fi\/lansi-savo\/wp-json\/wp\/v2\/pages\/13\/revisions"}],"predecessor-version":[{"id":7840,"href":"https:\/\/oma.media.fi\/lansi-savo\/wp-json\/wp\/v2\/pages\/13\/revisions\/7840"}],"wp:attachment":[{"href":"https:\/\/oma.media.fi\/lansi-savo\/wp-json\/wp\/v2\/media?parent=13"}],"curies":[{"name":"wp","href":"https:\/\/api.w.org\/{rel}","templated":true}]}}