{"id":3,"date":"2019-02-08T16:21:52","date_gmt":"2019-02-08T14:21:52","guid":{"rendered":"https:\/\/oma.media.fi\/lansi-savo\/asnro-mediatiliin\/"},"modified":"2019-02-08T16:21:52","modified_gmt":"2019-02-08T14:21:52","slug":"asnro-mediatiliin","status":"publish","type":"page","link":"https:\/\/oma.media.fi\/lansi-savo\/asnro-mediatiliin\/","title":{"rendered":"Asiakasnumeron lis\u00e4\u00e4minen Mediatunnukseesi"},"content":{"rendered":"<p>Seuraamalla n\u00e4it\u00e4 ohjeita saat liitetty\u00e4 asiakasnumerosi helposti olemassa olevaan Mediatunnukseen ja saat k\u00e4ytt\u00f6\u00f6si kaikki tilaukseesi liittyv\u00e4t s\u00e4hk\u00f6iset palvelut.<\/p>\n<p>1. Klikkaa sivun yl\u00e4laidassa n\u00e4kyv\u00e4\u00e4 Asiointi -valikkoa ja valitse sielt\u00e4 Omat tiedot.<\/p>\n<p><a href=\"https:\/\/oma.media.fi\/lansi-savo\/wp-content\/uploads\/sites\/46\/2020\/03\/omat_tiedot_linkki.jpg\"><img loading=\"lazy\" decoding=\"async\" class=\"alignnone size-full wp-image-9\" src=\"https:\/\/oma.media.fi\/lansi-savo\/wp-content\/uploads\/sites\/46\/2020\/03\/omat_tiedot_linkki.jpg\" alt=\"\" width=\"350\" height=\"191\" srcset=\"https:\/\/oma.media.fi\/lansi-savo\/wp-content\/uploads\/sites\/46\/2020\/03\/omat_tiedot_linkki.jpg 350w, https:\/\/oma.media.fi\/lansi-savo\/wp-content\/uploads\/sites\/46\/2020\/03\/omat_tiedot_linkki-300x164.jpg 300w\" sizes=\"auto, (max-width: 350px) 100vw, 350px\" \/><\/a><\/p>\n<p>2. Jos et viel\u00e4 ole kirjautunut sis\u00e4\u00e4n, palvelu pyyt\u00e4\u00e4 sinua kirjautumaan. Kirjaudu sis\u00e4\u00e4n Mediatunnuksillasi. Jos et muista palvelun salasanaa, voit tilata salasanan vaihtolinkin s\u00e4hk\u00f6postiisi kirjautumisikkunan alaosassa n\u00e4kyv\u00e4st\u00e4 Oletko unohtanut salasanasi -linkist\u00e4.<\/p>\n<p><a href=\"https:\/\/oma.media.fi\/lansi-savo\/wp-content\/uploads\/sites\/46\/2020\/03\/login_nakyma.jpg\"><img loading=\"lazy\" decoding=\"async\" class=\"alignnone size-full wp-image-8\" src=\"https:\/\/oma.media.fi\/lansi-savo\/wp-content\/uploads\/sites\/46\/2020\/03\/login_nakyma.jpg\" alt=\"\" width=\"350\" height=\"450\" srcset=\"https:\/\/oma.media.fi\/lansi-savo\/wp-content\/uploads\/sites\/46\/2020\/03\/login_nakyma.jpg 350w, https:\/\/oma.media.fi\/lansi-savo\/wp-content\/uploads\/sites\/46\/2020\/03\/login_nakyma-233x300.jpg 233w\" sizes=\"auto, (max-width: 350px) 100vw, 350px\" \/><\/a><\/p>\n<p>3. Saavut Omat tiedot -n\u00e4kym\u00e4\u00e4n, jossa voit hallita Mediatunnukseesi liittyvi\u00e4 tietoja. Sivun yl\u00e4laidassa n\u00e4kyy Oletko jo lehden tilaaja -sis\u00e4lt\u00f6lohko. Klikkaa siin\u00e4 n\u00e4kyv\u00e4\u00e4 Kytke asiakasnumerosi t\u00e4st\u00e4 -linkki\u00e4.<\/p>\n<p><a href=\"https:\/\/oma.media.fi\/lansi-savo\/wp-content\/uploads\/sites\/46\/2020\/03\/oletko_tilaaja.jpg\"><img loading=\"lazy\" decoding=\"async\" class=\"alignnone size-full wp-image-7\" src=\"https:\/\/oma.media.fi\/lansi-savo\/wp-content\/uploads\/sites\/46\/2020\/03\/oletko_tilaaja.jpg\" alt=\"\" width=\"350\" height=\"123\" srcset=\"https:\/\/oma.media.fi\/lansi-savo\/wp-content\/uploads\/sites\/46\/2020\/03\/oletko_tilaaja.jpg 350w, https:\/\/oma.media.fi\/lansi-savo\/wp-content\/uploads\/sites\/46\/2020\/03\/oletko_tilaaja-300x105.jpg 300w\" sizes=\"auto, (max-width: 350px) 100vw, 350px\" \/><\/a><\/p>\n<p>4. Sy\u00f6t\u00e4 asiakasnumerosi ja postinumerosi kenttiin, jotka sivulle aukeavat.<\/p>\n<p><a href=\"https:\/\/oma.media.fi\/lansi-savo\/wp-content\/uploads\/sites\/46\/2020\/03\/asnro_pono.jpg\"><img loading=\"lazy\" decoding=\"async\" class=\"alignnone size-full wp-image-6\" src=\"https:\/\/oma.media.fi\/lansi-savo\/wp-content\/uploads\/sites\/46\/2020\/03\/asnro_pono.jpg\" alt=\"\" width=\"350\" height=\"150\" srcset=\"https:\/\/oma.media.fi\/lansi-savo\/wp-content\/uploads\/sites\/46\/2020\/03\/asnro_pono.jpg 350w, https:\/\/oma.media.fi\/lansi-savo\/wp-content\/uploads\/sites\/46\/2020\/03\/asnro_pono-300x129.jpg 300w\" sizes=\"auto, (max-width: 350px) 100vw, 350px\" \/><\/a><\/p>\n<p>5. Tarkista viel\u00e4 tietosi ja anna halutessasi nimimerkki, jota voit k\u00e4ytt\u00e4\u00e4 verkkosivujen kommentoinnissa. Klikkaa t\u00e4m\u00e4n j\u00e4lkeen Aktivoi tili -painiketta.<\/p>\n<p><a href=\"https:\/\/oma.media.fi\/lansi-savo\/wp-content\/uploads\/sites\/46\/2020\/03\/tiedot.jpg\"><img loading=\"lazy\" decoding=\"async\" class=\"alignnone size-full wp-image-5\" src=\"https:\/\/oma.media.fi\/lansi-savo\/wp-content\/uploads\/sites\/46\/2020\/03\/tiedot.jpg\" alt=\"\" width=\"350\" height=\"379\" srcset=\"https:\/\/oma.media.fi\/lansi-savo\/wp-content\/uploads\/sites\/46\/2020\/03\/tiedot.jpg 350w, https:\/\/oma.media.fi\/lansi-savo\/wp-content\/uploads\/sites\/46\/2020\/03\/tiedot-277x300.jpg 277w\" sizes=\"auto, (max-width: 350px) 100vw, 350px\" \/><\/a><\/p>\n<p>6. Palvelu kuittaa viel\u00e4 tilin aktivoiduksi. Klikkaa jatka.<br \/>\n<a href=\"https:\/\/oma.media.fi\/lansi-savo\/wp-content\/uploads\/sites\/46\/2020\/03\/aktivoitu.jpg\"><img loading=\"lazy\" decoding=\"async\" class=\"alignnone size-full wp-image-4\" src=\"https:\/\/oma.media.fi\/lansi-savo\/wp-content\/uploads\/sites\/46\/2020\/03\/aktivoitu.jpg\" alt=\"\" width=\"385\" height=\"295\" srcset=\"https:\/\/oma.media.fi\/lansi-savo\/wp-content\/uploads\/sites\/46\/2020\/03\/aktivoitu.jpg 385w, https:\/\/oma.media.fi\/lansi-savo\/wp-content\/uploads\/sites\/46\/2020\/03\/aktivoitu-300x230.jpg 300w\" sizes=\"auto, (max-width: 385px) 100vw, 385px\" \/><\/a><\/p>\n<p>Nyt asiakasnumerosi on kytketty Mediatunnukseesi ja voit aloittaa tilauspalveluiden k\u00e4yt\u00f6n.<\/p>\n<p>&nbsp;<\/p>\n<p>&nbsp;<\/p>\n<p>&nbsp;<\/p>\n","protected":false},"excerpt":{"rendered":"<p>Seuraamalla n\u00e4it\u00e4 ohjeita saat liitetty\u00e4 asiakasnumerosi helposti olemassa olevaan Mediatunnukseen ja saat k\u00e4ytt\u00f6\u00f6si kaikki tilaukseesi liittyv\u00e4t s\u00e4hk\u00f6iset palvelut. 1. Klikkaa sivun yl\u00e4laidassa n\u00e4kyv\u00e4\u00e4 Asiointi -valikkoa ja valitse sielt\u00e4 Omat tiedot. 2. Jos et viel\u00e4 ole kirjautunut sis\u00e4\u00e4n, palvelu pyyt\u00e4\u00e4 sinua kirjautumaan. Kirjaudu sis\u00e4\u00e4n Mediatunnuksillasi. Jos et muista palvelun salasanaa, voit tilata salasanan vaihtolinkin s\u00e4hk\u00f6postiisi kirjautumisikkunan [&hellip;]<\/p>\n","protected":false},"author":3,"featured_media":0,"parent":0,"menu_order":0,"comment_status":"closed","ping_status":"closed","template":"","meta":{"_acf_changed":false,"footnotes":""},"class_list":["post-3","page","type-page","status-publish","hentry"],"acf":[],"yoast_head":"<!-- This site is optimized with the Yoast SEO plugin v26.2 - https:\/\/yoast.com\/wordpress\/plugins\/seo\/ -->\n<title>Asiakasnumeron lis\u00e4\u00e4minen Mediatunnukseesi - L\u00e4nsi-Savo<\/title>\n<meta name=\"description\" content=\"Ohjeet, kuinka saat liitetty\u00e4 asiakasnumerosi helposti olemassa olevaan Mediatunnukseen ja saat k\u00e4ytt\u00f6\u00f6si kaikki tilaukseesi liittyv\u00e4t s\u00e4hk\u00f6iset palvelut.\" \/>\n<meta name=\"robots\" content=\"index, follow, max-snippet:-1, max-image-preview:large, max-video-preview:-1\" \/>\n<link rel=\"canonical\" href=\"https:\/\/oma.media.fi\/lansi-savo\/asnro-mediatiliin\/\" \/>\n<meta property=\"og:locale\" content=\"fi_FI\" \/>\n<meta property=\"og:type\" content=\"article\" \/>\n<meta property=\"og:title\" content=\"Asiakasnumeron lis\u00e4\u00e4minen Mediatunnukseesi\" \/>\n<meta property=\"og:description\" content=\"Ohjeet, kuinka saat liitetty\u00e4 asiakasnumerosi helposti olemassa olevaan Mediatunnukseen ja saat k\u00e4ytt\u00f6\u00f6si kaikki tilaukseesi liittyv\u00e4t s\u00e4hk\u00f6iset palvelut.\" \/>\n<meta property=\"og:url\" content=\"https:\/\/oma.media.fi\/lansi-savo\/asnro-mediatiliin\/\" \/>\n<meta property=\"og:site_name\" content=\"L\u00e4nsi-Savo\" \/>\n<meta property=\"og:image\" content=\"https:\/\/oma.media.fi\/lansi-savo\/wp-content\/uploads\/sites\/46\/2020\/03\/omat_tiedot_linkki.jpg\" \/>\n<meta name=\"twitter:card\" content=\"summary_large_image\" \/>\n<meta name=\"twitter:label1\" content=\"Arvioitu lukuaika\" \/>\n\t<meta name=\"twitter:data1\" content=\"1 minuutti\" \/>\n<script type=\"application\/ld+json\" class=\"yoast-schema-graph\">{\"@context\":\"https:\/\/schema.org\",\"@graph\":[{\"@type\":\"WebPage\",\"@id\":\"https:\/\/oma.media.fi\/lansi-savo\/asnro-mediatiliin\/\",\"url\":\"https:\/\/oma.media.fi\/lansi-savo\/asnro-mediatiliin\/\",\"name\":\"Asiakasnumeron lis\u00e4\u00e4minen Mediatunnukseesi - L\u00e4nsi-Savo\",\"isPartOf\":{\"@id\":\"https:\/\/oma.media.fi\/lansi-savo\/#website\"},\"primaryImageOfPage\":{\"@id\":\"https:\/\/oma.media.fi\/lansi-savo\/asnro-mediatiliin\/#primaryimage\"},\"image\":{\"@id\":\"https:\/\/oma.media.fi\/lansi-savo\/asnro-mediatiliin\/#primaryimage\"},\"thumbnailUrl\":\"https:\/\/oma.media.fi\/lansi-savo\/wp-content\/uploads\/sites\/46\/2020\/03\/omat_tiedot_linkki.jpg\",\"datePublished\":\"2019-02-08T14:21:52+00:00\",\"description\":\"Ohjeet, kuinka saat liitetty\u00e4 asiakasnumerosi helposti olemassa olevaan Mediatunnukseen ja saat k\u00e4ytt\u00f6\u00f6si kaikki tilaukseesi liittyv\u00e4t s\u00e4hk\u00f6iset palvelut.\",\"breadcrumb\":{\"@id\":\"https:\/\/oma.media.fi\/lansi-savo\/asnro-mediatiliin\/#breadcrumb\"},\"inLanguage\":\"fi\",\"potentialAction\":[{\"@type\":\"ReadAction\",\"target\":[\"https:\/\/oma.media.fi\/lansi-savo\/asnro-mediatiliin\/\"]}]},{\"@type\":\"ImageObject\",\"inLanguage\":\"fi\",\"@id\":\"https:\/\/oma.media.fi\/lansi-savo\/asnro-mediatiliin\/#primaryimage\",\"url\":\"https:\/\/oma.media.fi\/lansi-savo\/wp-content\/uploads\/sites\/46\/2020\/03\/omat_tiedot_linkki.jpg\",\"contentUrl\":\"https:\/\/oma.media.fi\/lansi-savo\/wp-content\/uploads\/sites\/46\/2020\/03\/omat_tiedot_linkki.jpg\"},{\"@type\":\"BreadcrumbList\",\"@id\":\"https:\/\/oma.media.fi\/lansi-savo\/asnro-mediatiliin\/#breadcrumb\",\"itemListElement\":[{\"@type\":\"ListItem\",\"position\":1,\"name\":\"Etusivu\",\"item\":\"https:\/\/oma.media.fi\/lansi-savo\/\"},{\"@type\":\"ListItem\",\"position\":2,\"name\":\"Asiakasnumeron lis\u00e4\u00e4minen Mediatunnukseesi\"}]},{\"@type\":\"WebSite\",\"@id\":\"https:\/\/oma.media.fi\/lansi-savo\/#website\",\"url\":\"https:\/\/oma.media.fi\/lansi-savo\/\",\"name\":\"L\u00e4nsi-Savo\",\"description\":\"\",\"potentialAction\":[{\"@type\":\"SearchAction\",\"target\":{\"@type\":\"EntryPoint\",\"urlTemplate\":\"https:\/\/oma.media.fi\/lansi-savo\/?s={search_term_string}\"},\"query-input\":{\"@type\":\"PropertyValueSpecification\",\"valueRequired\":true,\"valueName\":\"search_term_string\"}}],\"inLanguage\":\"fi\"}]}<\/script>\n<!-- \/ Yoast SEO plugin. -->","yoast_head_json":{"title":"Asiakasnumeron lis\u00e4\u00e4minen Mediatunnukseesi - L\u00e4nsi-Savo","description":"Ohjeet, kuinka saat liitetty\u00e4 asiakasnumerosi helposti olemassa olevaan Mediatunnukseen ja saat k\u00e4ytt\u00f6\u00f6si kaikki tilaukseesi liittyv\u00e4t s\u00e4hk\u00f6iset palvelut.","robots":{"index":"index","follow":"follow","max-snippet":"max-snippet:-1","max-image-preview":"max-image-preview:large","max-video-preview":"max-video-preview:-1"},"canonical":"https:\/\/oma.media.fi\/lansi-savo\/asnro-mediatiliin\/","og_locale":"fi_FI","og_type":"article","og_title":"Asiakasnumeron lis\u00e4\u00e4minen Mediatunnukseesi","og_description":"Ohjeet, kuinka saat liitetty\u00e4 asiakasnumerosi helposti olemassa olevaan Mediatunnukseen ja saat k\u00e4ytt\u00f6\u00f6si kaikki tilaukseesi liittyv\u00e4t s\u00e4hk\u00f6iset palvelut.","og_url":"https:\/\/oma.media.fi\/lansi-savo\/asnro-mediatiliin\/","og_site_name":"L\u00e4nsi-Savo","og_image":[{"url":"https:\/\/oma.media.fi\/lansi-savo\/wp-content\/uploads\/sites\/46\/2020\/03\/omat_tiedot_linkki.jpg","type":"","width":"","height":""}],"twitter_card":"summary_large_image","twitter_misc":{"Arvioitu lukuaika":"1 minuutti"},"schema":{"@context":"https:\/\/schema.org","@graph":[{"@type":"WebPage","@id":"https:\/\/oma.media.fi\/lansi-savo\/asnro-mediatiliin\/","url":"https:\/\/oma.media.fi\/lansi-savo\/asnro-mediatiliin\/","name":"Asiakasnumeron lis\u00e4\u00e4minen Mediatunnukseesi - L\u00e4nsi-Savo","isPartOf":{"@id":"https:\/\/oma.media.fi\/lansi-savo\/#website"},"primaryImageOfPage":{"@id":"https:\/\/oma.media.fi\/lansi-savo\/asnro-mediatiliin\/#primaryimage"},"image":{"@id":"https:\/\/oma.media.fi\/lansi-savo\/asnro-mediatiliin\/#primaryimage"},"thumbnailUrl":"https:\/\/oma.media.fi\/lansi-savo\/wp-content\/uploads\/sites\/46\/2020\/03\/omat_tiedot_linkki.jpg","datePublished":"2019-02-08T14:21:52+00:00","description":"Ohjeet, kuinka saat liitetty\u00e4 asiakasnumerosi helposti olemassa olevaan Mediatunnukseen ja saat k\u00e4ytt\u00f6\u00f6si kaikki tilaukseesi liittyv\u00e4t s\u00e4hk\u00f6iset palvelut.","breadcrumb":{"@id":"https:\/\/oma.media.fi\/lansi-savo\/asnro-mediatiliin\/#breadcrumb"},"inLanguage":"fi","potentialAction":[{"@type":"ReadAction","target":["https:\/\/oma.media.fi\/lansi-savo\/asnro-mediatiliin\/"]}]},{"@type":"ImageObject","inLanguage":"fi","@id":"https:\/\/oma.media.fi\/lansi-savo\/asnro-mediatiliin\/#primaryimage","url":"https:\/\/oma.media.fi\/lansi-savo\/wp-content\/uploads\/sites\/46\/2020\/03\/omat_tiedot_linkki.jpg","contentUrl":"https:\/\/oma.media.fi\/lansi-savo\/wp-content\/uploads\/sites\/46\/2020\/03\/omat_tiedot_linkki.jpg"},{"@type":"BreadcrumbList","@id":"https:\/\/oma.media.fi\/lansi-savo\/asnro-mediatiliin\/#breadcrumb","itemListElement":[{"@type":"ListItem","position":1,"name":"Etusivu","item":"https:\/\/oma.media.fi\/lansi-savo\/"},{"@type":"ListItem","position":2,"name":"Asiakasnumeron lis\u00e4\u00e4minen Mediatunnukseesi"}]},{"@type":"WebSite","@id":"https:\/\/oma.media.fi\/lansi-savo\/#website","url":"https:\/\/oma.media.fi\/lansi-savo\/","name":"L\u00e4nsi-Savo","description":"","potentialAction":[{"@type":"SearchAction","target":{"@type":"EntryPoint","urlTemplate":"https:\/\/oma.media.fi\/lansi-savo\/?s={search_term_string}"},"query-input":{"@type":"PropertyValueSpecification","valueRequired":true,"valueName":"search_term_string"}}],"inLanguage":"fi"}]}},"publishpress_future_action":{"enabled":false,"date":"2026-04-21 18:23:16","action":"change-status","newStatus":"draft","terms":[],"taxonomy":"","extraData":[]},"publishpress_future_workflow_manual_trigger":{"enabledWorkflows":[]},"_links":{"self":[{"href":"https:\/\/oma.media.fi\/lansi-savo\/wp-json\/wp\/v2\/pages\/3","targetHints":{"allow":["GET"]}}],"collection":[{"href":"https:\/\/oma.media.fi\/lansi-savo\/wp-json\/wp\/v2\/pages"}],"about":[{"href":"https:\/\/oma.media.fi\/lansi-savo\/wp-json\/wp\/v2\/types\/page"}],"author":[{"embeddable":true,"href":"https:\/\/oma.media.fi\/lansi-savo\/wp-json\/wp\/v2\/users\/3"}],"replies":[{"embeddable":true,"href":"https:\/\/oma.media.fi\/lansi-savo\/wp-json\/wp\/v2\/comments?post=3"}],"version-history":[{"count":1,"href":"https:\/\/oma.media.fi\/lansi-savo\/wp-json\/wp\/v2\/pages\/3\/revisions"}],"predecessor-version":[{"id":10,"href":"https:\/\/oma.media.fi\/lansi-savo\/wp-json\/wp\/v2\/pages\/3\/revisions\/10"}],"wp:attachment":[{"href":"https:\/\/oma.media.fi\/lansi-savo\/wp-json\/wp\/v2\/media?parent=3"}],"curies":[{"name":"wp","href":"https:\/\/api.w.org\/{rel}","templated":true}]}}