{"id":2,"date":"2024-09-05T13:40:05","date_gmt":"2024-09-05T10:40:05","guid":{"rendered":"https:\/\/oma.media.fi\/outokummun-seutu\/?page_id=2"},"modified":"2024-09-11T14:12:50","modified_gmt":"2024-09-11T11:12:50","slug":"etusivu","status":"publish","type":"page","link":"https:\/\/oma.media.fi\/outokummun-seutu\/","title":{"rendered":"Etusivu"},"content":{"rendered":"\r\n<p>Tervetuloa Outokummun Seudun asiakaspalveluun. T\u00e4\u00e4ll\u00e4 voit hoitaa <strong>lehtitilauksiin liittyv\u00e4t asiat sujuvasti silloin kun se sinulle parhaiten sopii<\/strong>. K\u00e4ytetyimm\u00e4t palvelut on listattu sivun alalaitaan, valitse mit\u00e4 haluat tehd\u00e4.<\/p>\r\n","protected":false},"excerpt":{"rendered":"<p>Tervetuloa Outokummun Seudun asiakaspalveluun. T\u00e4\u00e4ll\u00e4 voit hoitaa lehtitilauksiin liittyv\u00e4t asiat sujuvasti silloin kun se sinulle parhaiten sopii. K\u00e4ytetyimm\u00e4t palvelut on listattu sivun alalaitaan, valitse mit\u00e4 haluat tehd\u00e4.<\/p>\n","protected":false},"author":1,"featured_media":0,"parent":0,"menu_order":0,"comment_status":"closed","ping_status":"closed","template":"","meta":{"_acf_changed":false,"footnotes":""},"class_list":["post-2","page","type-page","status-publish","hentry"],"acf":[],"yoast_head":"<!-- This site is optimized with the Yoast SEO plugin v26.2 - https:\/\/yoast.com\/wordpress\/plugins\/seo\/ -->\n<title>Outokummun Seutu - Asiakaspalvelu<\/title>\n<meta name=\"robots\" content=\"noindex, follow, max-snippet:-1, max-image-preview:large, max-video-preview:-1\" \/>\n<meta property=\"og:locale\" content=\"fi_FI\" \/>\n<meta property=\"og:type\" content=\"article\" \/>\n<meta property=\"og:title\" content=\"Etusivu\" \/>\n<meta property=\"og:description\" content=\"Tervetuloa Outokummun Seudun asiakaspalveluun. T\u00e4\u00e4ll\u00e4 voit hoitaa lehtitilauksiin liittyv\u00e4t asiat sujuvasti silloin kun se sinulle parhaiten sopii. K\u00e4ytetyimm\u00e4t palvelut on listattu sivun alalaitaan, valitse mit\u00e4 haluat tehd\u00e4.\" \/>\n<meta property=\"og:url\" content=\"https:\/\/oma.media.fi\/outokummun-seutu\/\" \/>\n<meta property=\"og:site_name\" content=\"Outokummun Seutu\" \/>\n<meta property=\"article:publisher\" content=\"https:\/\/www.facebook.com\/outokummunseutu\" \/>\n<meta property=\"article:modified_time\" content=\"2024-09-11T11:12:50+00:00\" \/>\n<meta property=\"og:image\" content=\"https:\/\/oma.media.fi\/outokummun-seutu\/wp-content\/uploads\/sites\/58\/2024\/09\/og-image-outokummunseutu.jpg\" \/>\n\t<meta property=\"og:image:width\" content=\"1200\" \/>\n\t<meta property=\"og:image:height\" content=\"630\" \/>\n\t<meta property=\"og:image:type\" content=\"image\/jpeg\" \/>\n<meta name=\"twitter:card\" content=\"summary_large_image\" \/>\n<meta name=\"twitter:label1\" content=\"Arvioitu lukuaika\" \/>\n\t<meta name=\"twitter:data1\" content=\"1 minuutti\" \/>\n<script type=\"application\/ld+json\" class=\"yoast-schema-graph\">{\"@context\":\"https:\/\/schema.org\",\"@graph\":[{\"@type\":\"WebPage\",\"@id\":\"https:\/\/oma.media.fi\/outokummun-seutu\/\",\"url\":\"https:\/\/oma.media.fi\/outokummun-seutu\/\",\"name\":\"Outokummun Seutu - Asiakaspalvelu\",\"isPartOf\":{\"@id\":\"https:\/\/oma.media.fi\/outokummun-seutu\/#website\"},\"datePublished\":\"2024-09-05T10:40:05+00:00\",\"dateModified\":\"2024-09-11T11:12:50+00:00\",\"breadcrumb\":{\"@id\":\"https:\/\/oma.media.fi\/outokummun-seutu\/#breadcrumb\"},\"inLanguage\":\"fi\",\"potentialAction\":[{\"@type\":\"ReadAction\",\"target\":[\"https:\/\/oma.media.fi\/outokummun-seutu\/\"]}]},{\"@type\":\"BreadcrumbList\",\"@id\":\"https:\/\/oma.media.fi\/outokummun-seutu\/#breadcrumb\",\"itemListElement\":[{\"@type\":\"ListItem\",\"position\":1,\"name\":\"Etusivu\",\"item\":\"https:\/\/oma.media.fi\/outokummun-seutu\/\"},{\"@type\":\"ListItem\",\"position\":2,\"name\":\"Etusivu\"}]},{\"@type\":\"WebSite\",\"@id\":\"https:\/\/oma.media.fi\/outokummun-seutu\/#website\",\"url\":\"https:\/\/oma.media.fi\/outokummun-seutu\/\",\"name\":\"Outokummun Seutu\",\"description\":\"\",\"potentialAction\":[{\"@type\":\"SearchAction\",\"target\":{\"@type\":\"EntryPoint\",\"urlTemplate\":\"https:\/\/oma.media.fi\/outokummun-seutu\/?s={search_term_string}\"},\"query-input\":{\"@type\":\"PropertyValueSpecification\",\"valueRequired\":true,\"valueName\":\"search_term_string\"}}],\"inLanguage\":\"fi\"}]}<\/script>\n<!-- \/ Yoast SEO plugin. -->","yoast_head_json":{"title":"Outokummun Seutu - Asiakaspalvelu","robots":{"index":"noindex","follow":"follow","max-snippet":"max-snippet:-1","max-image-preview":"max-image-preview:large","max-video-preview":"max-video-preview:-1"},"og_locale":"fi_FI","og_type":"article","og_title":"Etusivu","og_description":"Tervetuloa Outokummun Seudun asiakaspalveluun. T\u00e4\u00e4ll\u00e4 voit hoitaa lehtitilauksiin liittyv\u00e4t asiat sujuvasti silloin kun se sinulle parhaiten sopii. K\u00e4ytetyimm\u00e4t palvelut on listattu sivun alalaitaan, valitse mit\u00e4 haluat tehd\u00e4.","og_url":"https:\/\/oma.media.fi\/outokummun-seutu\/","og_site_name":"Outokummun Seutu","article_publisher":"https:\/\/www.facebook.com\/outokummunseutu","article_modified_time":"2024-09-11T11:12:50+00:00","og_image":[{"width":1200,"height":630,"url":"https:\/\/oma.media.fi\/outokummun-seutu\/wp-content\/uploads\/sites\/58\/2024\/09\/og-image-outokummunseutu.jpg","type":"image\/jpeg"}],"twitter_card":"summary_large_image","twitter_misc":{"Arvioitu lukuaika":"1 minuutti"},"schema":{"@context":"https:\/\/schema.org","@graph":[{"@type":"WebPage","@id":"https:\/\/oma.media.fi\/outokummun-seutu\/","url":"https:\/\/oma.media.fi\/outokummun-seutu\/","name":"Outokummun Seutu - Asiakaspalvelu","isPartOf":{"@id":"https:\/\/oma.media.fi\/outokummun-seutu\/#website"},"datePublished":"2024-09-05T10:40:05+00:00","dateModified":"2024-09-11T11:12:50+00:00","breadcrumb":{"@id":"https:\/\/oma.media.fi\/outokummun-seutu\/#breadcrumb"},"inLanguage":"fi","potentialAction":[{"@type":"ReadAction","target":["https:\/\/oma.media.fi\/outokummun-seutu\/"]}]},{"@type":"BreadcrumbList","@id":"https:\/\/oma.media.fi\/outokummun-seutu\/#breadcrumb","itemListElement":[{"@type":"ListItem","position":1,"name":"Etusivu","item":"https:\/\/oma.media.fi\/outokummun-seutu\/"},{"@type":"ListItem","position":2,"name":"Etusivu"}]},{"@type":"WebSite","@id":"https:\/\/oma.media.fi\/outokummun-seutu\/#website","url":"https:\/\/oma.media.fi\/outokummun-seutu\/","name":"Outokummun Seutu","description":"","potentialAction":[{"@type":"SearchAction","target":{"@type":"EntryPoint","urlTemplate":"https:\/\/oma.media.fi\/outokummun-seutu\/?s={search_term_string}"},"query-input":{"@type":"PropertyValueSpecification","valueRequired":true,"valueName":"search_term_string"}}],"inLanguage":"fi"}]}},"publishpress_future_action":{"enabled":false,"date":"2026-05-10 11:40:16","action":"change-status","newStatus":"draft","terms":[],"taxonomy":"","extraData":[]},"publishpress_future_workflow_manual_trigger":{"enabledWorkflows":[]},"_links":{"self":[{"href":"https:\/\/oma.media.fi\/outokummun-seutu\/wp-json\/wp\/v2\/pages\/2","targetHints":{"allow":["GET"]}}],"collection":[{"href":"https:\/\/oma.media.fi\/outokummun-seutu\/wp-json\/wp\/v2\/pages"}],"about":[{"href":"https:\/\/oma.media.fi\/outokummun-seutu\/wp-json\/wp\/v2\/types\/page"}],"author":[{"embeddable":true,"href":"https:\/\/oma.media.fi\/outokummun-seutu\/wp-json\/wp\/v2\/users\/1"}],"replies":[{"embeddable":true,"href":"https:\/\/oma.media.fi\/outokummun-seutu\/wp-json\/wp\/v2\/comments?post=2"}],"version-history":[{"count":2,"href":"https:\/\/oma.media.fi\/outokummun-seutu\/wp-json\/wp\/v2\/pages\/2\/revisions"}],"predecessor-version":[{"id":6,"href":"https:\/\/oma.media.fi\/outokummun-seutu\/wp-json\/wp\/v2\/pages\/2\/revisions\/6"}],"wp:attachment":[{"href":"https:\/\/oma.media.fi\/outokummun-seutu\/wp-json\/wp\/v2\/media?parent=2"}],"curies":[{"name":"wp","href":"https:\/\/api.w.org\/{rel}","templated":true}]}}