{"id":526,"date":"2018-10-17T13:17:59","date_gmt":"2018-10-17T10:17:59","guid":{"rendered":"https:\/\/oma.media.fi\/pitajanuutiset\/yhteystiedot\/"},"modified":"2026-04-13T11:39:34","modified_gmt":"2026-04-13T08:39:34","slug":"yhteystiedot","status":"publish","type":"page","link":"https:\/\/oma.media.fi\/pitajanuutiset\/yhteystiedot\/","title":{"rendered":"Yhteystiedot"},"content":{"rendered":"<h2>Tilaukset<\/h2>\n<p>Digipalvelut, osoitteenmuutokset, jakelunkeskeytykset, asiakastietojen muutokset<br \/>\nsek\u00e4 tilauslaskut ja muut tilauksiin liittyv\u00e4t asiat.<\/p>\n<p><a href=\"https:\/\/oma.media.fi\/pitajanuutiset\/\"><strong>Asiakaspalvelua verkossa 24\/7<\/strong><\/a><\/p>\n<h2>Lukijailmoitukset<\/h2>\n<p>J\u00e4rjest\u00f6ilmoitukset, luokitellut ilmoitukset, perheilmoitukset, kuolinilmoitukset ja surukiitokset<\/p>\n<p><strong>J\u00e4t\u00e4 ilmoitus 24\/7 <\/strong><a href=\"https:\/\/oma.media.fi\/pitajanuutiset\/ilmoita\/\"><strong>pitajanuutiset.fi\/ilmoita<\/strong><\/a><\/p>\n<h2>Asiakaspalvelu<\/h2>\n<p>Tilauksiin ja lukijailmoituksiin liittyv\u00e4t asiat.<\/p>\n<p><strong>Puhelinpalvelu <\/strong>014 622 133<br \/>\nAvoinna: ma-pe klo 8.00-18.00<\/p>\n<p>Tallennamme puhelut asiakaspalvelutapahtumien varmentamiseksi<br \/>\nsek\u00e4 asiakaspalvelun koulutusta varten. Puhelun hinta mpm\/pvm, jonotus on maksullista.<\/p>\n<p><a class=\"button\" href=\"https:\/\/oma.media.fi\/pitajanuutiset\/yhteystiedot\/ota-yhteytta\/\">Ota yhteytt\u00e4 asiakaspalveluun\u00a0<\/a><\/p>\n<h2><strong><br \/>\nJakelu, jakeluh\u00e4iri\u00f6t ja puuttuvat lehdet<\/strong><\/h2>\n<p><strong>Mik\u00e4li Sinulla on ongelmia lehden varhaisjakelussa, Postin jakelup\u00e4ivystys palvelee sinua seuraavasti:<\/strong><\/p>\n<p>Ma-pe klo 6.30-16.00, la-su klo 6.30-12.00<br \/>\np. 0200 220 20 (pvm\/mpm), jonotus on maksullista<\/p>\n<p><strong>Pertunmaa ja Kuortti varhaisjakelu<\/strong><br \/>\nJakelusep\u00e4t p. 03 7575 285 ma-pe klo 6.30-10.00<\/p>\n<p>Varhaisjakelu toimittaa puuttuneen lehden seuraavan aamun jakelussa.<\/p>\n<p><a class=\"button\" href=\"https:\/\/oma.media.fi\/pitajanuutiset\/yhteystiedot\/jakelupalaute\/\">Anna jakelupalautetta<\/a><\/p>\n<h2>Toimitus<\/h2>\n<p><a href=\"&#x6d;a&#x69;&#108;&#x74;&#111;:&#x74;&#111;&#x69;&#109;i&#x74;&#117;&#x73;&#64;p&#x69;t&#x61;&#106;&#x61;&#x6e;u&#x75;&#116;&#x69;&#115;e&#x74;&#46;&#x66;&#105;\">toimitus&#64;pitajanuutiset&#46;&#102;&#105;<\/a><\/p>\n<p>P\u00e4\u00e4toimittaja Lasse Laitinen puh. 0440 350 166<br \/>\nToimittaja Henry Parta puh. 0440 350 514<\/p>\n<p>Henkil\u00f6kohtaiset s\u00e4hk\u00f6postit: &#x65;t&#x75;&#110;&#x69;&#109;&#x69;&#x2e;s&#x75;&#107;&#x75;&#110;&#x69;&#109;i&#x40;&#112;&#x69;&#116;&#x61;&#106;a&#x6e;&#117;&#x75;&#116;&#x69;&#115;e&#x74;&#46;&#x66;&#105;<\/p>\n<p><strong>K\u00e4yntiosoite<\/strong>: Asematie 4, 52700 M\u00e4ntyharju<\/p>\n<p>Kaikki sis\u00e4ll\u00f6t voidaan julkaista kaikissa Mediakonserni Keskisuomalaisen medioissa.<\/p>\n<p><a class=\"button\" href=\"https:\/\/oma.media.fi\/pitajanuutiset\/yhteystiedot\/juttuvinkki\/\">L\u00e4het\u00e4 juttuvinkki<\/a><\/p>\n<h2>Medialaskutus<\/h2>\n<p>Ilmoituslaskut<br \/>\np. 09 2730 0230 (pvm\/mpm), ma-pe 9.00-14.00<br \/>\n<a href=\"&#109;&#x61;i&#x6c;t&#111;&#x3a;&#108;&#x61;s&#107;&#x75;&#116;&#x75;s&#x2e;&#x6b;&#101;&#x73;k&#x69;s&#117;&#x6f;&#109;&#x61;l&#97;&#x69;&#110;&#x65;n&#109;&#x65;&#100;&#x69;a&#x40;&#x6d;&#101;&#x64;i&#x61;&#46;&#102;&#x69;\">&#108;&#x61;&#x73;k&#117;&#x74;u&#115;&#x2e;&#x6b;&#101;&#x73;&#x6b;i&#115;&#x75;o&#109;&#x61;&#x6c;&#97;&#x69;&#x6e;e&#110;&#x6d;e&#100;&#x69;&#x61;&#64;&#x6d;&#x65;d&#105;&#x61;&#46;&#102;&#x69;<\/a><\/p>\n<h2>Mediamyynti<\/h2>\n<p>Mediamyynnin yhteystiedot l\u00f6yd\u00e4t <a href=\"https:\/\/www.meks.fi\/kaakko\/\">mediamyynnin sivuilta<\/a><\/p>\n<h2>Palaute<\/h2>\n<p><a class=\"button\" href=\"https:\/\/oma.media.fi\/pitajanuutiset\/yhteystiedot\/anna-palautetta\/\">Anna palautetta<\/a><\/p>\n","protected":false},"excerpt":{"rendered":"<p>Tilaukset Digipalvelut, osoitteenmuutokset, jakelunkeskeytykset, asiakastietojen muutokset sek\u00e4 tilauslaskut ja muut tilauksiin liittyv\u00e4t asiat. Asiakaspalvelua verkossa 24\/7 Lukijailmoitukset J\u00e4rjest\u00f6ilmoitukset, luokitellut ilmoitukset, perheilmoitukset, kuolinilmoitukset ja surukiitokset J\u00e4t\u00e4 ilmoitus 24\/7 pitajanuutiset.fi\/ilmoita Asiakaspalvelu Tilauksiin ja lukijailmoituksiin liittyv\u00e4t asiat. Puhelinpalvelu 014 622 133 Avoinna: ma-pe klo 8.00-18.00 Tallennamme puhelut asiakaspalvelutapahtumien varmentamiseksi sek\u00e4 asiakaspalvelun koulutusta varten. Puhelun hinta mpm\/pvm, jonotus on [&hellip;]<\/p>\n","protected":false},"author":1,"featured_media":0,"parent":0,"menu_order":0,"comment_status":"closed","ping_status":"closed","template":"","meta":{"_acf_changed":false,"footnotes":""},"class_list":["post-526","page","type-page","status-publish","hentry"],"acf":[],"yoast_head":"<!-- This site is optimized with the Yoast SEO plugin v26.2 - https:\/\/yoast.com\/wordpress\/plugins\/seo\/ -->\n<title>Yhteystiedot - Pit\u00e4j\u00e4nuutiset<\/title>\n<meta name=\"description\" content=\"Etsitk\u00f6 yhteystietoja vai haluatko antaa palautetta? Mediatalo Keskisuomalaisen asiakaspalveluiden yhteystiedot, palautekanavat ja juttuvinkit.\" \/>\n<meta name=\"robots\" content=\"index, follow, max-snippet:-1, max-image-preview:large, max-video-preview:-1\" \/>\n<link rel=\"canonical\" href=\"https:\/\/oma.media.fi\/pitajanuutiset\/yhteystiedot\/\" \/>\n<meta property=\"og:locale\" content=\"fi_FI\" \/>\n<meta property=\"og:type\" content=\"article\" \/>\n<meta property=\"og:title\" content=\"Yhteystiedot\" \/>\n<meta property=\"og:description\" content=\"Etsitk\u00f6 yhteystietoja vai haluatko antaa palautetta? Mediatalo Keskisuomalaisen asiakaspalveluiden yhteystiedot, palautekanavat ja juttuvinkit.\" \/>\n<meta property=\"og:url\" content=\"https:\/\/oma.media.fi\/pitajanuutiset\/yhteystiedot\/\" \/>\n<meta property=\"og:site_name\" content=\"Pit\u00e4j\u00e4nuutiset\" \/>\n<meta property=\"article:modified_time\" content=\"2026-04-13T08:39:34+00:00\" \/>\n<meta name=\"twitter:card\" content=\"summary_large_image\" \/>\n<meta name=\"twitter:label1\" content=\"Arvioitu lukuaika\" \/>\n\t<meta name=\"twitter:data1\" content=\"2 minuuttia\" \/>\n<script type=\"application\/ld+json\" class=\"yoast-schema-graph\">{\"@context\":\"https:\/\/schema.org\",\"@graph\":[{\"@type\":\"WebPage\",\"@id\":\"https:\/\/oma.media.fi\/pitajanuutiset\/yhteystiedot\/\",\"url\":\"https:\/\/oma.media.fi\/pitajanuutiset\/yhteystiedot\/\",\"name\":\"Yhteystiedot - Pit\u00e4j\u00e4nuutiset\",\"isPartOf\":{\"@id\":\"https:\/\/oma.media.fi\/pitajanuutiset\/#website\"},\"datePublished\":\"2018-10-17T10:17:59+00:00\",\"dateModified\":\"2026-04-13T08:39:34+00:00\",\"description\":\"Etsitk\u00f6 yhteystietoja vai haluatko antaa palautetta? Mediatalo Keskisuomalaisen asiakaspalveluiden yhteystiedot, palautekanavat ja juttuvinkit.\",\"breadcrumb\":{\"@id\":\"https:\/\/oma.media.fi\/pitajanuutiset\/yhteystiedot\/#breadcrumb\"},\"inLanguage\":\"fi\",\"potentialAction\":[{\"@type\":\"ReadAction\",\"target\":[\"https:\/\/oma.media.fi\/pitajanuutiset\/yhteystiedot\/\"]}]},{\"@type\":\"BreadcrumbList\",\"@id\":\"https:\/\/oma.media.fi\/pitajanuutiset\/yhteystiedot\/#breadcrumb\",\"itemListElement\":[{\"@type\":\"ListItem\",\"position\":1,\"name\":\"Etusivu\",\"item\":\"https:\/\/oma.media.fi\/pitajanuutiset\/\"},{\"@type\":\"ListItem\",\"position\":2,\"name\":\"Yhteystiedot\"}]},{\"@type\":\"WebSite\",\"@id\":\"https:\/\/oma.media.fi\/pitajanuutiset\/#website\",\"url\":\"https:\/\/oma.media.fi\/pitajanuutiset\/\",\"name\":\"Pit\u00e4j\u00e4nuutiset\",\"description\":\"\",\"potentialAction\":[{\"@type\":\"SearchAction\",\"target\":{\"@type\":\"EntryPoint\",\"urlTemplate\":\"https:\/\/oma.media.fi\/pitajanuutiset\/?s={search_term_string}\"},\"query-input\":{\"@type\":\"PropertyValueSpecification\",\"valueRequired\":true,\"valueName\":\"search_term_string\"}}],\"inLanguage\":\"fi\"}]}<\/script>\n<!-- \/ Yoast SEO plugin. -->","yoast_head_json":{"title":"Yhteystiedot - Pit\u00e4j\u00e4nuutiset","description":"Etsitk\u00f6 yhteystietoja vai haluatko antaa palautetta? Mediatalo Keskisuomalaisen asiakaspalveluiden yhteystiedot, palautekanavat ja juttuvinkit.","robots":{"index":"index","follow":"follow","max-snippet":"max-snippet:-1","max-image-preview":"max-image-preview:large","max-video-preview":"max-video-preview:-1"},"canonical":"https:\/\/oma.media.fi\/pitajanuutiset\/yhteystiedot\/","og_locale":"fi_FI","og_type":"article","og_title":"Yhteystiedot","og_description":"Etsitk\u00f6 yhteystietoja vai haluatko antaa palautetta? Mediatalo Keskisuomalaisen asiakaspalveluiden yhteystiedot, palautekanavat ja juttuvinkit.","og_url":"https:\/\/oma.media.fi\/pitajanuutiset\/yhteystiedot\/","og_site_name":"Pit\u00e4j\u00e4nuutiset","article_modified_time":"2026-04-13T08:39:34+00:00","twitter_card":"summary_large_image","twitter_misc":{"Arvioitu lukuaika":"2 minuuttia"},"schema":{"@context":"https:\/\/schema.org","@graph":[{"@type":"WebPage","@id":"https:\/\/oma.media.fi\/pitajanuutiset\/yhteystiedot\/","url":"https:\/\/oma.media.fi\/pitajanuutiset\/yhteystiedot\/","name":"Yhteystiedot - Pit\u00e4j\u00e4nuutiset","isPartOf":{"@id":"https:\/\/oma.media.fi\/pitajanuutiset\/#website"},"datePublished":"2018-10-17T10:17:59+00:00","dateModified":"2026-04-13T08:39:34+00:00","description":"Etsitk\u00f6 yhteystietoja vai haluatko antaa palautetta? Mediatalo Keskisuomalaisen asiakaspalveluiden yhteystiedot, palautekanavat ja juttuvinkit.","breadcrumb":{"@id":"https:\/\/oma.media.fi\/pitajanuutiset\/yhteystiedot\/#breadcrumb"},"inLanguage":"fi","potentialAction":[{"@type":"ReadAction","target":["https:\/\/oma.media.fi\/pitajanuutiset\/yhteystiedot\/"]}]},{"@type":"BreadcrumbList","@id":"https:\/\/oma.media.fi\/pitajanuutiset\/yhteystiedot\/#breadcrumb","itemListElement":[{"@type":"ListItem","position":1,"name":"Etusivu","item":"https:\/\/oma.media.fi\/pitajanuutiset\/"},{"@type":"ListItem","position":2,"name":"Yhteystiedot"}]},{"@type":"WebSite","@id":"https:\/\/oma.media.fi\/pitajanuutiset\/#website","url":"https:\/\/oma.media.fi\/pitajanuutiset\/","name":"Pit\u00e4j\u00e4nuutiset","description":"","potentialAction":[{"@type":"SearchAction","target":{"@type":"EntryPoint","urlTemplate":"https:\/\/oma.media.fi\/pitajanuutiset\/?s={search_term_string}"},"query-input":{"@type":"PropertyValueSpecification","valueRequired":true,"valueName":"search_term_string"}}],"inLanguage":"fi"}]}},"publishpress_future_action":{"enabled":false,"date":"2026-05-14 08:53:50","action":"change-status","newStatus":"draft","terms":[],"taxonomy":"","extraData":[]},"publishpress_future_workflow_manual_trigger":{"enabledWorkflows":[]},"_links":{"self":[{"href":"https:\/\/oma.media.fi\/pitajanuutiset\/wp-json\/wp\/v2\/pages\/526","targetHints":{"allow":["GET"]}}],"collection":[{"href":"https:\/\/oma.media.fi\/pitajanuutiset\/wp-json\/wp\/v2\/pages"}],"about":[{"href":"https:\/\/oma.media.fi\/pitajanuutiset\/wp-json\/wp\/v2\/types\/page"}],"author":[{"embeddable":true,"href":"https:\/\/oma.media.fi\/pitajanuutiset\/wp-json\/wp\/v2\/users\/1"}],"replies":[{"embeddable":true,"href":"https:\/\/oma.media.fi\/pitajanuutiset\/wp-json\/wp\/v2\/comments?post=526"}],"version-history":[{"count":57,"href":"https:\/\/oma.media.fi\/pitajanuutiset\/wp-json\/wp\/v2\/pages\/526\/revisions"}],"predecessor-version":[{"id":10713,"href":"https:\/\/oma.media.fi\/pitajanuutiset\/wp-json\/wp\/v2\/pages\/526\/revisions\/10713"}],"wp:attachment":[{"href":"https:\/\/oma.media.fi\/pitajanuutiset\/wp-json\/wp\/v2\/media?parent=526"}],"curies":[{"name":"wp","href":"https:\/\/api.w.org\/{rel}","templated":true}]}}