{"id":3463,"date":"2019-01-22T15:08:32","date_gmt":"2019-01-22T13:08:32","guid":{"rendered":"https:\/\/oma.media.fi\/savon-sanomat\/?page_id=3463"},"modified":"2026-04-22T16:27:48","modified_gmt":"2026-04-22T13:27:48","slug":"toimituksen-yhteystiedot","status":"publish","type":"page","link":"https:\/\/oma.media.fi\/savon-sanomat\/yhteystiedot\/toimituksen-yhteystiedot\/","title":{"rendered":"Toimituksen yhteystiedot"},"content":{"rendered":"<h3><strong>Toimituksen johto<\/strong><\/h3>\n<p><strong>Matti Pietil\u00e4inen <\/strong>vastaava p\u00e4\u00e4toimittaja 050 303 4728<br \/>\n<strong>Heikki Toivanen <\/strong>toimitusp\u00e4\u00e4llikk\u00f6 050 364 8373<strong><br \/>\nJussi Murtasaari<\/strong> digip\u00e4\u00e4llikk\u00f6 050 439 9103<br \/>\n<strong>Iida Tiihonen <\/strong>uutisp\u00e4\u00e4llikk\u00f6 044 406 2393<br \/>\n<strong>Tommi Turunen <\/strong>p\u00e4iv\u00e4tuottaja 044 406 3638<br \/>\n<span data-teams=\"true\"><strong>Leena Marjamaa<\/strong> johdon sihteeri 044 406 <\/span><span data-teams=\"true\">2157<\/span><strong><br \/>\n<\/strong><\/p>\n<h3>Kuopion taittokeskus<\/h3>\n<p>esihenkil\u00f6 <strong>Tomi T. Turunen<\/strong> 040 538 2280<\/p>\n<h3><strong>Artikkelitoimitus<\/strong><\/h3>\n<p><strong>Vesa K\u00e4rkk\u00e4inen<\/strong> artikkelitoimittaja 050 462 4644<br \/>\n<strong>Sami Vainio<\/strong> artikkelitoimittaja 050 443 4448<br \/>\n<strong>Soili Porokka<\/strong> yhteis\u00f6toimittaja, Lukijan Sanomat 050 322 4260<\/p>\n<h3><strong>Verkkotoimitus<\/strong> 017 303 300<\/h3>\n<p><strong>Jerri Koskinen<\/strong> verkkotoimittaja 044 406 3120<br \/>\n<strong>Heidi Kuosmanen <\/strong>verkkotoimittaja 040 184 0032<br \/>\n<strong>Susanna Pekkarinen <\/strong>verkkotoimittaja 040 645 9336<br \/>\n<strong>Oskari Valtonen<\/strong> verkkotoimittaja 040 704 8400<br \/>\n<strong>Emma Jolkkonen<\/strong> verkkotoimittaja 040 153 0928<br \/>\n<strong>Laura Ruuskanen<\/strong> verkkotoimittaja 040 641 2308 (poissa)<br \/>\n<strong>Eetu Kokkinen <\/strong>verkkotoimittaja <span data-teams=\"true\">040 647 7284<\/span><br \/>\n<strong>Inka Jurkka<\/strong> verkkotoimittaja 040 588 3759<br \/>\n<strong>Vili Ruuska<\/strong> verkkotoimittaja 040 4857 976<br \/>\n<strong>Kanerva Jalarvo<\/strong> verkkotoimittaja 044 7561 260<br \/>\n<strong>Klaudia K\u00e4kel\u00e4-Nuutinen<\/strong> verkkotoimittaja 040 539 0617<\/p>\n<h3><strong>Uutistoimitus<\/strong><\/h3>\n<p><strong>Jaana Hiltunen <\/strong>toimittaja 050 462 4643<br \/>\n<strong>Sanna Inkinen<\/strong> toimittaja 044 406 2385<br \/>\n<strong>Antti Launonen<\/strong> toimittaja 050 314 6889<br \/>\n<span data-teams=\"true\"><strong>Jussi Kumpulainen <\/strong>toimittaja 045 881 7235<\/span><br \/>\n<strong>Jukka-Pekka R\u00e4s\u00e4nen <\/strong>toimittaja 044 406 2389<br \/>\n<strong>Asta Tenhunen<\/strong> toimittaja 050 462 4655<br \/>\n<strong>Janne Laitinen<\/strong> toimittaja 040 827 4779<br \/>\n<strong>Jukka R\u00f6nkk\u00f6<\/strong> toimittaja 040 663 7382<br \/>\n<strong>Vuokko Nissinen\u00a0<\/strong>toimittaja 040 648 8132<\/p>\n<h3><strong>Kulttuuritoimitus<\/strong><\/h3>\n<p><strong>Iikka Taavitsainen<\/strong> kulttuurituottaja 050 314 6892<br \/>\n<strong>Eeva Lankolainen <\/strong>toimittaja 050 314 6891<\/p>\n<h3><strong>Urheilutoimitus<\/strong><\/h3>\n<p><strong>Jussi Murtasaari <\/strong>esihenkil\u00f6 050 439 9103<br \/>\n<strong>Kari Haavisto <\/strong>toimittaja 050 518 1710<br \/>\n<strong>Otto Leinonen<\/strong> toimittaja 040 769 9041<br \/>\n<strong>Outi Poikonen<\/strong> toimittaja 050 432 5340<br \/>\n<strong>Sari Juntunen<\/strong> ravitoimittaja 0500 271 412<\/p>\n<h3><strong>Nuorten toimitus<\/strong><\/h3>\n<p><span data-teams=\"true\"><strong>Sanni Hakkarainen<\/strong> teematuottaja 040 645 2539<\/span><\/p>\n<h3><strong>Visuaalinen toimitus<\/strong><\/h3>\n<p><strong>Aake Roininen <\/strong>osastokuvaaja\u00a0040 612 4029<br \/>\n<span class=\"ui-provider fy b c d e f g h i j k l m n o p q r s t u v w x y z ab ac ae af ag ah ai aj ak\" dir=\"ltr\"><strong><span class=\"ui-provider ee bpm bpn bpo bpp bpq bpr bps bpt bpu bpv bpw bpx bpy bpz bqa bqb bqc bqd bqe bqf bqg bqh bqi bqj bqk bql bqm bqn bqo bqp bqq bqr bqs bqt\" dir=\"ltr\">Jussi Pohjavirta<\/span><\/strong> kuvaaja <span class=\"ui-provider ee bpm bpn bpo bpp bpq bpr bps bpt bpu bpv bpw bpx bpy bpz bqa bqb bqc bqd bqe bqf bqg bqh bqi bqj bqk bql bqm bqn bqo bqp bqq bqr bqs bqt\" dir=\"ltr\">044 509 9922<\/span><\/span><strong><br \/>\n<\/strong><strong>Paula Pohjamo<\/strong> kuvaaja 044 406 2149<br \/>\n<strong>Mikko Pitk\u00e4nen<\/strong> graafikko 044 406 3520<br \/>\n<strong>Leena Marjamaa\u00a0<\/strong>arkistonhoitaja 044 406 2157<\/p>\n<h3><strong>Aluetoimitukset<\/strong><\/h3>\n<p><strong>Varkauden toimipiste<\/strong><\/p>\n<p>Taipaleentie 17, 78250 Varkaus<br \/>\n<a href=\"mailto:varkaus2savonsanomat.fi\"><em>varkaus(at)savonsanomat.fi<\/em><\/a><\/p>\n<p><strong>Martti Ripaoja<\/strong>\u00a0toimittaja 044 525 5951<\/p>\n<p><strong>Pieks\u00e4m\u00e4en toimipiste<\/strong><\/p>\n<p>Keskuskatu 6-10, 76100 Pieks\u00e4m\u00e4ki<strong><br \/>\n<\/strong><a href=\"&#x6d;&#x61;&#x69;&#x6c;&#x74;&#x6f;&#58;&#112;&#105;&#101;ksam&#x61;&#x6b;&#x69;&#x40;&#x73;&#x61;&#118;&#111;&#110;&#115;&#97;nom&#x61;&#x74;&#x2e;&#x66;&#x69;\"><em>pieksamaki(at)savonsanomat.fi<\/em><\/a><\/p>\n<p><strong>Iisalmen toimipiste<\/strong><\/p>\n<p>Kauppakatu 13 (Keisarin Kulma, 2. krs), 74100 Iisalmi<br \/>\n<a href=\"&#109;&#97;&#x69;&#x6c;&#116;&#111;&#x3a;&#x69;&#105;&#115;&#x61;&#x6c;&#109;&#105;&#x40;&#x73;&#97;&#118;&#x6f;&#x6e;&#115;&#97;&#x6e;&#x6f;&#109;&#97;&#x74;&#x2e;&#102;&#105;\"><em>iisalmi(at)savonsanomat.fi<\/em><\/a><\/p>\n<p><strong>Ossi Savolainen<\/strong> toimittaja 040 358 9230<\/p>\n<p><strong>Uutissuomalainen ja Sunnuntaisuomalainen<\/strong><\/p>\n<p>Savon Sanomat on mukana useiden sanomalehtien yhteistoimituksissa Uutissuomalaisessa ja Sunnuntaisuomalaisessa.<\/p>\n<p>Katso Uutissuomalaisen ja Sunnuntaisuomalaisen yhteystiedot <a href=\"https:\/\/www.uutissuomalainen.com\/\">t\u00e4\u00e4lt\u00e4<\/a>.<\/p>\n<h3>Muut yhteystiedot<\/h3>\n<p><a href=\"https:\/\/oma.media.fi\/savon-sanomat\/yhteystiedot\/\">Katso Savon Sanomien <\/a><a href=\"https:\/\/oma.media.fi\/savon-sanomat\/yhteystiedot\/\">muut yhteystiedot t\u00e4st\u00e4<\/a><\/p>\n","protected":false},"excerpt":{"rendered":"<p>Toimituksen johto Matti Pietil\u00e4inen vastaava p\u00e4\u00e4toimittaja 050 303 4728 Heikki Toivanen toimitusp\u00e4\u00e4llikk\u00f6 050 364 8373 Jussi Murtasaari digip\u00e4\u00e4llikk\u00f6 050 439 9103 Iida Tiihonen uutisp\u00e4\u00e4llikk\u00f6 044 406 2393 Tommi Turunen p\u00e4iv\u00e4tuottaja 044 406 3638 Leena Marjamaa johdon sihteeri 044 406 2157 Kuopion taittokeskus esihenkil\u00f6 Tomi T. Turunen 040 538 2280 Artikkelitoimitus Vesa K\u00e4rkk\u00e4inen artikkelitoimittaja 050 462 [&hellip;]<\/p>\n","protected":false},"author":3,"featured_media":0,"parent":26,"menu_order":0,"comment_status":"closed","ping_status":"closed","template":"","meta":{"_acf_changed":false,"footnotes":""},"class_list":["post-3463","page","type-page","status-publish","hentry"],"acf":[],"yoast_head":"<!-- This site is optimized with the Yoast SEO plugin v26.2 - https:\/\/yoast.com\/wordpress\/plugins\/seo\/ -->\n<title>Toimituksen yhteystiedot - Savon Sanomat<\/title>\n<meta name=\"robots\" content=\"index, follow, max-snippet:-1, max-image-preview:large, max-video-preview:-1\" \/>\n<link rel=\"canonical\" href=\"https:\/\/oma.media.fi\/savon-sanomat\/yhteystiedot\/toimituksen-yhteystiedot\/\" \/>\n<meta property=\"og:locale\" content=\"fi_FI\" \/>\n<meta property=\"og:type\" content=\"article\" \/>\n<meta property=\"og:title\" content=\"Toimituksen yhteystiedot\" \/>\n<meta property=\"og:description\" content=\"Toimituksen johto Matti Pietil\u00e4inen vastaava p\u00e4\u00e4toimittaja 050 303 4728 Heikki Toivanen toimitusp\u00e4\u00e4llikk\u00f6 050 364 8373 Jussi Murtasaari digip\u00e4\u00e4llikk\u00f6 050 439 9103 Iida Tiihonen uutisp\u00e4\u00e4llikk\u00f6 044 406 2393 Tommi Turunen p\u00e4iv\u00e4tuottaja 044 406 3638 Leena Marjamaa johdon sihteeri 044 406 2157 Kuopion taittokeskus esihenkil\u00f6 Tomi T. Turunen 040 538 2280 Artikkelitoimitus Vesa K\u00e4rkk\u00e4inen artikkelitoimittaja 050 462 [&hellip;]\" \/>\n<meta property=\"og:url\" content=\"https:\/\/oma.media.fi\/savon-sanomat\/yhteystiedot\/toimituksen-yhteystiedot\/\" \/>\n<meta property=\"og:site_name\" content=\"Savon Sanomat\" \/>\n<meta property=\"article:modified_time\" content=\"2026-04-22T13:27:48+00:00\" \/>\n<meta name=\"twitter:card\" content=\"summary_large_image\" \/>\n<meta name=\"twitter:label1\" content=\"Arvioitu lukuaika\" \/>\n\t<meta name=\"twitter:data1\" content=\"3 minuuttia\" \/>\n<script type=\"application\/ld+json\" class=\"yoast-schema-graph\">{\"@context\":\"https:\/\/schema.org\",\"@graph\":[{\"@type\":\"WebPage\",\"@id\":\"https:\/\/oma.media.fi\/savon-sanomat\/yhteystiedot\/toimituksen-yhteystiedot\/\",\"url\":\"https:\/\/oma.media.fi\/savon-sanomat\/yhteystiedot\/toimituksen-yhteystiedot\/\",\"name\":\"Toimituksen yhteystiedot - Savon Sanomat\",\"isPartOf\":{\"@id\":\"https:\/\/oma.media.fi\/savon-sanomat\/#website\"},\"datePublished\":\"2019-01-22T13:08:32+00:00\",\"dateModified\":\"2026-04-22T13:27:48+00:00\",\"breadcrumb\":{\"@id\":\"https:\/\/oma.media.fi\/savon-sanomat\/yhteystiedot\/toimituksen-yhteystiedot\/#breadcrumb\"},\"inLanguage\":\"fi\",\"potentialAction\":[{\"@type\":\"ReadAction\",\"target\":[\"https:\/\/oma.media.fi\/savon-sanomat\/yhteystiedot\/toimituksen-yhteystiedot\/\"]}]},{\"@type\":\"BreadcrumbList\",\"@id\":\"https:\/\/oma.media.fi\/savon-sanomat\/yhteystiedot\/toimituksen-yhteystiedot\/#breadcrumb\",\"itemListElement\":[{\"@type\":\"ListItem\",\"position\":1,\"name\":\"Etusivu\",\"item\":\"https:\/\/oma.media.fi\/savon-sanomat\/\"},{\"@type\":\"ListItem\",\"position\":2,\"name\":\"Yhteystiedot\",\"item\":\"https:\/\/oma.media.fi\/savon-sanomat\/yhteystiedot\/\"},{\"@type\":\"ListItem\",\"position\":3,\"name\":\"Toimituksen yhteystiedot\"}]},{\"@type\":\"WebSite\",\"@id\":\"https:\/\/oma.media.fi\/savon-sanomat\/#website\",\"url\":\"https:\/\/oma.media.fi\/savon-sanomat\/\",\"name\":\"Savon Sanomat\",\"description\":\"\",\"potentialAction\":[{\"@type\":\"SearchAction\",\"target\":{\"@type\":\"EntryPoint\",\"urlTemplate\":\"https:\/\/oma.media.fi\/savon-sanomat\/?s={search_term_string}\"},\"query-input\":{\"@type\":\"PropertyValueSpecification\",\"valueRequired\":true,\"valueName\":\"search_term_string\"}}],\"inLanguage\":\"fi\"}]}<\/script>\n<!-- \/ Yoast SEO plugin. -->","yoast_head_json":{"title":"Toimituksen yhteystiedot - Savon Sanomat","robots":{"index":"index","follow":"follow","max-snippet":"max-snippet:-1","max-image-preview":"max-image-preview:large","max-video-preview":"max-video-preview:-1"},"canonical":"https:\/\/oma.media.fi\/savon-sanomat\/yhteystiedot\/toimituksen-yhteystiedot\/","og_locale":"fi_FI","og_type":"article","og_title":"Toimituksen yhteystiedot","og_description":"Toimituksen johto Matti Pietil\u00e4inen vastaava p\u00e4\u00e4toimittaja 050 303 4728 Heikki Toivanen toimitusp\u00e4\u00e4llikk\u00f6 050 364 8373 Jussi Murtasaari digip\u00e4\u00e4llikk\u00f6 050 439 9103 Iida Tiihonen uutisp\u00e4\u00e4llikk\u00f6 044 406 2393 Tommi Turunen p\u00e4iv\u00e4tuottaja 044 406 3638 Leena Marjamaa johdon sihteeri 044 406 2157 Kuopion taittokeskus esihenkil\u00f6 Tomi T. Turunen 040 538 2280 Artikkelitoimitus Vesa K\u00e4rkk\u00e4inen artikkelitoimittaja 050 462 [&hellip;]","og_url":"https:\/\/oma.media.fi\/savon-sanomat\/yhteystiedot\/toimituksen-yhteystiedot\/","og_site_name":"Savon Sanomat","article_modified_time":"2026-04-22T13:27:48+00:00","twitter_card":"summary_large_image","twitter_misc":{"Arvioitu lukuaika":"3 minuuttia"},"schema":{"@context":"https:\/\/schema.org","@graph":[{"@type":"WebPage","@id":"https:\/\/oma.media.fi\/savon-sanomat\/yhteystiedot\/toimituksen-yhteystiedot\/","url":"https:\/\/oma.media.fi\/savon-sanomat\/yhteystiedot\/toimituksen-yhteystiedot\/","name":"Toimituksen yhteystiedot - Savon Sanomat","isPartOf":{"@id":"https:\/\/oma.media.fi\/savon-sanomat\/#website"},"datePublished":"2019-01-22T13:08:32+00:00","dateModified":"2026-04-22T13:27:48+00:00","breadcrumb":{"@id":"https:\/\/oma.media.fi\/savon-sanomat\/yhteystiedot\/toimituksen-yhteystiedot\/#breadcrumb"},"inLanguage":"fi","potentialAction":[{"@type":"ReadAction","target":["https:\/\/oma.media.fi\/savon-sanomat\/yhteystiedot\/toimituksen-yhteystiedot\/"]}]},{"@type":"BreadcrumbList","@id":"https:\/\/oma.media.fi\/savon-sanomat\/yhteystiedot\/toimituksen-yhteystiedot\/#breadcrumb","itemListElement":[{"@type":"ListItem","position":1,"name":"Etusivu","item":"https:\/\/oma.media.fi\/savon-sanomat\/"},{"@type":"ListItem","position":2,"name":"Yhteystiedot","item":"https:\/\/oma.media.fi\/savon-sanomat\/yhteystiedot\/"},{"@type":"ListItem","position":3,"name":"Toimituksen yhteystiedot"}]},{"@type":"WebSite","@id":"https:\/\/oma.media.fi\/savon-sanomat\/#website","url":"https:\/\/oma.media.fi\/savon-sanomat\/","name":"Savon Sanomat","description":"","potentialAction":[{"@type":"SearchAction","target":{"@type":"EntryPoint","urlTemplate":"https:\/\/oma.media.fi\/savon-sanomat\/?s={search_term_string}"},"query-input":{"@type":"PropertyValueSpecification","valueRequired":true,"valueName":"search_term_string"}}],"inLanguage":"fi"}]}},"publishpress_future_action":{"enabled":false,"date":"2026-05-13 04:30:22","action":"change-status","newStatus":"draft","terms":[],"taxonomy":"","extraData":[]},"publishpress_future_workflow_manual_trigger":{"enabledWorkflows":[]},"_links":{"self":[{"href":"https:\/\/oma.media.fi\/savon-sanomat\/wp-json\/wp\/v2\/pages\/3463","targetHints":{"allow":["GET"]}}],"collection":[{"href":"https:\/\/oma.media.fi\/savon-sanomat\/wp-json\/wp\/v2\/pages"}],"about":[{"href":"https:\/\/oma.media.fi\/savon-sanomat\/wp-json\/wp\/v2\/types\/page"}],"author":[{"embeddable":true,"href":"https:\/\/oma.media.fi\/savon-sanomat\/wp-json\/wp\/v2\/users\/3"}],"replies":[{"embeddable":true,"href":"https:\/\/oma.media.fi\/savon-sanomat\/wp-json\/wp\/v2\/comments?post=3463"}],"version-history":[{"count":88,"href":"https:\/\/oma.media.fi\/savon-sanomat\/wp-json\/wp\/v2\/pages\/3463\/revisions"}],"predecessor-version":[{"id":21553,"href":"https:\/\/oma.media.fi\/savon-sanomat\/wp-json\/wp\/v2\/pages\/3463\/revisions\/21553"}],"up":[{"embeddable":true,"href":"https:\/\/oma.media.fi\/savon-sanomat\/wp-json\/wp\/v2\/pages\/26"}],"wp:attachment":[{"href":"https:\/\/oma.media.fi\/savon-sanomat\/wp-json\/wp\/v2\/media?parent=3463"}],"curies":[{"name":"wp","href":"https:\/\/api.w.org\/{rel}","templated":true}]}}