{"id":26,"date":"2018-10-17T13:17:59","date_gmt":"2018-10-17T10:17:59","guid":{"rendered":"https:\/\/oma.media.fi\/sipoon-sanomat\/yhteystiedot\/"},"modified":"2026-04-13T12:04:31","modified_gmt":"2026-04-13T09:04:31","slug":"yhteystiedot","status":"publish","type":"page","link":"https:\/\/oma.media.fi\/sipoon-sanomat\/yhteystiedot\/","title":{"rendered":"Yhteystiedot"},"content":{"rendered":"<div class=\"text-block\">\n<h2>Tilaukset<\/h2>\n<p>Digipalvelut, osoitteenmuutokset, jakelunkeskeytykset, asiakastietojen muutokset<br \/>\nsek\u00e4 tilauslaskutus ja muut tilauksiin liittyv\u00e4t asiat.<\/p>\n<p><a href=\"https:\/\/oma.media.fi\/sipoon-sanomat\/\" target=\"_blank\" rel=\"noopener\"><strong>Asiakaspalvelua verkossa 24\/7<\/strong><\/a><\/p>\n<h2>Lukijailmoitukset<\/h2>\n<p>J\u00e4rjest\u00f6ilmoitukset, luokitellut ilmoitukset, perheilmoitukset, kuolinilmoitukset ja surukiitokset<\/p>\n<p><strong>J\u00e4t\u00e4 ilmoitus 24\/7 <\/strong><a href=\"https:\/\/oma.media.fi\/sipoon-sanomat\/ilmoita\/\" target=\"_blank\" rel=\"noopener\"><strong>sipoonsanomat.fi\/ilmoita<\/strong><\/a><\/p>\n<h2>Asiakaspalvelu<\/h2>\n<p>Tilauksiin ja lukijailmoituksiin liittyv\u00e4t asiat.<\/p>\n<p><strong>Puhelinpalvelu <\/strong>014 622 133<br \/>\nAvoinna: ma-pe klo 8.00-18.00<\/p>\n<p>Tallennamme puhelut asiakaspalvelutapahtumien varmentamiseksi<br \/>\nsek\u00e4 asiakaspalvelun koulutusta varten. Puhelun hinta mpm\/pvm, jonotus on maksullista.<\/p>\n<p><a class=\"button\" href=\"https:\/\/oma.media.fi\/sipoon-sanomat\/yhteystiedot\/ota-yhteytta\/\" target=\"_blank\" rel=\"noopener\">Ota yhteytt\u00e4 asiakaspalveluun<\/a><\/p>\n<\/div>\n<div class=\"text-block\">\n<h2>Jakelu ja jakelup\u00e4ivystys<\/h2>\n<p><a class=\"button\" href=\"https:\/\/oma.media.fi\/sipoon-sanomat\/yhteystiedot\/jakelupalaute\/\">Ilmoita jakeluvirheest\u00e4<\/a><\/p>\n<p><strong>Varhaisjakelu<br \/>\n<\/strong>06 784 8931 (pvm\/mpm) ark. klo 6-8, la-su klo 6-10<\/p>\n<p><i><\/i>Varhaisjakelu toimittaa puuttuneen lehden seuraavan aamun jakelussa.<\/p>\n<p><strong>Lehti p\u00e4iv\u00e4postin jakelussa<br \/>\n<\/strong>ota yhteys lehden tilaajapalveluun<\/p>\n<\/div>\n<div class=\"text-block\">\n<h2>Medialaskutus<\/h2>\n<p>Ilmoituslaskutus<br \/>\np. 09 2730 0230 (pvm\/mpm), ma-pe 9.00-14.00<br \/>\n<a href=\"m&#97;&#105;&#x6c;&#x74;o:&#108;&#97;&#x73;&#x6b;ut&#117;&#115;&#x2e;&#x6b;es&#107;&#x69;&#x73;&#x75;o&#109;&#97;&#x6c;&#x61;&#x69;n&#101;&#110;&#x6d;&#x65;&#x64;i&#97;&#64;&#x6d;&#x65;&#x64;i&#97;&#46;&#x66;&#x69;\">&#x6c;&#x61;&#x73;&#x6b;&#x75;&#x74;&#x75;&#115;&#46;&#107;&#101;&#115;kisu&#x6f;&#x6d;&#x61;&#x6c;&#x61;&#x69;&#x6e;&#x65;&#110;&#109;&#101;&#100;&#105;a&#64;me&#x64;&#x69;&#x61;&#x2e;&#x66;&#x69;<\/a><\/p>\n<\/div>\n<div class=\"text-block\">\n<h2>Mediamyynti<\/h2>\n<p>Yhteystiedot l\u00f6yd\u00e4t <a href=\"https:\/\/meks.fi\/yhteystiedot\/\" target=\"_blank\" rel=\"noopener\">mediamyynnin sivulta<\/a><\/p>\n<\/div>\n<div class=\"text-block\">\n<h2>Toimitus<\/h2>\n<p><a href=\"&#109;&#x61;&#105;&#x6c;&#116;&#x6f;&#58;&#x73;&#105;&#x70;&#111;&#x6f;n&#x2e;s&#x61;n&#x6f;m&#x61;t&#x40;m&#101;&#x64;&#105;&#x61;&#46;&#x66;&#105;\">&#115;&#x69;&#112;&#x6f;o&#x6e;&#46;&#115;&#x61;&#110;&#x6f;m&#x61;t&#64;&#x6d;&#101;&#x64;i&#x61;&#46;&#102;&#x69;<\/a><\/p>\n<p>Lundinkatu 8, 06100 Porvoo (k\u00e4ynti Runeberginkatu 31)<\/p>\n<p>Suorat s\u00e4hk\u00f6postit: &#101;&#x74;u&#x6e;i&#109;&#x69;&#46;&#x73;u&#107;&#x75;&#110;&#x69;m&#x69;&#x40;&#109;&#x65;d&#x69;a&#46;&#x66;&#105;<\/p>\n<p>P\u00e4\u00e4toimittaja:<br \/>\nUlla Yliherne p. 040 5606982<br \/>\n<a href=\"&#109;&#x61;i&#108;&#x74;o&#58;&#x75;l&#108;&#x61;&#46;&#121;&#x6c;i&#104;&#x65;r&#110;&#x65;&#64;&#109;&#x65;d&#105;&#x61;&#46;&#102;&#x69;\">u&#108;&#x6c;&#x61;&#46;&#121;&#108;&#x69;&#x68;e&#114;&#110;&#x65;&#x40;m&#101;&#x64;&#x69;&#x61;&#46;&#102;&#x69;<\/a><\/p>\n<p>Uutisp\u00e4\u00e4llikk\u00f6:<br \/>\nHeli Juvakka (vanhempainvapaalla)<\/p>\n<p>Toimittaja:<br \/>\nCrista Lassfolk-Feodoroff p. 040\u00a0139 3001<br \/>\n<a href=\"&#109;&#x61;&#105;&#x6c;&#116;&#x6f;:&#x43;r&#x69;s&#116;&#x61;&#46;&#x4c;&#97;&#x73;&#115;&#x66;o&#x6c;k&#x2d;F&#101;&#x6f;&#100;&#x6f;&#114;&#x6f;&#102;&#x66;&#64;&#x6d;e&#x64;i&#97;&#x2e;&#102;&#x69;\">Cr&#105;&#115;&#x74;&#x61;&#x2e;&#x4c;as&#115;&#102;&#x6f;&#x6c;&#x6b;&#x2d;Fe&#111;&#100;&#111;&#x72;&#x6f;&#x66;&#x66;&#64;m&#101;&#100;&#x69;&#x61;&#x2e;&#x66;i<\/a><\/p>\n<p>Kaikki sis\u00e4ll\u00f6t voidaan julkaista kaikissa Mediakonserni Keskisuomalaisen medioissa.<\/p>\n<p><a class=\"button\" href=\"https:\/\/oma.media.fi\/sipoon-sanomat\/yhteystiedot\/juttuvinkki\/\" target=\"_blank\" rel=\"noopener\">J\u00e4t\u00e4 juttuvinkki<\/a><\/p>\n<\/div>\n<div class=\"text-block\">\n<h2>Palaute<\/h2>\n<p><a class=\"button\" href=\"https:\/\/oma.media.fi\/sipoon-sanomat\/yhteystiedot\/anna-palautetta\/\" target=\"_blank\" rel=\"noopener\">Anna palautetta<\/a><\/p>\n<\/div>\n","protected":false},"excerpt":{"rendered":"<p>Tilaukset Digipalvelut, osoitteenmuutokset, jakelunkeskeytykset, asiakastietojen muutokset sek\u00e4 tilauslaskutus ja muut tilauksiin liittyv\u00e4t asiat. Asiakaspalvelua verkossa 24\/7 Lukijailmoitukset J\u00e4rjest\u00f6ilmoitukset, luokitellut ilmoitukset, perheilmoitukset, kuolinilmoitukset ja surukiitokset J\u00e4t\u00e4 ilmoitus 24\/7 sipoonsanomat.fi\/ilmoita Asiakaspalvelu Tilauksiin ja lukijailmoituksiin liittyv\u00e4t asiat. Puhelinpalvelu 014 622 133 Avoinna: ma-pe klo 8.00-18.00 Tallennamme puhelut asiakaspalvelutapahtumien varmentamiseksi sek\u00e4 asiakaspalvelun koulutusta varten. Puhelun hinta mpm\/pvm, jonotus on [&hellip;]<\/p>\n","protected":false},"author":1,"featured_media":0,"parent":0,"menu_order":0,"comment_status":"closed","ping_status":"closed","template":"","meta":{"_acf_changed":false,"footnotes":""},"class_list":["post-26","page","type-page","status-publish","hentry"],"acf":[],"yoast_head":"<!-- This site is optimized with the Yoast SEO plugin v26.2 - https:\/\/yoast.com\/wordpress\/plugins\/seo\/ -->\n<title>Yhteystiedot - Sipoon Sanomat<\/title>\n<meta name=\"description\" content=\"Etsitk\u00f6 yhteystietoja vai haluatko antaa palautetta? Mediatalo Keskisuomalaisen asiakaspalveluiden yhteystiedot, palautekanavat ja juttuvinkit.\" \/>\n<meta name=\"robots\" content=\"index, follow, max-snippet:-1, max-image-preview:large, max-video-preview:-1\" \/>\n<link rel=\"canonical\" href=\"https:\/\/oma.media.fi\/sipoon-sanomat\/yhteystiedot\/\" \/>\n<meta property=\"og:locale\" content=\"fi_FI\" \/>\n<meta property=\"og:type\" content=\"article\" \/>\n<meta property=\"og:title\" content=\"Yhteystiedot\" \/>\n<meta property=\"og:description\" content=\"Etsitk\u00f6 yhteystietoja vai haluatko antaa palautetta? Mediatalo Keskisuomalaisen asiakaspalveluiden yhteystiedot, palautekanavat ja juttuvinkit.\" \/>\n<meta property=\"og:url\" content=\"https:\/\/oma.media.fi\/sipoon-sanomat\/yhteystiedot\/\" \/>\n<meta property=\"og:site_name\" content=\"Sipoon Sanomat\" \/>\n<meta property=\"article:modified_time\" content=\"2026-04-13T09:04:31+00:00\" \/>\n<meta name=\"twitter:card\" content=\"summary_large_image\" \/>\n<meta name=\"twitter:label1\" content=\"Arvioitu lukuaika\" \/>\n\t<meta name=\"twitter:data1\" content=\"1 minuutti\" \/>\n<script type=\"application\/ld+json\" class=\"yoast-schema-graph\">{\"@context\":\"https:\/\/schema.org\",\"@graph\":[{\"@type\":\"WebPage\",\"@id\":\"https:\/\/oma.media.fi\/sipoon-sanomat\/yhteystiedot\/\",\"url\":\"https:\/\/oma.media.fi\/sipoon-sanomat\/yhteystiedot\/\",\"name\":\"Yhteystiedot - Sipoon Sanomat\",\"isPartOf\":{\"@id\":\"https:\/\/oma.media.fi\/sipoon-sanomat\/#website\"},\"datePublished\":\"2018-10-17T10:17:59+00:00\",\"dateModified\":\"2026-04-13T09:04:31+00:00\",\"description\":\"Etsitk\u00f6 yhteystietoja vai haluatko antaa palautetta? Mediatalo Keskisuomalaisen asiakaspalveluiden yhteystiedot, palautekanavat ja juttuvinkit.\",\"breadcrumb\":{\"@id\":\"https:\/\/oma.media.fi\/sipoon-sanomat\/yhteystiedot\/#breadcrumb\"},\"inLanguage\":\"fi\",\"potentialAction\":[{\"@type\":\"ReadAction\",\"target\":[\"https:\/\/oma.media.fi\/sipoon-sanomat\/yhteystiedot\/\"]}]},{\"@type\":\"BreadcrumbList\",\"@id\":\"https:\/\/oma.media.fi\/sipoon-sanomat\/yhteystiedot\/#breadcrumb\",\"itemListElement\":[{\"@type\":\"ListItem\",\"position\":1,\"name\":\"Etusivu\",\"item\":\"https:\/\/oma.media.fi\/sipoon-sanomat\/\"},{\"@type\":\"ListItem\",\"position\":2,\"name\":\"Yhteystiedot\"}]},{\"@type\":\"WebSite\",\"@id\":\"https:\/\/oma.media.fi\/sipoon-sanomat\/#website\",\"url\":\"https:\/\/oma.media.fi\/sipoon-sanomat\/\",\"name\":\"Sipoon Sanomat\",\"description\":\"\",\"potentialAction\":[{\"@type\":\"SearchAction\",\"target\":{\"@type\":\"EntryPoint\",\"urlTemplate\":\"https:\/\/oma.media.fi\/sipoon-sanomat\/?s={search_term_string}\"},\"query-input\":{\"@type\":\"PropertyValueSpecification\",\"valueRequired\":true,\"valueName\":\"search_term_string\"}}],\"inLanguage\":\"fi\"}]}<\/script>\n<!-- \/ Yoast SEO plugin. -->","yoast_head_json":{"title":"Yhteystiedot - Sipoon Sanomat","description":"Etsitk\u00f6 yhteystietoja vai haluatko antaa palautetta? Mediatalo Keskisuomalaisen asiakaspalveluiden yhteystiedot, palautekanavat ja juttuvinkit.","robots":{"index":"index","follow":"follow","max-snippet":"max-snippet:-1","max-image-preview":"max-image-preview:large","max-video-preview":"max-video-preview:-1"},"canonical":"https:\/\/oma.media.fi\/sipoon-sanomat\/yhteystiedot\/","og_locale":"fi_FI","og_type":"article","og_title":"Yhteystiedot","og_description":"Etsitk\u00f6 yhteystietoja vai haluatko antaa palautetta? Mediatalo Keskisuomalaisen asiakaspalveluiden yhteystiedot, palautekanavat ja juttuvinkit.","og_url":"https:\/\/oma.media.fi\/sipoon-sanomat\/yhteystiedot\/","og_site_name":"Sipoon Sanomat","article_modified_time":"2026-04-13T09:04:31+00:00","twitter_card":"summary_large_image","twitter_misc":{"Arvioitu lukuaika":"1 minuutti"},"schema":{"@context":"https:\/\/schema.org","@graph":[{"@type":"WebPage","@id":"https:\/\/oma.media.fi\/sipoon-sanomat\/yhteystiedot\/","url":"https:\/\/oma.media.fi\/sipoon-sanomat\/yhteystiedot\/","name":"Yhteystiedot - Sipoon Sanomat","isPartOf":{"@id":"https:\/\/oma.media.fi\/sipoon-sanomat\/#website"},"datePublished":"2018-10-17T10:17:59+00:00","dateModified":"2026-04-13T09:04:31+00:00","description":"Etsitk\u00f6 yhteystietoja vai haluatko antaa palautetta? Mediatalo Keskisuomalaisen asiakaspalveluiden yhteystiedot, palautekanavat ja juttuvinkit.","breadcrumb":{"@id":"https:\/\/oma.media.fi\/sipoon-sanomat\/yhteystiedot\/#breadcrumb"},"inLanguage":"fi","potentialAction":[{"@type":"ReadAction","target":["https:\/\/oma.media.fi\/sipoon-sanomat\/yhteystiedot\/"]}]},{"@type":"BreadcrumbList","@id":"https:\/\/oma.media.fi\/sipoon-sanomat\/yhteystiedot\/#breadcrumb","itemListElement":[{"@type":"ListItem","position":1,"name":"Etusivu","item":"https:\/\/oma.media.fi\/sipoon-sanomat\/"},{"@type":"ListItem","position":2,"name":"Yhteystiedot"}]},{"@type":"WebSite","@id":"https:\/\/oma.media.fi\/sipoon-sanomat\/#website","url":"https:\/\/oma.media.fi\/sipoon-sanomat\/","name":"Sipoon Sanomat","description":"","potentialAction":[{"@type":"SearchAction","target":{"@type":"EntryPoint","urlTemplate":"https:\/\/oma.media.fi\/sipoon-sanomat\/?s={search_term_string}"},"query-input":{"@type":"PropertyValueSpecification","valueRequired":true,"valueName":"search_term_string"}}],"inLanguage":"fi"}]}},"publishpress_future_action":{"enabled":false,"date":"2026-05-11 02:53:58","action":"change-status","newStatus":"draft","terms":[],"taxonomy":"","extraData":[]},"publishpress_future_workflow_manual_trigger":{"enabledWorkflows":[]},"_links":{"self":[{"href":"https:\/\/oma.media.fi\/sipoon-sanomat\/wp-json\/wp\/v2\/pages\/26","targetHints":{"allow":["GET"]}}],"collection":[{"href":"https:\/\/oma.media.fi\/sipoon-sanomat\/wp-json\/wp\/v2\/pages"}],"about":[{"href":"https:\/\/oma.media.fi\/sipoon-sanomat\/wp-json\/wp\/v2\/types\/page"}],"author":[{"embeddable":true,"href":"https:\/\/oma.media.fi\/sipoon-sanomat\/wp-json\/wp\/v2\/users\/1"}],"replies":[{"embeddable":true,"href":"https:\/\/oma.media.fi\/sipoon-sanomat\/wp-json\/wp\/v2\/comments?post=26"}],"version-history":[{"count":60,"href":"https:\/\/oma.media.fi\/sipoon-sanomat\/wp-json\/wp\/v2\/pages\/26\/revisions"}],"predecessor-version":[{"id":14790,"href":"https:\/\/oma.media.fi\/sipoon-sanomat\/wp-json\/wp\/v2\/pages\/26\/revisions\/14790"}],"wp:attachment":[{"href":"https:\/\/oma.media.fi\/sipoon-sanomat\/wp-json\/wp\/v2\/media?parent=26"}],"curies":[{"name":"wp","href":"https:\/\/api.w.org\/{rel}","templated":true}]}}