{"id":3082,"date":"2018-11-01T10:24:48","date_gmt":"2018-11-01T08:24:48","guid":{"rendered":"https:\/\/oma.media.fi\/sipoon-sanomat\/edut\/tietoa-kestotilaajan-eduista\/"},"modified":"2021-02-15T17:51:33","modified_gmt":"2021-02-15T15:51:33","slug":"tietoa-kestotilaajan-eduista","status":"publish","type":"page","link":"https:\/\/oma.media.fi\/sipoon-sanomat\/edut\/tietoa-kestotilaajan-eduista\/","title":{"rendered":"Etukaista-ohjeet"},"content":{"rendered":"<h2>Mik\u00e4 on Etukaista?<\/h2>\n<p>Etukaista on lehden oma, tilaajille suunnattu monipuolinen palvelu. Etukaistan kautta n\u00e4et k\u00e4tev\u00e4sti kaikki voimassa olevat tilaajan edut. Neuvottelemme puolestasi rahan arvoisia etuja alueen yritysten tarjouksiin ja tapahtumiin. Yhteisty\u00f6kumppanimme tarjoavat vuoden varrella runsaasti etuja, jotka saat helposti k\u00e4ytt\u00f6\u00f6si Etukaistan kautta.<\/p>\n<h2>Etujen lunastaminen<\/h2>\n<p>Tilaaja voi lunastaa etuja Etukaista-mobiilipalvelun avulla, yksitt\u00e4isin\u00e4 tekstiviestietuina tai n\u00e4ytt\u00e4m\u00e4ll\u00e4 tilauslaskua etua lunastaessa.<\/p>\n<h2>Etk\u00f6 omista \u00e4lypuhelinta? Ei h\u00e4t\u00e4\u00e4!<\/h2>\n<p>Voit tilata yksitt\u00e4isen edun my\u00f6s tekstiviestill\u00e4. Tekstiviestiohjeet l\u00f6yd\u00e4t aina etuilmoituksista tai alla olevasta &#8221;Katso voimassa olevat Etukaista-edut!&#8221; -kohdasta.<\/p>\n<p><a class=\"button\" href=\"https:\/\/oma.media.fi\/sipoon-sanomat\/edut\/\">Katso voimassa olevat Etukaista-edut!<\/a><\/p>\n<h2>Lataa Etukaista-mobiilipalvelu:<\/h2>\n<p>Huom! Etukaista-mobiilipalvelu toimii \u00e4lypuhelimilla, ja palvelun saat k\u00e4ytt\u00f6\u00f6si jos olet lehden tilaaja ja matkapuhelinnumerosi on tallennettu tilausj\u00e4rjestelm\u00e4\u00e4mme.<\/p>\n<p><strong>Tilaa Etukaista t\u00e4st\u00e4:<\/strong><\/p>\n<div class=\"iframe-container iframe-container--margin-bottom\"><iframe loading=\"lazy\" src=\"https:\/\/cardapp.aimomedia.com\/esm\/Banner.aspx?np=sisa\" width=\"650\" height=\"158\" scrolling=\"no\" marginwidth=\"0\" marginheight=\"0\" frameborder=\"0\" ><\/iframe><\/div>\n<p>&nbsp;<\/p>\n<p>tai l\u00e4het\u00e4 tekstiviesti <strong>SISA ETUKAISTA<\/strong> numeroon 13535. Saat paluuviestin\u00e4 linkin, josta Etukaista aukeaa. Tallenna Etukaista esimerkiksi puhelimen aloitusn\u00e4yt\u00f6lle tai suosikkeihin ja pysyt helposti ajantasalla voimassa olevista eduista.<\/p>\n<p><a href=\"https:\/\/oma.media.fi\/sipoon-sanomat\/edut\/etukaista-ohje\/\">Etukaistan tallennusohjeet<\/a><\/p>\n","protected":false},"excerpt":{"rendered":"<p>Mik\u00e4 on Etukaista? Etukaista on lehden oma, tilaajille suunnattu monipuolinen palvelu. Etukaistan kautta n\u00e4et k\u00e4tev\u00e4sti kaikki voimassa olevat tilaajan edut. Neuvottelemme puolestasi rahan arvoisia etuja alueen yritysten tarjouksiin ja tapahtumiin. Yhteisty\u00f6kumppanimme tarjoavat vuoden varrella runsaasti etuja, jotka saat helposti k\u00e4ytt\u00f6\u00f6si Etukaistan kautta. Etujen lunastaminen Tilaaja voi lunastaa etuja Etukaista-mobiilipalvelun avulla, yksitt\u00e4isin\u00e4 tekstiviestietuina tai n\u00e4ytt\u00e4m\u00e4ll\u00e4 tilauslaskua [&hellip;]<\/p>\n","protected":false},"author":1,"featured_media":3902,"parent":42,"menu_order":0,"comment_status":"closed","ping_status":"closed","template":"","meta":{"_acf_changed":false,"footnotes":""},"class_list":["post-3082","page","type-page","status-publish","has-post-thumbnail","hentry"],"acf":[],"yoast_head":"<!-- This site is optimized with the Yoast SEO plugin v26.2 - https:\/\/yoast.com\/wordpress\/plugins\/seo\/ -->\n<title>Etukaista-ohjeet - Sipoon Sanomat<\/title>\n<meta name=\"robots\" content=\"index, follow, max-snippet:-1, max-image-preview:large, max-video-preview:-1\" \/>\n<link rel=\"canonical\" href=\"https:\/\/oma.media.fi\/sipoon-sanomat\/edut\/tietoa-kestotilaajan-eduista\/\" \/>\n<meta property=\"og:locale\" content=\"fi_FI\" \/>\n<meta property=\"og:type\" content=\"article\" \/>\n<meta property=\"og:title\" content=\"Etukaista-ohjeet\" \/>\n<meta property=\"og:description\" content=\"Mik\u00e4 on Etukaista? Etukaista on lehden oma, tilaajille suunnattu monipuolinen palvelu. Etukaistan kautta n\u00e4et k\u00e4tev\u00e4sti kaikki voimassa olevat tilaajan edut. Neuvottelemme puolestasi rahan arvoisia etuja alueen yritysten tarjouksiin ja tapahtumiin. Yhteisty\u00f6kumppanimme tarjoavat vuoden varrella runsaasti etuja, jotka saat helposti k\u00e4ytt\u00f6\u00f6si Etukaistan kautta. Etujen lunastaminen Tilaaja voi lunastaa etuja Etukaista-mobiilipalvelun avulla, yksitt\u00e4isin\u00e4 tekstiviestietuina tai n\u00e4ytt\u00e4m\u00e4ll\u00e4 tilauslaskua [&hellip;]\" \/>\n<meta property=\"og:url\" content=\"https:\/\/oma.media.fi\/sipoon-sanomat\/edut\/tietoa-kestotilaajan-eduista\/\" \/>\n<meta property=\"og:site_name\" content=\"Sipoon Sanomat\" \/>\n<meta property=\"article:modified_time\" content=\"2021-02-15T15:51:33+00:00\" \/>\n<meta property=\"og:image\" content=\"https:\/\/oma.media.fi\/sipoon-sanomat\/wp-content\/uploads\/sites\/21\/2019\/05\/etukaista_ylakuva1024px.jpg\" \/>\n\t<meta property=\"og:image:width\" content=\"4267\" \/>\n\t<meta property=\"og:image:height\" content=\"1250\" \/>\n\t<meta property=\"og:image:type\" content=\"image\/jpeg\" \/>\n<meta name=\"twitter:card\" content=\"summary_large_image\" \/>\n<meta name=\"twitter:label1\" content=\"Arvioitu lukuaika\" \/>\n\t<meta name=\"twitter:data1\" content=\"1 minuutti\" \/>\n<script type=\"application\/ld+json\" class=\"yoast-schema-graph\">{\"@context\":\"https:\/\/schema.org\",\"@graph\":[{\"@type\":\"WebPage\",\"@id\":\"https:\/\/oma.media.fi\/sipoon-sanomat\/edut\/tietoa-kestotilaajan-eduista\/\",\"url\":\"https:\/\/oma.media.fi\/sipoon-sanomat\/edut\/tietoa-kestotilaajan-eduista\/\",\"name\":\"Etukaista-ohjeet - Sipoon Sanomat\",\"isPartOf\":{\"@id\":\"https:\/\/oma.media.fi\/sipoon-sanomat\/#website\"},\"primaryImageOfPage\":{\"@id\":\"https:\/\/oma.media.fi\/sipoon-sanomat\/edut\/tietoa-kestotilaajan-eduista\/#primaryimage\"},\"image\":{\"@id\":\"https:\/\/oma.media.fi\/sipoon-sanomat\/edut\/tietoa-kestotilaajan-eduista\/#primaryimage\"},\"thumbnailUrl\":\"https:\/\/oma.media.fi\/sipoon-sanomat\/wp-content\/uploads\/sites\/21\/2019\/05\/etukaista_ylakuva1024px.jpg\",\"datePublished\":\"2018-11-01T08:24:48+00:00\",\"dateModified\":\"2021-02-15T15:51:33+00:00\",\"breadcrumb\":{\"@id\":\"https:\/\/oma.media.fi\/sipoon-sanomat\/edut\/tietoa-kestotilaajan-eduista\/#breadcrumb\"},\"inLanguage\":\"fi\",\"potentialAction\":[{\"@type\":\"ReadAction\",\"target\":[\"https:\/\/oma.media.fi\/sipoon-sanomat\/edut\/tietoa-kestotilaajan-eduista\/\"]}]},{\"@type\":\"ImageObject\",\"inLanguage\":\"fi\",\"@id\":\"https:\/\/oma.media.fi\/sipoon-sanomat\/edut\/tietoa-kestotilaajan-eduista\/#primaryimage\",\"url\":\"https:\/\/oma.media.fi\/sipoon-sanomat\/wp-content\/uploads\/sites\/21\/2019\/05\/etukaista_ylakuva1024px.jpg\",\"contentUrl\":\"https:\/\/oma.media.fi\/sipoon-sanomat\/wp-content\/uploads\/sites\/21\/2019\/05\/etukaista_ylakuva1024px.jpg\",\"width\":4267,\"height\":1250},{\"@type\":\"BreadcrumbList\",\"@id\":\"https:\/\/oma.media.fi\/sipoon-sanomat\/edut\/tietoa-kestotilaajan-eduista\/#breadcrumb\",\"itemListElement\":[{\"@type\":\"ListItem\",\"position\":1,\"name\":\"Etusivu\",\"item\":\"https:\/\/oma.media.fi\/sipoon-sanomat\/\"},{\"@type\":\"ListItem\",\"position\":2,\"name\":\"Tilaajan edut\",\"item\":\"https:\/\/oma.media.fi\/sipoon-sanomat\/edut\/\"},{\"@type\":\"ListItem\",\"position\":3,\"name\":\"Etukaista-ohjeet\"}]},{\"@type\":\"WebSite\",\"@id\":\"https:\/\/oma.media.fi\/sipoon-sanomat\/#website\",\"url\":\"https:\/\/oma.media.fi\/sipoon-sanomat\/\",\"name\":\"Sipoon Sanomat\",\"description\":\"\",\"potentialAction\":[{\"@type\":\"SearchAction\",\"target\":{\"@type\":\"EntryPoint\",\"urlTemplate\":\"https:\/\/oma.media.fi\/sipoon-sanomat\/?s={search_term_string}\"},\"query-input\":{\"@type\":\"PropertyValueSpecification\",\"valueRequired\":true,\"valueName\":\"search_term_string\"}}],\"inLanguage\":\"fi\"}]}<\/script>\n<!-- \/ Yoast SEO plugin. -->","yoast_head_json":{"title":"Etukaista-ohjeet - Sipoon Sanomat","robots":{"index":"index","follow":"follow","max-snippet":"max-snippet:-1","max-image-preview":"max-image-preview:large","max-video-preview":"max-video-preview:-1"},"canonical":"https:\/\/oma.media.fi\/sipoon-sanomat\/edut\/tietoa-kestotilaajan-eduista\/","og_locale":"fi_FI","og_type":"article","og_title":"Etukaista-ohjeet","og_description":"Mik\u00e4 on Etukaista? Etukaista on lehden oma, tilaajille suunnattu monipuolinen palvelu. Etukaistan kautta n\u00e4et k\u00e4tev\u00e4sti kaikki voimassa olevat tilaajan edut. Neuvottelemme puolestasi rahan arvoisia etuja alueen yritysten tarjouksiin ja tapahtumiin. Yhteisty\u00f6kumppanimme tarjoavat vuoden varrella runsaasti etuja, jotka saat helposti k\u00e4ytt\u00f6\u00f6si Etukaistan kautta. Etujen lunastaminen Tilaaja voi lunastaa etuja Etukaista-mobiilipalvelun avulla, yksitt\u00e4isin\u00e4 tekstiviestietuina tai n\u00e4ytt\u00e4m\u00e4ll\u00e4 tilauslaskua [&hellip;]","og_url":"https:\/\/oma.media.fi\/sipoon-sanomat\/edut\/tietoa-kestotilaajan-eduista\/","og_site_name":"Sipoon Sanomat","article_modified_time":"2021-02-15T15:51:33+00:00","og_image":[{"width":4267,"height":1250,"url":"https:\/\/oma.media.fi\/sipoon-sanomat\/wp-content\/uploads\/sites\/21\/2019\/05\/etukaista_ylakuva1024px.jpg","type":"image\/jpeg"}],"twitter_card":"summary_large_image","twitter_misc":{"Arvioitu lukuaika":"1 minuutti"},"schema":{"@context":"https:\/\/schema.org","@graph":[{"@type":"WebPage","@id":"https:\/\/oma.media.fi\/sipoon-sanomat\/edut\/tietoa-kestotilaajan-eduista\/","url":"https:\/\/oma.media.fi\/sipoon-sanomat\/edut\/tietoa-kestotilaajan-eduista\/","name":"Etukaista-ohjeet - Sipoon Sanomat","isPartOf":{"@id":"https:\/\/oma.media.fi\/sipoon-sanomat\/#website"},"primaryImageOfPage":{"@id":"https:\/\/oma.media.fi\/sipoon-sanomat\/edut\/tietoa-kestotilaajan-eduista\/#primaryimage"},"image":{"@id":"https:\/\/oma.media.fi\/sipoon-sanomat\/edut\/tietoa-kestotilaajan-eduista\/#primaryimage"},"thumbnailUrl":"https:\/\/oma.media.fi\/sipoon-sanomat\/wp-content\/uploads\/sites\/21\/2019\/05\/etukaista_ylakuva1024px.jpg","datePublished":"2018-11-01T08:24:48+00:00","dateModified":"2021-02-15T15:51:33+00:00","breadcrumb":{"@id":"https:\/\/oma.media.fi\/sipoon-sanomat\/edut\/tietoa-kestotilaajan-eduista\/#breadcrumb"},"inLanguage":"fi","potentialAction":[{"@type":"ReadAction","target":["https:\/\/oma.media.fi\/sipoon-sanomat\/edut\/tietoa-kestotilaajan-eduista\/"]}]},{"@type":"ImageObject","inLanguage":"fi","@id":"https:\/\/oma.media.fi\/sipoon-sanomat\/edut\/tietoa-kestotilaajan-eduista\/#primaryimage","url":"https:\/\/oma.media.fi\/sipoon-sanomat\/wp-content\/uploads\/sites\/21\/2019\/05\/etukaista_ylakuva1024px.jpg","contentUrl":"https:\/\/oma.media.fi\/sipoon-sanomat\/wp-content\/uploads\/sites\/21\/2019\/05\/etukaista_ylakuva1024px.jpg","width":4267,"height":1250},{"@type":"BreadcrumbList","@id":"https:\/\/oma.media.fi\/sipoon-sanomat\/edut\/tietoa-kestotilaajan-eduista\/#breadcrumb","itemListElement":[{"@type":"ListItem","position":1,"name":"Etusivu","item":"https:\/\/oma.media.fi\/sipoon-sanomat\/"},{"@type":"ListItem","position":2,"name":"Tilaajan edut","item":"https:\/\/oma.media.fi\/sipoon-sanomat\/edut\/"},{"@type":"ListItem","position":3,"name":"Etukaista-ohjeet"}]},{"@type":"WebSite","@id":"https:\/\/oma.media.fi\/sipoon-sanomat\/#website","url":"https:\/\/oma.media.fi\/sipoon-sanomat\/","name":"Sipoon Sanomat","description":"","potentialAction":[{"@type":"SearchAction","target":{"@type":"EntryPoint","urlTemplate":"https:\/\/oma.media.fi\/sipoon-sanomat\/?s={search_term_string}"},"query-input":{"@type":"PropertyValueSpecification","valueRequired":true,"valueName":"search_term_string"}}],"inLanguage":"fi"}]}},"publishpress_future_action":{"enabled":false,"date":"2026-05-11 04:51:14","action":"change-status","newStatus":"draft","terms":[],"taxonomy":"","extraData":[]},"publishpress_future_workflow_manual_trigger":{"enabledWorkflows":[]},"_links":{"self":[{"href":"https:\/\/oma.media.fi\/sipoon-sanomat\/wp-json\/wp\/v2\/pages\/3082","targetHints":{"allow":["GET"]}}],"collection":[{"href":"https:\/\/oma.media.fi\/sipoon-sanomat\/wp-json\/wp\/v2\/pages"}],"about":[{"href":"https:\/\/oma.media.fi\/sipoon-sanomat\/wp-json\/wp\/v2\/types\/page"}],"author":[{"embeddable":true,"href":"https:\/\/oma.media.fi\/sipoon-sanomat\/wp-json\/wp\/v2\/users\/1"}],"replies":[{"embeddable":true,"href":"https:\/\/oma.media.fi\/sipoon-sanomat\/wp-json\/wp\/v2\/comments?post=3082"}],"version-history":[{"count":7,"href":"https:\/\/oma.media.fi\/sipoon-sanomat\/wp-json\/wp\/v2\/pages\/3082\/revisions"}],"predecessor-version":[{"id":11850,"href":"https:\/\/oma.media.fi\/sipoon-sanomat\/wp-json\/wp\/v2\/pages\/3082\/revisions\/11850"}],"up":[{"embeddable":true,"href":"https:\/\/oma.media.fi\/sipoon-sanomat\/wp-json\/wp\/v2\/pages\/42"}],"wp:featuredmedia":[{"embeddable":true,"href":"https:\/\/oma.media.fi\/sipoon-sanomat\/wp-json\/wp\/v2\/media\/3902"}],"wp:attachment":[{"href":"https:\/\/oma.media.fi\/sipoon-sanomat\/wp-json\/wp\/v2\/media?parent=3082"}],"curies":[{"name":"wp","href":"https:\/\/api.w.org\/{rel}","templated":true}]}}