{"id":540,"date":"2018-11-20T13:04:11","date_gmt":"2018-11-20T11:04:11","guid":{"rendered":"https:\/\/oma.media.fi\/uusimaa\/lehtitilausten-maksuyhteystiedot\/"},"modified":"2026-01-02T06:41:09","modified_gmt":"2026-01-02T04:41:09","slug":"lehtitilausten-maksuyhteystiedot","status":"publish","type":"page","link":"https:\/\/oma.media.fi\/uusimaa\/lehtitilausten-maksuyhteystiedot\/","title":{"rendered":"Lehtitilausten maksuyhteystiedot"},"content":{"rendered":"<h1>Keskisuomalainen Media Oy<\/h1>\n<ul>\n<li>Aamuposti<\/li>\n<li>Etel\u00e4-Saimaa<\/li>\n<li>Etel\u00e4-Suomen Sanomat<\/li>\n<li>Forssan Lehti<\/li>\n<li>Hankasalmen Sanomat<\/li>\n<li>Hein\u00e4veden Lehti<\/li>\n<li>H\u00e4meen Sanomat<\/li>\n<li>Iisalmen Sanomat<\/li>\n<li>It\u00e4-H\u00e4me<\/li>\n<li>It\u00e4-Savo<\/li>\n<li>Joroisten Lehti<\/li>\n<li>Juvan Lehti<\/li>\n<li>Kaakonkulma<\/li>\n<li>Kangasniemen Kunnallislehti<\/li>\n<li>Karjalainen<\/li>\n<li>Keski-H\u00e4me<\/li>\n<li>Keskilaakso<\/li>\n<li>Keskisuomalainen<\/li>\n<li>Keski-Uusimaa<\/li>\n<li>Koillis-Savo<\/li>\n<li>Kouvolan Sanomat<\/li>\n<li>Kymen Sanomat<\/li>\n<li>Laukaa-Konnevesi<\/li>\n<li>Lieksan Lehti<\/li>\n<li>Lopen lehti<\/li>\n<li>Loviisan Sanomat<\/li>\n<li>Luum\u00e4en Lehti<\/li>\n<li>L\u00e4nsi-Saimaan Sanomat<\/li>\n<li>L\u00e4nsi-Savo<\/li>\n<li>L\u00e4nsi-Uusimaa<\/li>\n<li>Matti Ja Liisa<\/li>\n<li>Miilu<\/li>\n<li>Outokummun Seutu<\/li>\n<li>Paikallislehti Joutseno<\/li>\n<li>Paikallislehti Sis\u00e4-Savo<\/li>\n<li>Parikkalan-Rautj\u00e4rven Sanomat<\/li>\n<li>Perni\u00f6nseudun Lehti<\/li>\n<li>Pieks\u00e4m\u00e4en Lehti<\/li>\n<li>Pielavesi-Keitele<\/li>\n<li>Pielisjokiseutu<\/li>\n<li>Pit\u00e4j\u00e4l\u00e4inen<\/li>\n<li>Pit\u00e4j\u00e4nuutiset<\/li>\n<li>Pogostan Sanomat<\/li>\n<li>Puruvesi<\/li>\n<li>Sampo<\/li>\n<li>Savon Sanomat<\/li>\n<li>Sipoon Sanomat<\/li>\n<li>Sis\u00e4-Suomen Lehti<\/li>\n<li>Soisalon Seutu<\/li>\n<li>Uusimaa<\/li>\n<li>Uutis-Jousi<\/li>\n<li>Uutisvuoksi<\/li>\n<li>Viispiikkinen<\/li>\n<li>Viitasaaren Seutu<\/li>\n<li>Warkauden Lehti<\/li>\n<li>Yl\u00e4-Karjala<\/li>\n<\/ul>\n<p><strong>Osuuspankki<br \/>\n<\/strong>FI33 5000 0120 4981 74<br \/>\nBIC: OKOYFIHH<\/p>\n<p><strong>Nordea<br \/>\n<\/strong>FI88 2027 3800 0059 27<br \/>\nBIC: NDEAFIHH<\/p>\n<p><strong>K\u00e4yt\u00e4 maksaessasi AINA laskun oikeaa viitenumeroa. N\u00e4in varmistat maksusi kirjautumisen oikein!<\/strong><\/p>\n<h1>Kamua Helsinki Oy<\/h1>\n<ul>\n<li>Aromi<\/li>\n<li>Evento<\/li>\n<\/ul>\n<p><strong>Osuuspankki<br \/>\n<\/strong>FI77 5000 0120 4981 58<br \/>\nBIC: OKOYFIHH<\/p>\n<p><strong>Nordea<\/strong><br \/>\nFI76 1596 3000 0841 70<br \/>\nBIC: NDEAFIHH<\/p>\n<p><strong>K\u00e4yt\u00e4 maksaessasi AINA laskun oikeaa viitenumeroa. N\u00e4in varmistat maksusi kirjautumisen oikein!<\/strong><\/p>\n","protected":false},"excerpt":{"rendered":"<p>Keskisuomalainen Media Oy Aamuposti Etel\u00e4-Saimaa Etel\u00e4-Suomen Sanomat Forssan Lehti Hankasalmen Sanomat Hein\u00e4veden Lehti H\u00e4meen Sanomat Iisalmen Sanomat It\u00e4-H\u00e4me It\u00e4-Savo Joroisten Lehti Juvan Lehti Kaakonkulma Kangasniemen Kunnallislehti Karjalainen Keski-H\u00e4me Keskilaakso Keskisuomalainen Keski-Uusimaa Koillis-Savo Kouvolan Sanomat Kymen Sanomat Laukaa-Konnevesi Lieksan Lehti Lopen lehti Loviisan Sanomat Luum\u00e4en Lehti L\u00e4nsi-Saimaan Sanomat L\u00e4nsi-Savo L\u00e4nsi-Uusimaa Matti Ja Liisa Miilu Outokummun Seutu [&hellip;]<\/p>\n","protected":false},"author":1,"featured_media":0,"parent":0,"menu_order":0,"comment_status":"closed","ping_status":"closed","template":"","meta":{"_acf_changed":false,"footnotes":""},"class_list":["post-540","page","type-page","status-publish","hentry"],"acf":[],"yoast_head":"<!-- This site is optimized with the Yoast SEO plugin v26.2 - https:\/\/yoast.com\/wordpress\/plugins\/seo\/ -->\n<title>Lehtitilausten maksuyhteystiedot - Uusimaa<\/title>\n<meta name=\"description\" content=\"Mediakonserni Keskisuomalaisen lehdet ja lehtitilausten maksuyhteystiedot. K\u00e4yt\u00e4 maksaessasi aina laskun oikeaa viitenumeroa.\" \/>\n<meta name=\"robots\" content=\"index, follow, max-snippet:-1, max-image-preview:large, max-video-preview:-1\" \/>\n<link rel=\"canonical\" href=\"https:\/\/oma.media.fi\/uusimaa\/lehtitilausten-maksuyhteystiedot\/\" \/>\n<meta property=\"og:locale\" content=\"fi_FI\" \/>\n<meta property=\"og:type\" content=\"article\" \/>\n<meta property=\"og:title\" content=\"Lehtitilausten maksuyhteystiedot\" \/>\n<meta property=\"og:description\" content=\"Mediakonserni Keskisuomalaisen lehdet ja lehtitilausten maksuyhteystiedot. K\u00e4yt\u00e4 maksaessasi aina laskun oikeaa viitenumeroa.\" \/>\n<meta property=\"og:url\" content=\"https:\/\/oma.media.fi\/uusimaa\/lehtitilausten-maksuyhteystiedot\/\" \/>\n<meta property=\"og:site_name\" content=\"Uusimaa\" \/>\n<meta property=\"article:modified_time\" content=\"2026-01-02T04:41:09+00:00\" \/>\n<meta name=\"twitter:card\" content=\"summary_large_image\" \/>\n<meta name=\"twitter:label1\" content=\"Arvioitu lukuaika\" \/>\n\t<meta name=\"twitter:data1\" content=\"1 minuutti\" \/>\n<script type=\"application\/ld+json\" class=\"yoast-schema-graph\">{\"@context\":\"https:\/\/schema.org\",\"@graph\":[{\"@type\":\"WebPage\",\"@id\":\"https:\/\/oma.media.fi\/uusimaa\/lehtitilausten-maksuyhteystiedot\/\",\"url\":\"https:\/\/oma.media.fi\/uusimaa\/lehtitilausten-maksuyhteystiedot\/\",\"name\":\"Lehtitilausten maksuyhteystiedot - Uusimaa\",\"isPartOf\":{\"@id\":\"https:\/\/oma.media.fi\/uusimaa\/#website\"},\"datePublished\":\"2018-11-20T11:04:11+00:00\",\"dateModified\":\"2026-01-02T04:41:09+00:00\",\"description\":\"Mediakonserni Keskisuomalaisen lehdet ja lehtitilausten maksuyhteystiedot. K\u00e4yt\u00e4 maksaessasi aina laskun oikeaa viitenumeroa.\",\"breadcrumb\":{\"@id\":\"https:\/\/oma.media.fi\/uusimaa\/lehtitilausten-maksuyhteystiedot\/#breadcrumb\"},\"inLanguage\":\"fi\",\"potentialAction\":[{\"@type\":\"ReadAction\",\"target\":[\"https:\/\/oma.media.fi\/uusimaa\/lehtitilausten-maksuyhteystiedot\/\"]}]},{\"@type\":\"BreadcrumbList\",\"@id\":\"https:\/\/oma.media.fi\/uusimaa\/lehtitilausten-maksuyhteystiedot\/#breadcrumb\",\"itemListElement\":[{\"@type\":\"ListItem\",\"position\":1,\"name\":\"Etusivu\",\"item\":\"https:\/\/oma.media.fi\/uusimaa\/\"},{\"@type\":\"ListItem\",\"position\":2,\"name\":\"Lehtitilausten maksuyhteystiedot\"}]},{\"@type\":\"WebSite\",\"@id\":\"https:\/\/oma.media.fi\/uusimaa\/#website\",\"url\":\"https:\/\/oma.media.fi\/uusimaa\/\",\"name\":\"Uusimaa\",\"description\":\"\",\"potentialAction\":[{\"@type\":\"SearchAction\",\"target\":{\"@type\":\"EntryPoint\",\"urlTemplate\":\"https:\/\/oma.media.fi\/uusimaa\/?s={search_term_string}\"},\"query-input\":{\"@type\":\"PropertyValueSpecification\",\"valueRequired\":true,\"valueName\":\"search_term_string\"}}],\"inLanguage\":\"fi\"}]}<\/script>\n<!-- \/ Yoast SEO plugin. -->","yoast_head_json":{"title":"Lehtitilausten maksuyhteystiedot - Uusimaa","description":"Mediakonserni Keskisuomalaisen lehdet ja lehtitilausten maksuyhteystiedot. K\u00e4yt\u00e4 maksaessasi aina laskun oikeaa viitenumeroa.","robots":{"index":"index","follow":"follow","max-snippet":"max-snippet:-1","max-image-preview":"max-image-preview:large","max-video-preview":"max-video-preview:-1"},"canonical":"https:\/\/oma.media.fi\/uusimaa\/lehtitilausten-maksuyhteystiedot\/","og_locale":"fi_FI","og_type":"article","og_title":"Lehtitilausten maksuyhteystiedot","og_description":"Mediakonserni Keskisuomalaisen lehdet ja lehtitilausten maksuyhteystiedot. K\u00e4yt\u00e4 maksaessasi aina laskun oikeaa viitenumeroa.","og_url":"https:\/\/oma.media.fi\/uusimaa\/lehtitilausten-maksuyhteystiedot\/","og_site_name":"Uusimaa","article_modified_time":"2026-01-02T04:41:09+00:00","twitter_card":"summary_large_image","twitter_misc":{"Arvioitu lukuaika":"1 minuutti"},"schema":{"@context":"https:\/\/schema.org","@graph":[{"@type":"WebPage","@id":"https:\/\/oma.media.fi\/uusimaa\/lehtitilausten-maksuyhteystiedot\/","url":"https:\/\/oma.media.fi\/uusimaa\/lehtitilausten-maksuyhteystiedot\/","name":"Lehtitilausten maksuyhteystiedot - Uusimaa","isPartOf":{"@id":"https:\/\/oma.media.fi\/uusimaa\/#website"},"datePublished":"2018-11-20T11:04:11+00:00","dateModified":"2026-01-02T04:41:09+00:00","description":"Mediakonserni Keskisuomalaisen lehdet ja lehtitilausten maksuyhteystiedot. K\u00e4yt\u00e4 maksaessasi aina laskun oikeaa viitenumeroa.","breadcrumb":{"@id":"https:\/\/oma.media.fi\/uusimaa\/lehtitilausten-maksuyhteystiedot\/#breadcrumb"},"inLanguage":"fi","potentialAction":[{"@type":"ReadAction","target":["https:\/\/oma.media.fi\/uusimaa\/lehtitilausten-maksuyhteystiedot\/"]}]},{"@type":"BreadcrumbList","@id":"https:\/\/oma.media.fi\/uusimaa\/lehtitilausten-maksuyhteystiedot\/#breadcrumb","itemListElement":[{"@type":"ListItem","position":1,"name":"Etusivu","item":"https:\/\/oma.media.fi\/uusimaa\/"},{"@type":"ListItem","position":2,"name":"Lehtitilausten maksuyhteystiedot"}]},{"@type":"WebSite","@id":"https:\/\/oma.media.fi\/uusimaa\/#website","url":"https:\/\/oma.media.fi\/uusimaa\/","name":"Uusimaa","description":"","potentialAction":[{"@type":"SearchAction","target":{"@type":"EntryPoint","urlTemplate":"https:\/\/oma.media.fi\/uusimaa\/?s={search_term_string}"},"query-input":{"@type":"PropertyValueSpecification","valueRequired":true,"valueName":"search_term_string"}}],"inLanguage":"fi"}]}},"publishpress_future_action":{"enabled":false,"date":"2026-04-21 15:15:53","action":"change-status","newStatus":"draft","terms":[],"taxonomy":"","extraData":[]},"publishpress_future_workflow_manual_trigger":{"enabledWorkflows":[]},"_links":{"self":[{"href":"https:\/\/oma.media.fi\/uusimaa\/wp-json\/wp\/v2\/pages\/540","targetHints":{"allow":["GET"]}}],"collection":[{"href":"https:\/\/oma.media.fi\/uusimaa\/wp-json\/wp\/v2\/pages"}],"about":[{"href":"https:\/\/oma.media.fi\/uusimaa\/wp-json\/wp\/v2\/types\/page"}],"author":[{"embeddable":true,"href":"https:\/\/oma.media.fi\/uusimaa\/wp-json\/wp\/v2\/users\/1"}],"replies":[{"embeddable":true,"href":"https:\/\/oma.media.fi\/uusimaa\/wp-json\/wp\/v2\/comments?post=540"}],"version-history":[{"count":29,"href":"https:\/\/oma.media.fi\/uusimaa\/wp-json\/wp\/v2\/pages\/540\/revisions"}],"predecessor-version":[{"id":15959,"href":"https:\/\/oma.media.fi\/uusimaa\/wp-json\/wp\/v2\/pages\/540\/revisions\/15959"}],"wp:attachment":[{"href":"https:\/\/oma.media.fi\/uusimaa\/wp-json\/wp\/v2\/media?parent=540"}],"curies":[{"name":"wp","href":"https:\/\/api.w.org\/{rel}","templated":true}]}}