{"id":13,"date":"2018-11-19T14:06:34","date_gmt":"2018-11-19T12:06:34","guid":{"rendered":"https:\/\/oma.media.fi\/uutisvuoksi\/ilmestymispaivat\/"},"modified":"2026-01-07T10:38:05","modified_gmt":"2026-01-07T08:38:05","slug":"ilmestymispaivat","status":"publish","type":"page","link":"https:\/\/oma.media.fi\/uutisvuoksi\/ilmestymispaivat\/","title":{"rendered":"Ilmestymisp\u00e4iv\u00e4t"},"content":{"rendered":"<p>Uutisvuoksi julkaisee verkossa ja mobiilisovelluksessa uutisia vuoden jokaisena p\u00e4iv\u00e4n\u00e4. Uutisvuoksen painettu lehti ilmestyy maksullisena maanantaina, keskiviikkona ja perjantaina. Lehti ilmestyy lis\u00e4ksi ilmaisjakeluna Uutisvuoksen varhaisjakelualueella torstaina. Digilehte\u00e4 p\u00e4\u00e4set lukemaan <a href=\"https:\/\/oma.media.fi\/uutisvuoksi\/mediatunnukset\/\">Mediatunnuksellasi<\/a> Uutisvuoksen verkossa tai sovelluksella.<\/p>\n<p>Uutisvuoksi ilmestyy tilaajille maanantaisin, keskiviikkoisin ja perjantaisin. Imatran seudulla torstaisin jaettava ilmaisjakelunumero ilmestyy jatkossakin torstaina.<\/p>\n<p><strong>Painettu lehti ei ilmesty vuonna 2026:<\/strong><\/p>\n<p>To 1.1. Uudenvuodenp\u00e4iv\u00e4<br \/>\nPe 2.1. Uudenvuodenp\u00e4iv\u00e4n j\u00e4lkeinen p\u00e4iv\u00e4<br \/>\nKe 7.1. Loppiaisen j\u00e4lkeinen p\u00e4iv\u00e4<br \/>\nPe 3.4. Pitk\u00e4perjantai<br \/>\nMa 6.4. 2. P\u00e4\u00e4si\u00e4isp\u00e4iv\u00e4<br \/>\nPe 1.5. Vappup\u00e4iv\u00e4<br \/>\nTo 14.5. Helatorstai<br \/>\nPe 15.5. <span data-contrast=\"none\">Helatorstain j\u00e4lkeinen p\u00e4iv\u00e4<\/span><br \/>\nPe 19.6. Juhannusaatto<br \/>\nMa 7.12. Itsen\u00e4isyysp\u00e4iv\u00e4n j\u00e4lkeinen p\u00e4iv\u00e4<br \/>\nTo 24.12. Jouluaatto<br \/>\nPe 25.12. Joulup\u00e4iv\u00e4<\/p>\n<p>Muutokset mahdollisia<strong>.<\/strong><\/p>\n<p><span data-ccp-props=\"{&quot;134233117&quot;:false,&quot;134233118&quot;:false,&quot;335551550&quot;:0,&quot;335551620&quot;:0,&quot;335557856&quot;:16777215,&quot;335559738&quot;:0,&quot;335559739&quot;:360}\">\u00a0<\/span><\/p>\n","protected":false},"excerpt":{"rendered":"<p>julkaisee verkossa ja mobiilisovelluksessa uutisia vuoden jokaisena p\u00e4iv\u00e4n\u00e4. painettu lehti ilmestyy maksullisena maanantaina, keskiviikkona ja perjantaina. Lehti ilmestyy lis\u00e4ksi ilmaisjakeluna Uutisvuoksen varhaisjakelualueella torstaina. Digilehte\u00e4 p\u00e4\u00e4set lukemaan Mediatunnuksellasi Uutisvuoksen verkossa tai sovelluksella. Uutisvuoksi ilmestyy tilaajille maanantaisin, keskiviikkoisin ja perjantaisin. Imatran seudulla torstaisin jaettava ilmaisjakelunumero ilmestyy jatkossakin torstaina. Painettu lehti ei ilmesty vuonna 2026: To 1.1. Uudenvuodenp\u00e4iv\u00e4 [&hellip;]<\/p>\n","protected":false},"author":1,"featured_media":0,"parent":0,"menu_order":0,"comment_status":"closed","ping_status":"closed","template":"","meta":{"_acf_changed":false,"footnotes":""},"class_list":["post-13","page","type-page","status-publish","hentry"],"acf":[],"yoast_head":"<!-- This site is optimized with the Yoast SEO plugin v26.2 - https:\/\/yoast.com\/wordpress\/plugins\/seo\/ -->\n<title>Ilmestymisp\u00e4iv\u00e4t - Uutisvuoksi<\/title>\n<meta name=\"robots\" content=\"index, follow, max-snippet:-1, max-image-preview:large, max-video-preview:-1\" \/>\n<link rel=\"canonical\" href=\"https:\/\/oma.media.fi\/uutisvuoksi\/ilmestymispaivat\/\" \/>\n<meta property=\"og:locale\" content=\"fi_FI\" \/>\n<meta property=\"og:type\" content=\"article\" \/>\n<meta property=\"og:title\" content=\"Ilmestymisp\u00e4iv\u00e4t\" \/>\n<meta property=\"og:description\" content=\"julkaisee verkossa ja mobiilisovelluksessa uutisia vuoden jokaisena p\u00e4iv\u00e4n\u00e4. painettu lehti ilmestyy maksullisena maanantaina, keskiviikkona ja perjantaina. Lehti ilmestyy lis\u00e4ksi ilmaisjakeluna Uutisvuoksen varhaisjakelualueella torstaina. Digilehte\u00e4 p\u00e4\u00e4set lukemaan Mediatunnuksellasi Uutisvuoksen verkossa tai sovelluksella. Uutisvuoksi ilmestyy tilaajille maanantaisin, keskiviikkoisin ja perjantaisin. Imatran seudulla torstaisin jaettava ilmaisjakelunumero ilmestyy jatkossakin torstaina. Painettu lehti ei ilmesty vuonna 2026: To 1.1. Uudenvuodenp\u00e4iv\u00e4 [&hellip;]\" \/>\n<meta property=\"og:url\" content=\"https:\/\/oma.media.fi\/uutisvuoksi\/ilmestymispaivat\/\" \/>\n<meta property=\"og:site_name\" content=\"Uutisvuoksi\" \/>\n<meta property=\"article:modified_time\" content=\"2026-01-07T08:38:05+00:00\" \/>\n<meta name=\"twitter:card\" content=\"summary_large_image\" \/>\n<meta name=\"twitter:label1\" content=\"Arvioitu lukuaika\" \/>\n\t<meta name=\"twitter:data1\" content=\"1 minuutti\" \/>\n<script type=\"application\/ld+json\" class=\"yoast-schema-graph\">{\"@context\":\"https:\/\/schema.org\",\"@graph\":[{\"@type\":\"WebPage\",\"@id\":\"https:\/\/oma.media.fi\/uutisvuoksi\/ilmestymispaivat\/\",\"url\":\"https:\/\/oma.media.fi\/uutisvuoksi\/ilmestymispaivat\/\",\"name\":\"Ilmestymisp\u00e4iv\u00e4t - Uutisvuoksi\",\"isPartOf\":{\"@id\":\"https:\/\/oma.media.fi\/uutisvuoksi\/#website\"},\"datePublished\":\"2018-11-19T12:06:34+00:00\",\"dateModified\":\"2026-01-07T08:38:05+00:00\",\"breadcrumb\":{\"@id\":\"https:\/\/oma.media.fi\/uutisvuoksi\/ilmestymispaivat\/#breadcrumb\"},\"inLanguage\":\"fi\",\"potentialAction\":[{\"@type\":\"ReadAction\",\"target\":[\"https:\/\/oma.media.fi\/uutisvuoksi\/ilmestymispaivat\/\"]}]},{\"@type\":\"BreadcrumbList\",\"@id\":\"https:\/\/oma.media.fi\/uutisvuoksi\/ilmestymispaivat\/#breadcrumb\",\"itemListElement\":[{\"@type\":\"ListItem\",\"position\":1,\"name\":\"Etusivu\",\"item\":\"https:\/\/oma.media.fi\/uutisvuoksi\/\"},{\"@type\":\"ListItem\",\"position\":2,\"name\":\"Ilmestymisp\u00e4iv\u00e4t\"}]},{\"@type\":\"WebSite\",\"@id\":\"https:\/\/oma.media.fi\/uutisvuoksi\/#website\",\"url\":\"https:\/\/oma.media.fi\/uutisvuoksi\/\",\"name\":\"Uutisvuoksi\",\"description\":\"\",\"potentialAction\":[{\"@type\":\"SearchAction\",\"target\":{\"@type\":\"EntryPoint\",\"urlTemplate\":\"https:\/\/oma.media.fi\/uutisvuoksi\/?s={search_term_string}\"},\"query-input\":{\"@type\":\"PropertyValueSpecification\",\"valueRequired\":true,\"valueName\":\"search_term_string\"}}],\"inLanguage\":\"fi\"}]}<\/script>\n<!-- \/ Yoast SEO plugin. -->","yoast_head_json":{"title":"Ilmestymisp\u00e4iv\u00e4t - Uutisvuoksi","robots":{"index":"index","follow":"follow","max-snippet":"max-snippet:-1","max-image-preview":"max-image-preview:large","max-video-preview":"max-video-preview:-1"},"canonical":"https:\/\/oma.media.fi\/uutisvuoksi\/ilmestymispaivat\/","og_locale":"fi_FI","og_type":"article","og_title":"Ilmestymisp\u00e4iv\u00e4t","og_description":"julkaisee verkossa ja mobiilisovelluksessa uutisia vuoden jokaisena p\u00e4iv\u00e4n\u00e4. painettu lehti ilmestyy maksullisena maanantaina, keskiviikkona ja perjantaina. Lehti ilmestyy lis\u00e4ksi ilmaisjakeluna Uutisvuoksen varhaisjakelualueella torstaina. Digilehte\u00e4 p\u00e4\u00e4set lukemaan Mediatunnuksellasi Uutisvuoksen verkossa tai sovelluksella. Uutisvuoksi ilmestyy tilaajille maanantaisin, keskiviikkoisin ja perjantaisin. Imatran seudulla torstaisin jaettava ilmaisjakelunumero ilmestyy jatkossakin torstaina. Painettu lehti ei ilmesty vuonna 2026: To 1.1. Uudenvuodenp\u00e4iv\u00e4 [&hellip;]","og_url":"https:\/\/oma.media.fi\/uutisvuoksi\/ilmestymispaivat\/","og_site_name":"Uutisvuoksi","article_modified_time":"2026-01-07T08:38:05+00:00","twitter_card":"summary_large_image","twitter_misc":{"Arvioitu lukuaika":"1 minuutti"},"schema":{"@context":"https:\/\/schema.org","@graph":[{"@type":"WebPage","@id":"https:\/\/oma.media.fi\/uutisvuoksi\/ilmestymispaivat\/","url":"https:\/\/oma.media.fi\/uutisvuoksi\/ilmestymispaivat\/","name":"Ilmestymisp\u00e4iv\u00e4t - Uutisvuoksi","isPartOf":{"@id":"https:\/\/oma.media.fi\/uutisvuoksi\/#website"},"datePublished":"2018-11-19T12:06:34+00:00","dateModified":"2026-01-07T08:38:05+00:00","breadcrumb":{"@id":"https:\/\/oma.media.fi\/uutisvuoksi\/ilmestymispaivat\/#breadcrumb"},"inLanguage":"fi","potentialAction":[{"@type":"ReadAction","target":["https:\/\/oma.media.fi\/uutisvuoksi\/ilmestymispaivat\/"]}]},{"@type":"BreadcrumbList","@id":"https:\/\/oma.media.fi\/uutisvuoksi\/ilmestymispaivat\/#breadcrumb","itemListElement":[{"@type":"ListItem","position":1,"name":"Etusivu","item":"https:\/\/oma.media.fi\/uutisvuoksi\/"},{"@type":"ListItem","position":2,"name":"Ilmestymisp\u00e4iv\u00e4t"}]},{"@type":"WebSite","@id":"https:\/\/oma.media.fi\/uutisvuoksi\/#website","url":"https:\/\/oma.media.fi\/uutisvuoksi\/","name":"Uutisvuoksi","description":"","potentialAction":[{"@type":"SearchAction","target":{"@type":"EntryPoint","urlTemplate":"https:\/\/oma.media.fi\/uutisvuoksi\/?s={search_term_string}"},"query-input":{"@type":"PropertyValueSpecification","valueRequired":true,"valueName":"search_term_string"}}],"inLanguage":"fi"}]}},"publishpress_future_action":{"enabled":false,"date":"2026-05-10 19:28:10","action":"change-status","newStatus":"draft","terms":[],"taxonomy":"","extraData":[]},"publishpress_future_workflow_manual_trigger":{"enabledWorkflows":[]},"_links":{"self":[{"href":"https:\/\/oma.media.fi\/uutisvuoksi\/wp-json\/wp\/v2\/pages\/13","targetHints":{"allow":["GET"]}}],"collection":[{"href":"https:\/\/oma.media.fi\/uutisvuoksi\/wp-json\/wp\/v2\/pages"}],"about":[{"href":"https:\/\/oma.media.fi\/uutisvuoksi\/wp-json\/wp\/v2\/types\/page"}],"author":[{"embeddable":true,"href":"https:\/\/oma.media.fi\/uutisvuoksi\/wp-json\/wp\/v2\/users\/1"}],"replies":[{"embeddable":true,"href":"https:\/\/oma.media.fi\/uutisvuoksi\/wp-json\/wp\/v2\/comments?post=13"}],"version-history":[{"count":39,"href":"https:\/\/oma.media.fi\/uutisvuoksi\/wp-json\/wp\/v2\/pages\/13\/revisions"}],"predecessor-version":[{"id":6879,"href":"https:\/\/oma.media.fi\/uutisvuoksi\/wp-json\/wp\/v2\/pages\/13\/revisions\/6879"}],"wp:attachment":[{"href":"https:\/\/oma.media.fi\/uutisvuoksi\/wp-json\/wp\/v2\/media?parent=13"}],"curies":[{"name":"wp","href":"https:\/\/api.w.org\/{rel}","templated":true}]}}

Ilmestymispäivät

<p>Uutisvuoksi julkaisee verkossa ja mobiilisovelluksessa uutisia vuoden jokaisena päivänä. Uutisvuoksen painettu lehti ilmestyy maksullisena maanantaina, keskiviikkona ja perjantaina. Lehti ilmestyy lisäksi ilmaisjakeluna Uutisvuoksen varhaisjakelualueella torstaina. Digilehteä pääset lukemaan <a href="https://oma.media.fi/uutisvuoksi/mediatunnukset/">Mediatunnuksellasi</a> Uutisvuoksen verkossa tai sovelluksella.</p>
<p>Uutisvuoksi ilmestyy tilaajille maanantaisin, keskiviikkoisin ja perjantaisin. Imatran seudulla torstaisin jaettava ilmaisjakelunumero ilmestyy jatkossakin torstaina.</p>
<p><strong>Painettu lehti ei ilmesty vuonna 2026:</strong></p>
<p>To 1.1. Uudenvuodenpäivä<br />
Pe 2.1. Uudenvuodenpäivän jälkeinen päivä<br />
Ke 7.1. Loppiaisen jälkeinen päivä<br />
Pe 3.4. Pitkäperjantai<br />
Ma 6.4. 2. Pääsiäispäivä<br />
Pe 1.5. Vappupäivä<br />
To 14.5. Helatorstai<br />
Pe 15.5. <span data-contrast="none">Helatorstain jälkeinen päivä</span><br />
Pe 19.6. Juhannusaatto<br />
Ma 7.12. Itsenäisyyspäivän jälkeinen päivä<br />
To 24.12. Jouluaatto<br />
Pe 25.12. Joulupäivä</p>
<p>Muutokset mahdollisia<strong>.</strong></p>
<p><span data-ccp-props="{&quot;134233117&quot;:false,&quot;134233118&quot;:false,&quot;335551550&quot;:0,&quot;335551620&quot;:0,&quot;335557856&quot;:16777215,&quot;335559738&quot;:0,&quot;335559739&quot;:360}"> </span></p>

<p>julkaisee verkossa ja mobiilisovelluksessa uutisia vuoden jokaisena päivänä. painettu lehti ilmestyy maksullisena maanantaina, keskiviikkona ja perjantaina. Lehti ilmestyy lisäksi ilmaisjakeluna Uutisvuoksen varhaisjakelualueella torstaina. Digilehteä pääset lukemaan Mediatunnuksellasi Uutisvuoksen verkossa tai sovelluksella. Uutisvuoksi ilmestyy tilaajille maanantaisin, keskiviikkoisin ja perjantaisin. Imatran seudulla torstaisin jaettava ilmaisjakelunumero ilmestyy jatkossakin torstaina. Painettu lehti ei ilmesty vuonna 2026: To 1.1. Uudenvuodenpäivä [&hellip;]</p>

<!-- This site is optimized with the Yoast SEO plugin v26.2 - https://yoast.com/wordpress/plugins/seo/ -->
<title>Ilmestymispäivät - Uutisvuoksi</title>
<meta name="robots" content="index, follow, max-snippet:-1, max-image-preview:large, max-video-preview:-1" />
<link rel="canonical" href="https://oma.media.fi/uutisvuoksi/ilmestymispaivat/" />
<meta property="og:locale" content="fi_FI" />
<meta property="og:type" content="article" />
<meta property="og:title" content="Ilmestymispäivät" />
<meta property="og:description" content="julkaisee verkossa ja mobiilisovelluksessa uutisia vuoden jokaisena päivänä. painettu lehti ilmestyy maksullisena maanantaina, keskiviikkona ja perjantaina. Lehti ilmestyy lisäksi ilmaisjakeluna Uutisvuoksen varhaisjakelualueella torstaina. Digilehteä pääset lukemaan Mediatunnuksellasi Uutisvuoksen verkossa tai sovelluksella. Uutisvuoksi ilmestyy tilaajille maanantaisin, keskiviikkoisin ja perjantaisin. Imatran seudulla torstaisin jaettava ilmaisjakelunumero ilmestyy jatkossakin torstaina. Painettu lehti ei ilmesty vuonna 2026: To 1.1. Uudenvuodenpäivä [&hellip;]" />
<meta property="og:url" content="https://oma.media.fi/uutisvuoksi/ilmestymispaivat/" />
<meta property="og:site_name" content="Uutisvuoksi" />
<meta property="article:modified_time" content="2026-01-07T08:38:05+00:00" />
<meta name="twitter:card" content="summary_large_image" />
<meta name="twitter:label1" content="Arvioitu lukuaika" />
	<meta name="twitter:data1" content="1 minuutti" />
<script type="application/ld+json" class="yoast-schema-graph">{"@context":"https://schema.org","@graph":[{"@type":"WebPage","@id":"https://oma.media.fi/uutisvuoksi/ilmestymispaivat/","url":"https://oma.media.fi/uutisvuoksi/ilmestymispaivat/","name":"Ilmestymispäivät - Uutisvuoksi","isPartOf":{"@id":"https://oma.media.fi/uutisvuoksi/#website"},"datePublished":"2018-11-19T12:06:34+00:00","dateModified":"2026-01-07T08:38:05+00:00","breadcrumb":{"@id":"https://oma.media.fi/uutisvuoksi/ilmestymispaivat/#breadcrumb"},"inLanguage":"fi","potentialAction":[{"@type":"ReadAction","target":["https://oma.media.fi/uutisvuoksi/ilmestymispaivat/"]}]},{"@type":"BreadcrumbList","@id":"https://oma.media.fi/uutisvuoksi/ilmestymispaivat/#breadcrumb","itemListElement":[{"@type":"ListItem","position":1,"name":"Etusivu","item":"https://oma.media.fi/uutisvuoksi/"},{"@type":"ListItem","position":2,"name":"Ilmestymispäivät"}]},{"@type":"WebSite","@id":"https://oma.media.fi/uutisvuoksi/#website","url":"https://oma.media.fi/uutisvuoksi/","name":"Uutisvuoksi","description":"","potentialAction":[{"@type":"SearchAction","target":{"@type":"EntryPoint","urlTemplate":"https://oma.media.fi/uutisvuoksi/?s={search_term_string}"},"query-input":{"@type":"PropertyValueSpecification","valueRequired":true,"valueName":"search_term_string"}}],"inLanguage":"fi"}]}</script>
<!-- / Yoast SEO plugin. -->

Ilmestymispäivät - Uutisvuoksi

julkaisee verkossa ja mobiilisovelluksessa uutisia vuoden jokaisena päivänä. painettu lehti ilmestyy maksullisena maanantaina, keskiviikkona ja perjantaina. Lehti ilmestyy lisäksi ilmaisjakeluna Uutisvuoksen varhaisjakelualueella torstaina. Digilehteä pääset lukemaan Mediatunnuksellasi Uutisvuoksen verkossa tai sovelluksella. Uutisvuoksi ilmestyy tilaajille maanantaisin, keskiviikkoisin ja perjantaisin. Imatran seudulla torstaisin jaettava ilmaisjakelunumero ilmestyy jatkossakin torstaina. Painettu lehti ei ilmesty vuonna 2026: To 1.1. Uudenvuodenpäivä [&hellip;]
