{"id":2669,"date":"2020-10-09T09:29:05","date_gmt":"2020-10-09T06:29:05","guid":{"rendered":"https:\/\/oma.media.fi\/uutisvuoksi\/?page_id=2669"},"modified":"2026-01-19T12:57:53","modified_gmt":"2026-01-19T10:57:53","slug":"toimituksen-yhteystiedot","status":"publish","type":"page","link":"https:\/\/oma.media.fi\/uutisvuoksi\/toimituksen-yhteystiedot\/","title":{"rendered":"Toimituksen yhteystiedot"},"content":{"rendered":"<p>t&#111;&#105;&#109;&#x69;&#x74;&#x75;s&#64;&#117;&#117;&#x74;&#x69;&#x73;&#x76;uo&#107;&#115;&#x69;&#x2e;&#x66;&#x69;<\/p>\n<p><strong>Toimitus<\/strong><\/p>\n<p>S\u00e4hk\u00f6postiosoite:<br \/>\n&#101;&#x74;u&#x6e;&#x69;&#109;&#x69;&#46;&#115;&#x75;&#107;&#x75;n&#105;&#x6d;i&#x40;u&#117;&#x74;i&#x73;&#x76;&#117;&#x6f;k&#115;&#x69;&#46;&#x66;i<\/p>\n<p>vinkkipuhelin:<br \/>\n040 124 6665<\/p>\n<p><span data-teams=\"true\">Minna M\u00e4kinen<\/span><br \/>\np\u00e4\u00e4toimittaja<br \/>\n<span data-teams=\"true\">040 714 9626<\/span><\/p>\n<p>Liisa M\u00e4\u00e4tt\u00e4<br \/>\ntuottaja<br \/>\n040 674 1362<\/p>\n<p>Santeri Tynkkynen<br \/>\ntuottaja<br \/>\n040 714 9625<\/p>\n<p>Ina Bohndieck<br \/>\ntoimittaja<br \/>\n040 631 6747<\/p>\n<p>Tuija Horttanainen<br \/>\ntuottaja (perhevapaalla)<br \/>\n040 714 9623<\/p>\n<p>Piia Kaskinen<br \/>\ntoimittaja<br \/>\n040 675 6153<\/p>\n<p>Tiina Mansikka<br \/>\ntoimittaja<br \/>\n044 035 0552<\/p>\n<p>Anu Pakarinen<br \/>\ntoimittaja<br \/>\n040\u00a0714 9624<\/p>\n<p>Sanna \u00c4ik\u00e4\u00e4<br \/>\ntoimittaja<br \/>\n040 557 0575<\/p>\n","protected":false},"excerpt":{"rendered":"<p>&#116;&#x6f;&#x69;m&#105;&#x74;&#x75;s&#64;&#x75;u&#116;&#x69;&#x73;v&#117;&#x6f;k&#115;&#x69;&#x2e;f&#105; Toimitus S\u00e4hk\u00f6postiosoite: &#x65;&#x74;&#x75;&#110;&#105;mi&#x2e;&#x73;&#x75;&#107;&#117;ni&#x6d;&#x69;&#x40;&#117;&#117;ti&#x73;&#x76;&#x75;&#111;&#107;si&#x2e;&#x66;&#x69; vinkkipuhelin: 040 124 6665 Minna M\u00e4kinen p\u00e4\u00e4toimittaja 040 714 9626 Liisa M\u00e4\u00e4tt\u00e4 tuottaja 040 674 1362 Santeri Tynkkynen tuottaja 040 714 9625 Ina Bohndieck toimittaja 040 631 6747 Tuija Horttanainen tuottaja (perhevapaalla) 040 714 9623 Piia Kaskinen toimittaja 040 675 6153 Tiina Mansikka toimittaja 044 035 0552 Anu Pakarinen toimittaja 040\u00a0714 [&hellip;]<\/p>\n","protected":false},"author":50,"featured_media":0,"parent":0,"menu_order":0,"comment_status":"closed","ping_status":"closed","template":"","meta":{"_acf_changed":false,"footnotes":""},"class_list":["post-2669","page","type-page","status-publish","hentry"],"acf":[],"yoast_head":"<!-- This site is optimized with the Yoast SEO plugin v26.2 - https:\/\/yoast.com\/wordpress\/plugins\/seo\/ -->\n<title>Toimituksen yhteystiedot - Uutisvuoksi<\/title>\n<meta name=\"robots\" content=\"index, follow, max-snippet:-1, max-image-preview:large, max-video-preview:-1\" \/>\n<link rel=\"canonical\" href=\"https:\/\/oma.media.fi\/uutisvuoksi\/toimituksen-yhteystiedot\/\" \/>\n<meta property=\"og:locale\" content=\"fi_FI\" \/>\n<meta property=\"og:type\" content=\"article\" \/>\n<meta property=\"og:title\" content=\"Toimituksen yhteystiedot\" \/>\n<meta property=\"og:description\" content=\"&#116;&#x6f;&#105;&#x6d;&#105;&#x74;&#117;&#x73;&#064;&#x75;&#117;&#x74;&#105;&#x73;&#118;&#x75;&#111;&#x6b;&#115;&#x69;&#046;&#x66;&#105; Toimitus S\u00e4hk\u00f6postiosoite: et&#117;&#110;&#105;&#109;&#x69;&#x2e;&#x73;&#x75;&#x6b;un&#105;&#109;&#105;&#064;&#x75;&#x75;&#x74;&#x69;&#x73;vu&#111;&#107;&#115;&#105;&#x2e;&#x66;&#x69; vinkkipuhelin: 040 124 6665 Minna M\u00e4kinen p\u00e4\u00e4toimittaja 040 714 9626 Liisa M\u00e4\u00e4tt\u00e4 tuottaja 040 674 1362 Santeri Tynkkynen tuottaja 040 714 9625 Ina Bohndieck toimittaja 040 631 6747 Tuija Horttanainen tuottaja (perhevapaalla) 040 714 9623 Piia Kaskinen toimittaja 040 675 6153 Tiina Mansikka toimittaja 044 035 0552 Anu Pakarinen toimittaja 040\u00a0714 [&hellip;]\" \/>\n<meta property=\"og:url\" content=\"https:\/\/oma.media.fi\/uutisvuoksi\/toimituksen-yhteystiedot\/\" \/>\n<meta property=\"og:site_name\" content=\"Uutisvuoksi\" \/>\n<meta property=\"article:modified_time\" content=\"2026-01-19T10:57:53+00:00\" \/>\n<meta name=\"twitter:card\" content=\"summary_large_image\" \/>\n<meta name=\"twitter:label1\" content=\"Arvioitu lukuaika\" \/>\n\t<meta name=\"twitter:data1\" content=\"1 minuutti\" \/>\n<script type=\"application\/ld+json\" class=\"yoast-schema-graph\">{\"@context\":\"https:\/\/schema.org\",\"@graph\":[{\"@type\":\"WebPage\",\"@id\":\"https:\/\/oma.media.fi\/uutisvuoksi\/toimituksen-yhteystiedot\/\",\"url\":\"https:\/\/oma.media.fi\/uutisvuoksi\/toimituksen-yhteystiedot\/\",\"name\":\"Toimituksen yhteystiedot - Uutisvuoksi\",\"isPartOf\":{\"@id\":\"https:\/\/oma.media.fi\/uutisvuoksi\/#website\"},\"datePublished\":\"2020-10-09T06:29:05+00:00\",\"dateModified\":\"2026-01-19T10:57:53+00:00\",\"breadcrumb\":{\"@id\":\"https:\/\/oma.media.fi\/uutisvuoksi\/toimituksen-yhteystiedot\/#breadcrumb\"},\"inLanguage\":\"fi\",\"potentialAction\":[{\"@type\":\"ReadAction\",\"target\":[\"https:\/\/oma.media.fi\/uutisvuoksi\/toimituksen-yhteystiedot\/\"]}]},{\"@type\":\"BreadcrumbList\",\"@id\":\"https:\/\/oma.media.fi\/uutisvuoksi\/toimituksen-yhteystiedot\/#breadcrumb\",\"itemListElement\":[{\"@type\":\"ListItem\",\"position\":1,\"name\":\"Etusivu\",\"item\":\"https:\/\/oma.media.fi\/uutisvuoksi\/\"},{\"@type\":\"ListItem\",\"position\":2,\"name\":\"Toimituksen yhteystiedot\"}]},{\"@type\":\"WebSite\",\"@id\":\"https:\/\/oma.media.fi\/uutisvuoksi\/#website\",\"url\":\"https:\/\/oma.media.fi\/uutisvuoksi\/\",\"name\":\"Uutisvuoksi\",\"description\":\"\",\"potentialAction\":[{\"@type\":\"SearchAction\",\"target\":{\"@type\":\"EntryPoint\",\"urlTemplate\":\"https:\/\/oma.media.fi\/uutisvuoksi\/?s={search_term_string}\"},\"query-input\":{\"@type\":\"PropertyValueSpecification\",\"valueRequired\":true,\"valueName\":\"search_term_string\"}}],\"inLanguage\":\"fi\"}]}<\/script>\n<!-- \/ Yoast SEO plugin. -->","yoast_head_json":{"title":"Toimituksen yhteystiedot - Uutisvuoksi","robots":{"index":"index","follow":"follow","max-snippet":"max-snippet:-1","max-image-preview":"max-image-preview:large","max-video-preview":"max-video-preview:-1"},"canonical":"https:\/\/oma.media.fi\/uutisvuoksi\/toimituksen-yhteystiedot\/","og_locale":"fi_FI","og_type":"article","og_title":"Toimituksen yhteystiedot","og_description":"&#116;&#x6f;&#105;&#x6d;&#105;&#x74;&#117;&#x73;&#64;&#x75;&#117;&#x74;&#105;&#x73;&#118;&#x75;&#111;&#x6b;&#115;&#x69;&#46;&#x66;&#105; Toimitus S\u00e4hk\u00f6postiosoite: et&#117;&#110;&#105;&#109;&#x69;&#x2e;&#x73;&#x75;&#x6b;un&#105;&#109;&#105;&#64;&#x75;&#x75;&#x74;&#x69;&#x73;vu&#111;&#107;&#115;&#105;&#x2e;&#x66;&#x69; vinkkipuhelin: 040 124 6665 Minna M\u00e4kinen p\u00e4\u00e4toimittaja 040 714 9626 Liisa M\u00e4\u00e4tt\u00e4 tuottaja 040 674 1362 Santeri Tynkkynen tuottaja 040 714 9625 Ina Bohndieck toimittaja 040 631 6747 Tuija Horttanainen tuottaja (perhevapaalla) 040 714 9623 Piia Kaskinen toimittaja 040 675 6153 Tiina Mansikka toimittaja 044 035 0552 Anu Pakarinen toimittaja 040\u00a0714 [&hellip;]","og_url":"https:\/\/oma.media.fi\/uutisvuoksi\/toimituksen-yhteystiedot\/","og_site_name":"Uutisvuoksi","article_modified_time":"2026-01-19T10:57:53+00:00","twitter_card":"summary_large_image","twitter_misc":{"Arvioitu lukuaika":"1 minuutti"},"schema":{"@context":"https:\/\/schema.org","@graph":[{"@type":"WebPage","@id":"https:\/\/oma.media.fi\/uutisvuoksi\/toimituksen-yhteystiedot\/","url":"https:\/\/oma.media.fi\/uutisvuoksi\/toimituksen-yhteystiedot\/","name":"Toimituksen yhteystiedot - Uutisvuoksi","isPartOf":{"@id":"https:\/\/oma.media.fi\/uutisvuoksi\/#website"},"datePublished":"2020-10-09T06:29:05+00:00","dateModified":"2026-01-19T10:57:53+00:00","breadcrumb":{"@id":"https:\/\/oma.media.fi\/uutisvuoksi\/toimituksen-yhteystiedot\/#breadcrumb"},"inLanguage":"fi","potentialAction":[{"@type":"ReadAction","target":["https:\/\/oma.media.fi\/uutisvuoksi\/toimituksen-yhteystiedot\/"]}]},{"@type":"BreadcrumbList","@id":"https:\/\/oma.media.fi\/uutisvuoksi\/toimituksen-yhteystiedot\/#breadcrumb","itemListElement":[{"@type":"ListItem","position":1,"name":"Etusivu","item":"https:\/\/oma.media.fi\/uutisvuoksi\/"},{"@type":"ListItem","position":2,"name":"Toimituksen yhteystiedot"}]},{"@type":"WebSite","@id":"https:\/\/oma.media.fi\/uutisvuoksi\/#website","url":"https:\/\/oma.media.fi\/uutisvuoksi\/","name":"Uutisvuoksi","description":"","potentialAction":[{"@type":"SearchAction","target":{"@type":"EntryPoint","urlTemplate":"https:\/\/oma.media.fi\/uutisvuoksi\/?s={search_term_string}"},"query-input":{"@type":"PropertyValueSpecification","valueRequired":true,"valueName":"search_term_string"}}],"inLanguage":"fi"}]}},"publishpress_future_action":{"enabled":false,"date":"2026-05-16 17:45:08","action":"change-status","newStatus":"draft","terms":[],"taxonomy":"","extraData":[]},"publishpress_future_workflow_manual_trigger":{"enabledWorkflows":[]},"_links":{"self":[{"href":"https:\/\/oma.media.fi\/uutisvuoksi\/wp-json\/wp\/v2\/pages\/2669","targetHints":{"allow":["GET"]}}],"collection":[{"href":"https:\/\/oma.media.fi\/uutisvuoksi\/wp-json\/wp\/v2\/pages"}],"about":[{"href":"https:\/\/oma.media.fi\/uutisvuoksi\/wp-json\/wp\/v2\/types\/page"}],"author":[{"embeddable":true,"href":"https:\/\/oma.media.fi\/uutisvuoksi\/wp-json\/wp\/v2\/users\/50"}],"replies":[{"embeddable":true,"href":"https:\/\/oma.media.fi\/uutisvuoksi\/wp-json\/wp\/v2\/comments?post=2669"}],"version-history":[{"count":26,"href":"https:\/\/oma.media.fi\/uutisvuoksi\/wp-json\/wp\/v2\/pages\/2669\/revisions"}],"predecessor-version":[{"id":6899,"href":"https:\/\/oma.media.fi\/uutisvuoksi\/wp-json\/wp\/v2\/pages\/2669\/revisions\/6899"}],"wp:attachment":[{"href":"https:\/\/oma.media.fi\/uutisvuoksi\/wp-json\/wp\/v2\/media?parent=2669"}],"curies":[{"name":"wp","href":"https:\/\/api.w.org\/{rel}","templated":true}]}}