{"id":4444,"date":"2021-12-28T12:57:26","date_gmt":"2021-12-28T10:57:26","guid":{"rendered":"https:\/\/oma.media.fi\/uutisvuoksi\/?page_id=4444"},"modified":"2025-01-10T08:02:43","modified_gmt":"2025-01-10T06:02:43","slug":"tietoa-tilauksesta","status":"publish","type":"page","link":"https:\/\/oma.media.fi\/uutisvuoksi\/tietoa-tilauksesta\/","title":{"rendered":"Tietoa tilauksesta"},"content":{"rendered":"<p><em style=\"font-size: 1.3rem;color: #666\"><strong>Uutisvuoksi<\/strong> <em>on l\u00e4sn\u00e4 siell\u00e4, miss\u00e4 tapahtuu ja kertoo sen, mist\u00e4 kylill\u00e4 puhutaan. Painettu lehti ilmestyy tilattavana kolme kertaa viikossa: maanantaina, keskiviikkona ja perjantaina. Lis\u00e4ksi lehti ilmestyy ilmaisjakeluna Uutisvuoksen varhaisjakelualueella torstaina. <\/em><em>Lis\u00e4tietoa poikkeuksellisista ilmestymisp\u00e4ivist\u00e4 saat<\/em> <a href=\"https:\/\/oma.media.fi\/uutisvuoksi\/ilmestymispaivat\/\">t\u00e4\u00e4lt\u00e4.<\/a><\/em><\/p>\n<p>Vuonna 2025 Uutisvuoksi ilmestyy tilaajille maanantaisin, keskiviikkoisin ja perjantaisin. Imatran seudulla torstaisin jaettava ilmaisjakelunumero ilmestyy jatkossakin torstaina. <a href=\"https:\/\/oma.media.fi\/uutisvuoksi\/julkaisupaivamuutokset2025\/\">Lue lis\u00e4\u00e4&#8230;<\/a><\/p>\n<hr \/>\n<h2>Tervetuloa asiakaspalveluun <a href=\"https:\/\/oma.media.fi\/uutisvuoksi\/wp-content\/uploads\/sites\/47\/2021\/12\/Uutisvuoksi_levikkikartta.png\"><img loading=\"lazy\" decoding=\"async\" class=\" wp-image-4449 alignright\" src=\"https:\/\/oma.media.fi\/uutisvuoksi\/wp-content\/uploads\/sites\/47\/2021\/12\/Uutisvuoksi_levikkikartta.png\" alt=\"\" width=\"407\" height=\"445\" srcset=\"https:\/\/oma.media.fi\/uutisvuoksi\/wp-content\/uploads\/sites\/47\/2021\/12\/Uutisvuoksi_levikkikartta.png 542w, https:\/\/oma.media.fi\/uutisvuoksi\/wp-content\/uploads\/sites\/47\/2021\/12\/Uutisvuoksi_levikkikartta-275x300.png 275w\" sizes=\"auto, (max-width: 407px) 100vw, 407px\" \/><\/a><\/h2>\n<p>Tarjoamme tilauksiin liittyv\u00e4\u00e4 asiakaspalvelua jonottamatta 24\/7 verkossa osoitteessa <a href=\"http:\/\/Uutisvuoksi.fi\/asiakaspalvelu\">Uutisvuoksi.fi\/asiakaspalvelu<\/a> \u2013 k\u00e4y tutustumassa!<\/p>\n<h3>Joko sinulla on Mediatunnus?<\/h3>\n<p>Mediatunnus on avain kaikkiin s\u00e4hk\u00f6isiin palveluihimme. Yhdell\u00e4 tunnuksella p\u00e4\u00e4set n\u00e4pp\u00e4r\u00e4sti lukemaan tilaukseesi kuuluvia verkkosis\u00e4lt\u00f6j\u00e4 sek\u00e4 kommentoimaan niit\u00e4. Mediatunnuksella hoidat k\u00e4tev\u00e4sti my\u00f6s tilaukseesi liittyvi\u00e4 muutoksia \u2013 juuri silloin kun se sinulle sopii. Lue lis\u00e4\u00e4 Mediatunnuksesta ja sen luomisesta <a href=\"https:\/\/oma.media.fi\/uutisvuoksi\/mediatunnukset\/\">t\u00e4st\u00e4<\/a>.<\/p>\n<h3>Lis\u00e4tietoja tilauksestasi l\u00f6yd\u00e4t alla olevista linkeist\u00e4<\/h3>\n<div class=\"table--responsive\"><table style=\"height: 167px;width: 100%;border-collapse: collapse\" border=\"0\">\n<tbody>\n<tr style=\"height: 47px\">\n<td style=\"width: 5.69249%;height: 47px\"><a href=\"https:\/\/oma.media.fi\/uutisvuoksi\/wp-content\/uploads\/sites\/47\/2022\/01\/icon_tilauksensisalto-1.png\"><img loading=\"lazy\" decoding=\"async\" class=\"alignnone size-large wp-image-4479\" src=\"https:\/\/oma.media.fi\/uutisvuoksi\/wp-content\/uploads\/sites\/47\/2022\/01\/icon_tilauksensisalto-1.png\" alt=\"\" width=\"40\" height=\"45\" \/><\/a><\/td>\n<td style=\"width: 94.3075%;height: 47px\"><a href=\"https:\/\/oma.media.fi\/uutisvuoksi\/tilaussisallot\/\">Tilauksen sis\u00e4lt\u00f6<\/a><\/td>\n<\/tr>\n<tr style=\"height: 24px\">\n<td style=\"width: 5.69249%;height: 24px\"><a href=\"https:\/\/oma.media.fi\/uutisvuoksi\/wp-content\/uploads\/sites\/47\/2022\/01\/icon_ukk-1.png\"><img loading=\"lazy\" decoding=\"async\" class=\"alignnone size-full wp-image-4482\" src=\"https:\/\/oma.media.fi\/uutisvuoksi\/wp-content\/uploads\/sites\/47\/2022\/01\/icon_ukk-1.png\" alt=\"\" width=\"40\" height=\"45\" \/><\/a><\/td>\n<td style=\"width: 94.3075%;height: 24px\"><a href=\"https:\/\/oma.media.fi\/uutisvuoksi\/ukk\/\">Usein kysytyt kysymykset<\/a><\/td>\n<\/tr>\n<tr style=\"height: 24px\">\n<td style=\"width: 5.69249%;height: 24px\"><a href=\"https:\/\/oma.media.fi\/uutisvuoksi\/wp-content\/uploads\/sites\/47\/2022\/01\/icon_jatkuvatilaus-1.png\"><img loading=\"lazy\" decoding=\"async\" class=\"alignnone size-large wp-image-4478\" src=\"https:\/\/oma.media.fi\/uutisvuoksi\/wp-content\/uploads\/sites\/47\/2022\/01\/icon_jatkuvatilaus-1.png\" alt=\"\" width=\"40\" height=\"45\" \/><\/a><\/td>\n<td style=\"width: 94.3075%;height: 24px\"><a href=\"https:\/\/oma.media.fi\/uutisvuoksi\/edut\/tietoa-kestotilaajan-eduista\/\">Jatkuvan tilauksen hy\u00f6dyt<\/a><\/td>\n<\/tr>\n<tr style=\"height: 24px\">\n<td style=\"width: 5.69249%;height: 24px\"><a href=\"https:\/\/oma.media.fi\/uutisvuoksi\/wp-content\/uploads\/sites\/47\/2022\/01\/icon_tilausmuodot-1.png\"><img loading=\"lazy\" decoding=\"async\" class=\"alignnone size-large wp-image-4480\" src=\"https:\/\/oma.media.fi\/uutisvuoksi\/wp-content\/uploads\/sites\/47\/2022\/01\/icon_tilausmuodot-1.png\" alt=\"\" width=\"40\" height=\"45\" \/><\/a><\/td>\n<td style=\"width: 94.3075%;height: 24px\"><a href=\"https:\/\/oma.media.fi\/uutisvuoksi\/tilausmuodot\/\">Tilausmuodot<\/a><\/td>\n<\/tr>\n<tr style=\"height: 24px\">\n<td style=\"width: 5.69249%;height: 24px\"><a href=\"https:\/\/oma.media.fi\/uutisvuoksi\/wp-content\/uploads\/sites\/47\/2022\/01\/icon_hinnat_laskutus-1.png\"><img loading=\"lazy\" decoding=\"async\" class=\"alignnone size-full wp-image-4477\" src=\"https:\/\/oma.media.fi\/uutisvuoksi\/wp-content\/uploads\/sites\/47\/2022\/01\/icon_hinnat_laskutus-1.png\" alt=\"\" width=\"40\" height=\"45\" \/><\/a><\/td>\n<td style=\"width: 94.3075%;height: 24px\"><a href=\"https:\/\/oma.media.fi\/tilaushinnat\/\">Normaalihinnat<\/a> ja <a href=\"https:\/\/oma.media.fi\/tilauslaskutus\/\">tilauslaskutus<\/a><\/td>\n<\/tr>\n<tr style=\"height: 24px\">\n<td style=\"width: 5.69249%;height: 24px\"><a href=\"https:\/\/oma.media.fi\/uutisvuoksi\/wp-content\/uploads\/sites\/47\/2022\/01\/icon_tilaustarjoukset-1.png\"><img loading=\"lazy\" decoding=\"async\" class=\"alignnone size-large wp-image-4481\" src=\"https:\/\/oma.media.fi\/uutisvuoksi\/wp-content\/uploads\/sites\/47\/2022\/01\/icon_tilaustarjoukset-1.png\" alt=\"\" width=\"40\" height=\"45\" \/><\/a><\/td>\n<td style=\"width: 94.3075%;height: 24px\"><a href=\"http:\/\/Uutisvuoksi.fi\/tilaa\">Tilaustarjoukset<\/a><\/td>\n<\/tr>\n<\/tbody>\n<\/table><\/div>\n<p>&nbsp;<\/p>\n","protected":false},"excerpt":{"rendered":"<p>on l\u00e4sn\u00e4 siell\u00e4, miss\u00e4 tapahtuu ja kertoo sen, mist\u00e4 kylill\u00e4 puhutaan. Painettu lehti ilmestyy tilattavana kolme kertaa viikossa: maanantaina, keskiviikkona ja perjantaina. Lis\u00e4ksi lehti ilmestyy ilmaisjakeluna varhaisjakelualueella torstaina. Lis\u00e4tietoa poikkeuksellisista ilmestymisp\u00e4ivist\u00e4 saat t\u00e4\u00e4lt\u00e4. Vuonna 2025 Uutisvuoksi ilmestyy tilaajille maanantaisin, keskiviikkoisin ja perjantaisin. Imatran seudulla torstaisin jaettava ilmaisjakelunumero ilmestyy jatkossakin torstaina. Lue lis\u00e4\u00e4&#8230; Tervetuloa asiakaspalveluun Tarjoamme [&hellip;]<\/p>\n","protected":false},"author":6,"featured_media":4476,"parent":0,"menu_order":0,"comment_status":"closed","ping_status":"closed","template":"","meta":{"_acf_changed":false,"footnotes":""},"class_list":["post-4444","page","type-page","status-publish","has-post-thumbnail","hentry"],"acf":[],"yoast_head":"<!-- This site is optimized with the Yoast SEO plugin v26.2 - https:\/\/yoast.com\/wordpress\/plugins\/seo\/ -->\n<title>Tietoa tilauksesta - Uutisvuoksi<\/title>\n<meta name=\"robots\" content=\"index, follow, max-snippet:-1, max-image-preview:large, max-video-preview:-1\" \/>\n<link rel=\"canonical\" href=\"https:\/\/oma.media.fi\/uutisvuoksi\/tietoa-tilauksesta\/\" \/>\n<meta property=\"og:locale\" content=\"fi_FI\" \/>\n<meta property=\"og:type\" content=\"article\" \/>\n<meta property=\"og:title\" content=\"Tietoa tilauksesta\" \/>\n<meta property=\"og:description\" content=\"on l\u00e4sn\u00e4 siell\u00e4, miss\u00e4 tapahtuu ja kertoo sen, mist\u00e4 kylill\u00e4 puhutaan. Painettu lehti ilmestyy tilattavana kolme kertaa viikossa: maanantaina, keskiviikkona ja perjantaina. Lis\u00e4ksi lehti ilmestyy ilmaisjakeluna varhaisjakelualueella torstaina. Lis\u00e4tietoa poikkeuksellisista ilmestymisp\u00e4ivist\u00e4 saat t\u00e4\u00e4lt\u00e4. Vuonna 2025 Uutisvuoksi ilmestyy tilaajille maanantaisin, keskiviikkoisin ja perjantaisin. Imatran seudulla torstaisin jaettava ilmaisjakelunumero ilmestyy jatkossakin torstaina. Lue lis\u00e4\u00e4&#8230; Tervetuloa asiakaspalveluun Tarjoamme [&hellip;]\" \/>\n<meta property=\"og:url\" content=\"https:\/\/oma.media.fi\/uutisvuoksi\/tietoa-tilauksesta\/\" \/>\n<meta property=\"og:site_name\" content=\"Uutisvuoksi\" \/>\n<meta property=\"article:modified_time\" content=\"2025-01-10T06:02:43+00:00\" \/>\n<meta property=\"og:image\" content=\"https:\/\/oma.media.fi\/uutisvuoksi\/wp-content\/uploads\/sites\/47\/2022\/01\/810x260_tietoatilauksesta_land.jpg\" \/>\n\t<meta property=\"og:image:width\" content=\"810\" \/>\n\t<meta property=\"og:image:height\" content=\"260\" \/>\n\t<meta property=\"og:image:type\" content=\"image\/jpeg\" \/>\n<meta name=\"twitter:card\" content=\"summary_large_image\" \/>\n<meta name=\"twitter:label1\" content=\"Arvioitu lukuaika\" \/>\n\t<meta name=\"twitter:data1\" content=\"3 minuuttia\" \/>\n<script type=\"application\/ld+json\" class=\"yoast-schema-graph\">{\"@context\":\"https:\/\/schema.org\",\"@graph\":[{\"@type\":\"WebPage\",\"@id\":\"https:\/\/oma.media.fi\/uutisvuoksi\/tietoa-tilauksesta\/\",\"url\":\"https:\/\/oma.media.fi\/uutisvuoksi\/tietoa-tilauksesta\/\",\"name\":\"Tietoa tilauksesta - Uutisvuoksi\",\"isPartOf\":{\"@id\":\"https:\/\/oma.media.fi\/uutisvuoksi\/#website\"},\"primaryImageOfPage\":{\"@id\":\"https:\/\/oma.media.fi\/uutisvuoksi\/tietoa-tilauksesta\/#primaryimage\"},\"image\":{\"@id\":\"https:\/\/oma.media.fi\/uutisvuoksi\/tietoa-tilauksesta\/#primaryimage\"},\"thumbnailUrl\":\"https:\/\/oma.media.fi\/uutisvuoksi\/wp-content\/uploads\/sites\/47\/2022\/01\/810x260_tietoatilauksesta_land.jpg\",\"datePublished\":\"2021-12-28T10:57:26+00:00\",\"dateModified\":\"2025-01-10T06:02:43+00:00\",\"breadcrumb\":{\"@id\":\"https:\/\/oma.media.fi\/uutisvuoksi\/tietoa-tilauksesta\/#breadcrumb\"},\"inLanguage\":\"fi\",\"potentialAction\":[{\"@type\":\"ReadAction\",\"target\":[\"https:\/\/oma.media.fi\/uutisvuoksi\/tietoa-tilauksesta\/\"]}]},{\"@type\":\"ImageObject\",\"inLanguage\":\"fi\",\"@id\":\"https:\/\/oma.media.fi\/uutisvuoksi\/tietoa-tilauksesta\/#primaryimage\",\"url\":\"https:\/\/oma.media.fi\/uutisvuoksi\/wp-content\/uploads\/sites\/47\/2022\/01\/810x260_tietoatilauksesta_land.jpg\",\"contentUrl\":\"https:\/\/oma.media.fi\/uutisvuoksi\/wp-content\/uploads\/sites\/47\/2022\/01\/810x260_tietoatilauksesta_land.jpg\",\"width\":810,\"height\":260},{\"@type\":\"BreadcrumbList\",\"@id\":\"https:\/\/oma.media.fi\/uutisvuoksi\/tietoa-tilauksesta\/#breadcrumb\",\"itemListElement\":[{\"@type\":\"ListItem\",\"position\":1,\"name\":\"Etusivu\",\"item\":\"https:\/\/oma.media.fi\/uutisvuoksi\/\"},{\"@type\":\"ListItem\",\"position\":2,\"name\":\"Tietoa tilauksesta\"}]},{\"@type\":\"WebSite\",\"@id\":\"https:\/\/oma.media.fi\/uutisvuoksi\/#website\",\"url\":\"https:\/\/oma.media.fi\/uutisvuoksi\/\",\"name\":\"Uutisvuoksi\",\"description\":\"\",\"potentialAction\":[{\"@type\":\"SearchAction\",\"target\":{\"@type\":\"EntryPoint\",\"urlTemplate\":\"https:\/\/oma.media.fi\/uutisvuoksi\/?s={search_term_string}\"},\"query-input\":{\"@type\":\"PropertyValueSpecification\",\"valueRequired\":true,\"valueName\":\"search_term_string\"}}],\"inLanguage\":\"fi\"}]}<\/script>\n<!-- \/ Yoast SEO plugin. -->","yoast_head_json":{"title":"Tietoa tilauksesta - Uutisvuoksi","robots":{"index":"index","follow":"follow","max-snippet":"max-snippet:-1","max-image-preview":"max-image-preview:large","max-video-preview":"max-video-preview:-1"},"canonical":"https:\/\/oma.media.fi\/uutisvuoksi\/tietoa-tilauksesta\/","og_locale":"fi_FI","og_type":"article","og_title":"Tietoa tilauksesta","og_description":"on l\u00e4sn\u00e4 siell\u00e4, miss\u00e4 tapahtuu ja kertoo sen, mist\u00e4 kylill\u00e4 puhutaan. Painettu lehti ilmestyy tilattavana kolme kertaa viikossa: maanantaina, keskiviikkona ja perjantaina. Lis\u00e4ksi lehti ilmestyy ilmaisjakeluna varhaisjakelualueella torstaina. Lis\u00e4tietoa poikkeuksellisista ilmestymisp\u00e4ivist\u00e4 saat t\u00e4\u00e4lt\u00e4. Vuonna 2025 Uutisvuoksi ilmestyy tilaajille maanantaisin, keskiviikkoisin ja perjantaisin. Imatran seudulla torstaisin jaettava ilmaisjakelunumero ilmestyy jatkossakin torstaina. Lue lis\u00e4\u00e4&#8230; Tervetuloa asiakaspalveluun Tarjoamme [&hellip;]","og_url":"https:\/\/oma.media.fi\/uutisvuoksi\/tietoa-tilauksesta\/","og_site_name":"Uutisvuoksi","article_modified_time":"2025-01-10T06:02:43+00:00","og_image":[{"width":810,"height":260,"url":"https:\/\/oma.media.fi\/uutisvuoksi\/wp-content\/uploads\/sites\/47\/2022\/01\/810x260_tietoatilauksesta_land.jpg","type":"image\/jpeg"}],"twitter_card":"summary_large_image","twitter_misc":{"Arvioitu lukuaika":"3 minuuttia"},"schema":{"@context":"https:\/\/schema.org","@graph":[{"@type":"WebPage","@id":"https:\/\/oma.media.fi\/uutisvuoksi\/tietoa-tilauksesta\/","url":"https:\/\/oma.media.fi\/uutisvuoksi\/tietoa-tilauksesta\/","name":"Tietoa tilauksesta - Uutisvuoksi","isPartOf":{"@id":"https:\/\/oma.media.fi\/uutisvuoksi\/#website"},"primaryImageOfPage":{"@id":"https:\/\/oma.media.fi\/uutisvuoksi\/tietoa-tilauksesta\/#primaryimage"},"image":{"@id":"https:\/\/oma.media.fi\/uutisvuoksi\/tietoa-tilauksesta\/#primaryimage"},"thumbnailUrl":"https:\/\/oma.media.fi\/uutisvuoksi\/wp-content\/uploads\/sites\/47\/2022\/01\/810x260_tietoatilauksesta_land.jpg","datePublished":"2021-12-28T10:57:26+00:00","dateModified":"2025-01-10T06:02:43+00:00","breadcrumb":{"@id":"https:\/\/oma.media.fi\/uutisvuoksi\/tietoa-tilauksesta\/#breadcrumb"},"inLanguage":"fi","potentialAction":[{"@type":"ReadAction","target":["https:\/\/oma.media.fi\/uutisvuoksi\/tietoa-tilauksesta\/"]}]},{"@type":"ImageObject","inLanguage":"fi","@id":"https:\/\/oma.media.fi\/uutisvuoksi\/tietoa-tilauksesta\/#primaryimage","url":"https:\/\/oma.media.fi\/uutisvuoksi\/wp-content\/uploads\/sites\/47\/2022\/01\/810x260_tietoatilauksesta_land.jpg","contentUrl":"https:\/\/oma.media.fi\/uutisvuoksi\/wp-content\/uploads\/sites\/47\/2022\/01\/810x260_tietoatilauksesta_land.jpg","width":810,"height":260},{"@type":"BreadcrumbList","@id":"https:\/\/oma.media.fi\/uutisvuoksi\/tietoa-tilauksesta\/#breadcrumb","itemListElement":[{"@type":"ListItem","position":1,"name":"Etusivu","item":"https:\/\/oma.media.fi\/uutisvuoksi\/"},{"@type":"ListItem","position":2,"name":"Tietoa tilauksesta"}]},{"@type":"WebSite","@id":"https:\/\/oma.media.fi\/uutisvuoksi\/#website","url":"https:\/\/oma.media.fi\/uutisvuoksi\/","name":"Uutisvuoksi","description":"","potentialAction":[{"@type":"SearchAction","target":{"@type":"EntryPoint","urlTemplate":"https:\/\/oma.media.fi\/uutisvuoksi\/?s={search_term_string}"},"query-input":{"@type":"PropertyValueSpecification","valueRequired":true,"valueName":"search_term_string"}}],"inLanguage":"fi"}]}},"publishpress_future_action":{"enabled":false,"date":"2026-05-10 19:28:27","action":"change-status","newStatus":"draft","terms":[],"taxonomy":"","extraData":[]},"publishpress_future_workflow_manual_trigger":{"enabledWorkflows":[]},"_links":{"self":[{"href":"https:\/\/oma.media.fi\/uutisvuoksi\/wp-json\/wp\/v2\/pages\/4444","targetHints":{"allow":["GET"]}}],"collection":[{"href":"https:\/\/oma.media.fi\/uutisvuoksi\/wp-json\/wp\/v2\/pages"}],"about":[{"href":"https:\/\/oma.media.fi\/uutisvuoksi\/wp-json\/wp\/v2\/types\/page"}],"author":[{"embeddable":true,"href":"https:\/\/oma.media.fi\/uutisvuoksi\/wp-json\/wp\/v2\/users\/6"}],"replies":[{"embeddable":true,"href":"https:\/\/oma.media.fi\/uutisvuoksi\/wp-json\/wp\/v2\/comments?post=4444"}],"version-history":[{"count":11,"href":"https:\/\/oma.media.fi\/uutisvuoksi\/wp-json\/wp\/v2\/pages\/4444\/revisions"}],"predecessor-version":[{"id":6355,"href":"https:\/\/oma.media.fi\/uutisvuoksi\/wp-json\/wp\/v2\/pages\/4444\/revisions\/6355"}],"wp:featuredmedia":[{"embeddable":true,"href":"https:\/\/oma.media.fi\/uutisvuoksi\/wp-json\/wp\/v2\/media\/4476"}],"wp:attachment":[{"href":"https:\/\/oma.media.fi\/uutisvuoksi\/wp-json\/wp\/v2\/media?parent=4444"}],"curies":[{"name":"wp","href":"https:\/\/api.w.org\/{rel}","templated":true}]}}