{"id":2,"date":"2024-06-18T12:24:55","date_gmt":"2024-06-18T09:24:55","guid":{"rendered":"https:\/\/oma.media.fi\/vantaan-sanomat\/?page_id=2"},"modified":"2024-06-18T12:27:47","modified_gmt":"2024-06-18T09:27:47","slug":"etusivu","status":"publish","type":"page","link":"https:\/\/oma.media.fi\/vantaan-sanomat\/","title":{"rendered":"Etusivu"},"content":{"rendered":"<p style=\"text-align: center;\">Tervetuloa Vantaan Sanomien asiakaspalveluun.<br \/>T\u00e4\u00e4ll\u00e4 voit hoitaa <strong>digitilaukseen liittyv\u00e4t asiat sujuvasti silloin, kun se sinulle parhaiten sopii.<\/strong><\/p>\n","protected":false},"excerpt":{"rendered":"<p>Tervetuloa Vantaan Sanomien asiakaspalveluun.T\u00e4\u00e4ll\u00e4 voit hoitaa digitilaukseen liittyv\u00e4t asiat sujuvasti silloin, kun se sinulle parhaiten sopii.<\/p>\n","protected":false},"author":1,"featured_media":0,"parent":0,"menu_order":0,"comment_status":"closed","ping_status":"closed","template":"","meta":{"_acf_changed":false,"footnotes":""},"class_list":["post-2","page","type-page","status-publish","hentry"],"acf":[],"yoast_head":"<!-- This site is optimized with the Yoast SEO plugin v26.2 - https:\/\/yoast.com\/wordpress\/plugins\/seo\/ -->\n<title>Etusivu - Vantaan Sanomat<\/title>\n<meta name=\"robots\" content=\"noindex, follow, max-snippet:-1, max-image-preview:large, max-video-preview:-1\" \/>\n<meta property=\"og:locale\" content=\"fi_FI\" \/>\n<meta property=\"og:type\" content=\"article\" \/>\n<meta property=\"og:title\" content=\"Etusivu\" \/>\n<meta property=\"og:description\" content=\"Tervetuloa Vantaan Sanomien asiakaspalveluun.T\u00e4\u00e4ll\u00e4 voit hoitaa digitilaukseen liittyv\u00e4t asiat sujuvasti silloin, kun se sinulle parhaiten sopii.\" \/>\n<meta property=\"og:url\" content=\"https:\/\/oma.media.fi\/vantaan-sanomat\/\" \/>\n<meta property=\"og:site_name\" content=\"Vantaan Sanomat\" \/>\n<meta property=\"article:modified_time\" content=\"2024-06-18T09:27:47+00:00\" \/>\n<meta name=\"twitter:card\" content=\"summary_large_image\" \/>\n<meta name=\"twitter:label1\" content=\"Arvioitu lukuaika\" \/>\n\t<meta name=\"twitter:data1\" content=\"1 minuutti\" \/>\n<script type=\"application\/ld+json\" class=\"yoast-schema-graph\">{\"@context\":\"https:\/\/schema.org\",\"@graph\":[{\"@type\":\"WebPage\",\"@id\":\"https:\/\/oma.media.fi\/vantaan-sanomat\/\",\"url\":\"https:\/\/oma.media.fi\/vantaan-sanomat\/\",\"name\":\"Etusivu - Vantaan Sanomat\",\"isPartOf\":{\"@id\":\"https:\/\/oma.media.fi\/vantaan-sanomat\/#website\"},\"datePublished\":\"2024-06-18T09:24:55+00:00\",\"dateModified\":\"2024-06-18T09:27:47+00:00\",\"breadcrumb\":{\"@id\":\"https:\/\/oma.media.fi\/vantaan-sanomat\/#breadcrumb\"},\"inLanguage\":\"fi\",\"potentialAction\":[{\"@type\":\"ReadAction\",\"target\":[\"https:\/\/oma.media.fi\/vantaan-sanomat\/\"]}]},{\"@type\":\"BreadcrumbList\",\"@id\":\"https:\/\/oma.media.fi\/vantaan-sanomat\/#breadcrumb\",\"itemListElement\":[{\"@type\":\"ListItem\",\"position\":1,\"name\":\"Etusivu\",\"item\":\"https:\/\/oma.media.fi\/vantaan-sanomat\/\"},{\"@type\":\"ListItem\",\"position\":2,\"name\":\"Etusivu\"}]},{\"@type\":\"WebSite\",\"@id\":\"https:\/\/oma.media.fi\/vantaan-sanomat\/#website\",\"url\":\"https:\/\/oma.media.fi\/vantaan-sanomat\/\",\"name\":\"Vantaan Sanomat\",\"description\":\"\",\"potentialAction\":[{\"@type\":\"SearchAction\",\"target\":{\"@type\":\"EntryPoint\",\"urlTemplate\":\"https:\/\/oma.media.fi\/vantaan-sanomat\/?s={search_term_string}\"},\"query-input\":{\"@type\":\"PropertyValueSpecification\",\"valueRequired\":true,\"valueName\":\"search_term_string\"}}],\"inLanguage\":\"fi\"}]}<\/script>\n<!-- \/ Yoast SEO plugin. -->","yoast_head_json":{"title":"Etusivu - Vantaan Sanomat","robots":{"index":"noindex","follow":"follow","max-snippet":"max-snippet:-1","max-image-preview":"max-image-preview:large","max-video-preview":"max-video-preview:-1"},"og_locale":"fi_FI","og_type":"article","og_title":"Etusivu","og_description":"Tervetuloa Vantaan Sanomien asiakaspalveluun.T\u00e4\u00e4ll\u00e4 voit hoitaa digitilaukseen liittyv\u00e4t asiat sujuvasti silloin, kun se sinulle parhaiten sopii.","og_url":"https:\/\/oma.media.fi\/vantaan-sanomat\/","og_site_name":"Vantaan Sanomat","article_modified_time":"2024-06-18T09:27:47+00:00","twitter_card":"summary_large_image","twitter_misc":{"Arvioitu lukuaika":"1 minuutti"},"schema":{"@context":"https:\/\/schema.org","@graph":[{"@type":"WebPage","@id":"https:\/\/oma.media.fi\/vantaan-sanomat\/","url":"https:\/\/oma.media.fi\/vantaan-sanomat\/","name":"Etusivu - Vantaan Sanomat","isPartOf":{"@id":"https:\/\/oma.media.fi\/vantaan-sanomat\/#website"},"datePublished":"2024-06-18T09:24:55+00:00","dateModified":"2024-06-18T09:27:47+00:00","breadcrumb":{"@id":"https:\/\/oma.media.fi\/vantaan-sanomat\/#breadcrumb"},"inLanguage":"fi","potentialAction":[{"@type":"ReadAction","target":["https:\/\/oma.media.fi\/vantaan-sanomat\/"]}]},{"@type":"BreadcrumbList","@id":"https:\/\/oma.media.fi\/vantaan-sanomat\/#breadcrumb","itemListElement":[{"@type":"ListItem","position":1,"name":"Etusivu","item":"https:\/\/oma.media.fi\/vantaan-sanomat\/"},{"@type":"ListItem","position":2,"name":"Etusivu"}]},{"@type":"WebSite","@id":"https:\/\/oma.media.fi\/vantaan-sanomat\/#website","url":"https:\/\/oma.media.fi\/vantaan-sanomat\/","name":"Vantaan Sanomat","description":"","potentialAction":[{"@type":"SearchAction","target":{"@type":"EntryPoint","urlTemplate":"https:\/\/oma.media.fi\/vantaan-sanomat\/?s={search_term_string}"},"query-input":{"@type":"PropertyValueSpecification","valueRequired":true,"valueName":"search_term_string"}}],"inLanguage":"fi"}]}},"publishpress_future_action":{"enabled":false,"date":"2026-05-22 09:37:22","action":"change-status","newStatus":"draft","terms":[],"taxonomy":"","extraData":[]},"publishpress_future_workflow_manual_trigger":{"enabledWorkflows":[]},"_links":{"self":[{"href":"https:\/\/oma.media.fi\/vantaan-sanomat\/wp-json\/wp\/v2\/pages\/2","targetHints":{"allow":["GET"]}}],"collection":[{"href":"https:\/\/oma.media.fi\/vantaan-sanomat\/wp-json\/wp\/v2\/pages"}],"about":[{"href":"https:\/\/oma.media.fi\/vantaan-sanomat\/wp-json\/wp\/v2\/types\/page"}],"author":[{"embeddable":true,"href":"https:\/\/oma.media.fi\/vantaan-sanomat\/wp-json\/wp\/v2\/users\/1"}],"replies":[{"embeddable":true,"href":"https:\/\/oma.media.fi\/vantaan-sanomat\/wp-json\/wp\/v2\/comments?post=2"}],"version-history":[{"count":3,"href":"https:\/\/oma.media.fi\/vantaan-sanomat\/wp-json\/wp\/v2\/pages\/2\/revisions"}],"predecessor-version":[{"id":6,"href":"https:\/\/oma.media.fi\/vantaan-sanomat\/wp-json\/wp\/v2\/pages\/2\/revisions\/6"}],"wp:attachment":[{"href":"https:\/\/oma.media.fi\/vantaan-sanomat\/wp-json\/wp\/v2\/media?parent=2"}],"curies":[{"name":"wp","href":"https:\/\/api.w.org\/{rel}","templated":true}]}}