{"id":664,"date":"2024-06-19T10:20:24","date_gmt":"2024-06-19T07:20:24","guid":{"rendered":"https:\/\/oma.media.fi\/vantaan-sanomat\/?page_id=664"},"modified":"2026-01-14T15:10:01","modified_gmt":"2026-01-14T13:10:01","slug":"yritystilaus","status":"publish","type":"page","link":"https:\/\/oma.media.fi\/vantaan-sanomat\/yritystilaus\/","title":{"rendered":"Yritystilaus"},"content":{"rendered":"<h2>Yritystilaus<\/h2>\n<p>L\u00e4hde mukaan tukemaan vantaalaisten hyvinvointia ja Vantaan elinvoimaa. Tee yrityksellesi tai yhteis\u00f6llesi Pro Vantaan Sanomat -tilaus tai kysy Elite Vantaan Sanomat -tilausta! Ole kanssamme Vantaan puolella, vantaalaisten hyv\u00e4ksi.<\/p>\n<p><strong>Ota yhteytt\u00e4:<\/strong><\/p>\n<p><strong>Mika Benson<\/strong><br \/>\nKuluttajamyynnin johtaja<br \/>\n040 719 0449, <a href=\"ma&#105;&#108;&#116;&#111;&#x3a;&#x6d;&#x69;&#x6b;&#x61;&#46;b&#101;&#110;&#115;&#111;&#x6e;&#x40;&#x6d;&#x65;&#x64;ia&#46;&#102;&#105;\">&#109;&#x69;&#x6b;a&#46;&#x62;e&#110;&#x73;&#x6f;n&#64;&#x6d;e&#100;&#x69;&#x61;&#46;&#102;&#x69;<\/a><\/p>\n<h4>Tilauksen sis\u00e4lt\u00f6<\/h4>\n<p>Yritysdigi sis\u00e4lt\u00e4\u00e4 verkkopalvelun ja uutissovelluksen ty\u00f6asema- ja mobiilik\u00e4yt\u00f6ss\u00e4. Ty\u00f6ntekij\u00e4 voi k\u00e4ytt\u00e4\u00e4 tilausta miss\u00e4 ja milloin vain. Palvelun k\u00e4ytt\u00e4j\u00e4tunnuksena toimii ty\u00f6ntekij\u00e4n s\u00e4hk\u00f6postiosoite.<\/p>\n<h2>Yritystilauspaketit<\/h2>\n<h3>Pro Vantaan Sanomat <span data-teams=\"true\">778,80<\/span> \u20ac \/ v<\/h3>\n<p>\u2022 Logosi jokaiseen painettuun Vantaan Sanomat \u2013lehteen Pro Vantaan Sanomat -aihesivulle<br \/>\n\u2022 Yrityksen nimi Vantaan Sanomien verkkosivuilla ja sovelluksessa Pro Vantaan Sanomat<br \/>\n-aihesivulla<br \/>\n\u2022 Sis. 10 kpl Vantaa Sanomat Digi \u2013lukuoikeuksia<br \/>\n\u2022 Lis\u00e4lukuoikeudet\u00a06,49 \u20ac\/kk 77,88 \u20ac \/ v\u00a0per lukuoikeus<\/p>\n<h3>Elite Vantaan Sanomat\u00a0<span data-teams=\"true\">7788,00 <\/span>\u20ac\/ v<\/h3>\n<p>\u2022 Saatavilla rajoitetusti!<br \/>\n\u2022 Jatkuva logon\u00e4kyvyys Vantaan Sanomat printiss\u00e4, verkkopalvelussa, sovelluksessa<br \/>\nsek\u00e4 ohjaus tilaajan sivuille<br \/>\n\u2022 Lis\u00e4ksi oma natiiviartikkeli Pro Vantaan Sanomat -osiossa<br \/>\n\u2022 Sis. 100 kpl Vantaa Sanomat Digi \u2013lukuoikeuksia<br \/>\n\u2022 Lis\u00e4lukuoikeudet 77,88 \u20ac \/ v per lukuoikeus<\/p>\n<p>Hintoihin lis\u00e4t\u00e4\u00e4n kulloinkin voimassa oleva arvonlis\u00e4vero<\/p>\n<hr \/>\n<h2>PRO VANTAAN SANOMAT \u2013 tilausmuoto yrityksille ja yhteis\u00f6ille<\/h2>\n<p>Identiteettimme muodostuu erilaisista yhteis\u00f6ist\u00e4, joihin kuulumme. Koti on yhteis\u00f6ist\u00e4 t\u00e4rkein. Ei ole yhdentekev\u00e4\u00e4, miss\u00e4 se sijaitsee. K\u00e4yt\u00e4mmekin paljon aikaa kodin sijainnin valintaan. Yhteen el\u00e4m\u00e4mme t\u00e4rkeimm\u00e4st\u00e4 p\u00e4\u00e4t\u00f6ksest\u00e4 vaikuttavat juuremme, taustamme, l\u00e4heiset ihmiset, palvelut ja l\u00e4hiymp\u00e4rist\u00f6. Kotiseuturakkaus sen sijaan syntyy ajan my\u00f6t\u00e4.<\/p>\n<p>Oman identiteetin muodostuminen on t\u00e4rke\u00e4\u00e4 my\u00f6s kaupungille. Se vaikuttaa nykyasukkaiden mielipiteisiin sek\u00e4 mahdollisten uusien asukkaiden ja yritysten mielikuviin. Siksi kaupunkibr\u00e4ndi\u00e4 halutaan suojella ja rakentaa yh\u00e4 vahvemmaksi.<\/p>\n<p><strong>Paikallismedia on yksi vahvan kaupungin merkki.<\/strong> Ei ole sattumaa, ett\u00e4 New York Times, Washington Post, Turun Sanomat, Aamulehti ja Keskisuomalainen ovat t\u00e4rkeit\u00e4 kotikaupunkiensa ihmisille, yhteis\u00f6ille ja yrityksille.<\/p>\n<p><strong>Paikallislehdill\u00e4 on kokoaan suurempi merkitys: ne lis\u00e4\u00e4v\u00e4t yhteis\u00f6llisyyden ja yhteenkuuluvuuden tunnetta.<\/strong> Vantaan Sanomat on jo vantaalaisten oma media. Kirjaimellisestikin Vantaan puolella. Suomen nelj\u00e4nneksi suurimmassa kaupungissa roolimme on v\u00e4ltt\u00e4m\u00e4t\u00f6n. Olemme mukana kehitt\u00e4m\u00e4ss\u00e4 Vantaan kaupunki-identiteetti\u00e4 \u2013 ja vantaalaisten omana mediana my\u00f6s itse osa sit\u00e4. Jatkossa varmistamme, ett\u00e4 olemme yh\u00e4 tiiviimmin l\u00e4hell\u00e4 kaupunkilaisia ja olennainen osa heid\u00e4n arkeaan ja juhliaan.<\/p>\n<h3>Vantaan Sanomat panostaa Vantaan uutisointiin ennenn\u00e4kem\u00e4tt\u00f6m\u00e4n paljon<\/h3>\n<p>Palkkaamme kolme journalistia lis\u00e4\u00e4 varmistaaksemme, ett\u00e4 meill\u00e4 on aina laajin, syv\u00e4llisin ja ajankohtaisin tieto kaikkeen siihen, mit\u00e4 Vantaalla tapahtuu. Vantaalaiset haluavat tiet\u00e4\u00e4 kotikaupunkinsa tapahtumat luotettavasti ja kattavasti.<\/p>\n<p>Paikallisuutisten tuottaminen on Suomessa pitk\u00e4lti kaupallisen median harteilla. Yle ja HS tuottavat satunnaisesti vantaalaista sis\u00e4lt\u00f6\u00e4, mutta se ei ole n\u00e4iden medioiden fokus. Vantaan Sanomien olemassaolon tarkoitus on luoda hyvinvointia ja elinvoimaa Vantaalle, toimia paikallisen tiedon v\u00e4litt\u00e4j\u00e4n\u00e4 sek\u00e4 varmistaa demokratian toteutuminen. Vantaan Sanomat vaalii ja valvoo Vantaan ja vantaalaisten etuja. Olemme Vantaan puolella.<\/p>\n<p><strong>Hyv\u00e4\u00e4 on vaikea parantaa merkitt\u00e4v\u00e4sti pelk\u00e4st\u00e4\u00e4n mainosrahoitteisesti, koska mediakentt\u00e4 on viime vuosina muuttunut radikaalisti.<\/strong> Yh\u00e4 useampi paikallismainostajistakin valitsee kotimaisen paikallismedian sijaan globaalin toimijan, jota paikallisuus ei yksinkertaisesti kiinnosta.<\/p>\n<p>T\u00e4st\u00e4 johtuen Vantaan Sanomien digituote muuttuu maksulliseksi vuoden 2024 aikana \u2013 viimeist\u00e4\u00e4n tammikuun alussa 2025. Vantaalaisilta ei oteta mit\u00e4\u00e4n pois, mutta pient\u00e4 maksua vastaan he saavat paljon lis\u00e4\u00e4. Entist\u00e4kin runsaampaa, laadukkaampaa ja syv\u00e4llisemp\u00e4\u00e4 Vantaa-sis\u00e4lt\u00f6\u00e4 omalta medialtaan, joka palvelee vantaalaisten intressej\u00e4. Muutoksella pyrimme varmistamaan, ett\u00e4 moni\u00e4\u00e4nisell\u00e4, riippumattomalla paikallismedialla on jatkossakin toimintaedellytykset. Nelj\u00e4nnes vantaansanomat.fi -palvelun sis\u00e4ll\u00f6ist\u00e4 sek\u00e4 Vantaan Sanomien paperilehti ja verkon n\u00e4k\u00f6islehti ovat tuttuun tapaan jatkossakin kaikille avoimia, mutta runsaimpaan, laadukkaimpaan ja syv\u00e4llisimp\u00e4\u00e4n Vantaa-sis\u00e4lt\u00f6\u00f6n p\u00e4\u00e4see jatkossa k\u00e4siksi vain Vantaan Sanomien digitilauksella.<\/p>\n<h3>Varmista avainhenkil\u00f6iden, henkil\u00f6st\u00f6n, opettajien ja oppilaiden side Vantaaseen ja tiet\u00e4mys oman kaupungin asioista<\/h3>\n<p><strong>Emme pysty toimimaan yksin.<\/strong> Emme halua tulevaisuutta, jossa Suomen nelj\u00e4nneksi suurimmassa kaupungissa t\u00e4ytyy lukea naapurin lehte\u00e4. Mukaan muutokseen tarvitsemme paikallisia yrityksi\u00e4, yhteis\u00f6j\u00e4 ja syd\u00e4melt\u00e4\u00e4n vantaalaisia tahoja, jotka haluavat tukea paikallisen, riippumattoman uutismedian toimintaedellytyksi\u00e4. Heit\u00e4, jotka ovat Vantaan puolella kuten Vantaan Sanomat.<\/p>\n<p>Median moni\u00e4\u00e4nisyys on sananvapauden elinehto. L\u00e4hihistoria on karusti osoittanut, mihin sananvapauden rajoittaminen ja riippumattoman median puute voi johtaa. Vaikka Suomessa ei ollakaan samassa tilanteessa kuin esimerkiksi Ven\u00e4j\u00e4ll\u00e4, on vapaaseen sanaan ja median moni\u00e4\u00e4nisyyteen kiinnitett\u00e4v\u00e4 huomioita. N\u00e4m\u00e4 ovat asioita, joita me Suomessa pid\u00e4mme helposti itsest\u00e4\u00e4n selvin\u00e4, mutta jotka ovat yll\u00e4tt\u00e4v\u00e4n hauraita ja herkki\u00e4 murtumaan.<\/p>\n<p><strong>Pro Vantaan Sanomat on tilausmuoto, jonka avulla paikallinen julkishallinto ja vantaalaiset yritykset sek\u00e4 yhteis\u00f6t pystyv\u00e4t osaltaan varmistamaan Vantaan oman median olemassaolon edellytyksi\u00e4.<\/strong> Tilaus ei ole sponsorointia, vaan investointi paikallisen median elinvoimaan \u2013 tilauksen my\u00f6t\u00e4 yhteis\u00f6n k\u00e4ytt\u00f6\u00f6n tulevat lukuoikeudet varmistavat sen, ett\u00e4 yhteisen avainhenkil\u00f6t, henkil\u00f6st\u00f6 ja muut tilaajan haluamat tahot tiet\u00e4v\u00e4t mit\u00e4 Vantaalla tapahtuu ja side Vantaaseen lujittuu.<\/p>\n<p>Paikallinen uutismedia ja sen digipalvelut tukevat my\u00f6s vantaalaisten yritysten elinvoimaa. Vantaan Sanomat tarjoaa aidosti paikallisen, monikanavaisen mediaymp\u00e4rist\u00f6n, jonka parissa vantaalaiset viihtyv\u00e4t ja kuluttavat aikaa. Toimivan media-alustan lis\u00e4ksi Vantaan Sanomat julkaisee t\u00e4rke\u00e4\u00e4 tietoa alueen elinkeinoel\u00e4m\u00e4st\u00e4, yrityksist\u00e4 sek\u00e4 yhteis\u00f6jen toiminnasta journalismin ja mainonnan keinoin.<\/p>\n<p><strong>Pro Vantaan Sanomat -tilaus on yrityksille ja yhteis\u00f6ille paitsi hy\u00f6ty-, niin my\u00f6s yhteiskunta- ett\u00e4 br\u00e4nditeko.<\/strong> Yhteiskuntavastuu on elinehto nykyp\u00e4iv\u00e4n menestyville yhteis\u00f6ille. Arvopohjainen kuluttaminen on yksi kuluttajak\u00e4ytt\u00e4ytymisen megatrendeist\u00e4 niin maailmalla kuin Suomessa \u2013 Vantaa on Suomen portti maailmalle ja kulkee t\u00e4ss\u00e4 etulinjassa.<\/p>\n<p><strong>Tee yrityksellesi tai yhteis\u00f6llesi Pro Vantaan Sanomat -tilaus. Ole kanssamme Vantaan puolella, vantaalaisten hyv\u00e4ksi.<\/strong><\/p>\n<h2>****************************************************************************************<\/h2>\n<h2>T\u00e4m\u00e4n me lupaamme:<\/h2>\n<p><em>Vantaan Sanomia lukemalla olet osa yhteis\u00f6\u00e4si ja kaupungin sykett\u00e4.<\/em><\/p>\n<p><strong>Vantaan Sanomat on Vantaan ja vantaalaisuuden ytimess\u00e4 ja kaupunkilaisten luotettavin tiedonl\u00e4hde.<\/strong> Ohjaamme sinut oleellisen tiedon pariin.<\/p>\n<p><strong>Vantaan Sanomat kertoo, mit\u00e4 Vantaalla tapahtuu ja kuka p\u00e4\u00e4tt\u00e4\u00e4 sinun arkeesi vaikuttavista asioista.<\/strong> Mit\u00e4 naapuriisi rakennetaan ja mik\u00e4 on l\u00e4himets\u00e4si kohtalo? Riitt\u00e4\u00e4k\u00f6 kouluihin ja p\u00e4iv\u00e4koteihin opettajia ja kasvattajia ja kuka huolehtii ik\u00e4\u00e4ntyvist\u00e4 vanhemmistasi?<\/p>\n<p><strong>Vantaan Sanomista saat menovinkit sek\u00e4 parhaat ravintolat, esiintyj\u00e4t ja tapahtumat vantaalaisille.<\/strong> Nostamme esiin kiinnostavimmat ihmiset, koskettavimmat kulttuuriel\u00e4mykset ja syk\u00e4hdytt\u00e4vimm\u00e4t urheilijat.<\/p>\n<p><strong>Vantaan Sanomia lukemalla saat tietoa, jonka avulla voit vaikuttaa omaan arkeesi ja ymp\u00e4rist\u00f6\u00f6si.<\/strong> Huomioidaanko py\u00f6r\u00e4ilij\u00f6it\u00e4 riitt\u00e4v\u00e4sti? L\u00f6ytyyk\u00f6 autoilijoille parkkipaikkoja? Onko ratikalla, bussilla ja junalla kulkeminen sujuvaa?<\/p>\n<p><strong>Vantaan Sanomat puolustaa Vantaata ja vantaalaisia<\/strong> sek\u00e4 valvoo Suomen nelj\u00e4nneksi suurimman kaupungin etuja.<\/p>\n","protected":false},"excerpt":{"rendered":"<p>Yritystilaus L\u00e4hde mukaan tukemaan vantaalaisten hyvinvointia ja Vantaan elinvoimaa. Tee yrityksellesi tai yhteis\u00f6llesi Pro Vantaan Sanomat -tilaus tai kysy Elite Vantaan Sanomat -tilausta! Ole kanssamme Vantaan puolella, vantaalaisten hyv\u00e4ksi. Ota yhteytt\u00e4: Mika Benson Kuluttajamyynnin johtaja 040 719 0449, &#x6d;&#105;k&#x61;&#46;&#98;&#x65;&#x6e;&#115;o&#x6e;&#64;m&#x65;&#x64;&#105;a&#x2e;&#102;i Tilauksen sis\u00e4lt\u00f6 Yritysdigi sis\u00e4lt\u00e4\u00e4 verkkopalvelun ja uutissovelluksen ty\u00f6asema- ja mobiilik\u00e4yt\u00f6ss\u00e4. Ty\u00f6ntekij\u00e4 voi k\u00e4ytt\u00e4\u00e4 tilausta miss\u00e4 ja [&hellip;]<\/p>\n","protected":false},"author":1,"featured_media":0,"parent":0,"menu_order":0,"comment_status":"closed","ping_status":"closed","template":"","meta":{"_acf_changed":false,"footnotes":""},"class_list":["post-664","page","type-page","status-publish","hentry"],"acf":[],"yoast_head":"<!-- This site is optimized with the Yoast SEO plugin v26.2 - https:\/\/yoast.com\/wordpress\/plugins\/seo\/ -->\n<title>Yritystilaus - Vantaan Sanomat<\/title>\n<meta name=\"robots\" content=\"noindex, follow, max-snippet:-1, max-image-preview:large, max-video-preview:-1\" \/>\n<meta property=\"og:locale\" content=\"fi_FI\" \/>\n<meta property=\"og:type\" content=\"article\" \/>\n<meta property=\"og:title\" content=\"Yritystilaus\" \/>\n<meta property=\"og:description\" content=\"Yritystilaus L\u00e4hde mukaan tukemaan vantaalaisten hyvinvointia ja Vantaan elinvoimaa. Tee yrityksellesi tai yhteis\u00f6llesi Pro Vantaan Sanomat -tilaus tai kysy Elite Vantaan Sanomat -tilausta! Ole kanssamme Vantaan puolella, vantaalaisten hyv\u00e4ksi. Ota yhteytt\u00e4: Mika Benson Kuluttajamyynnin johtaja 040 719 0449, &#x6d;&#105;&#x6b;&#x61;&#046;&#x62;&#101;n&#x73;&#111;n&#x40;&#109;&#x65;&#x64;i&#x61;&#046;f&#x69; Tilauksen sis\u00e4lt\u00f6 Yritysdigi sis\u00e4lt\u00e4\u00e4 verkkopalvelun ja uutissovelluksen ty\u00f6asema- ja mobiilik\u00e4yt\u00f6ss\u00e4. Ty\u00f6ntekij\u00e4 voi k\u00e4ytt\u00e4\u00e4 tilausta miss\u00e4 ja [&hellip;]\" \/>\n<meta property=\"og:url\" content=\"https:\/\/oma.media.fi\/vantaan-sanomat\/yritystilaus\/\" \/>\n<meta property=\"og:site_name\" content=\"Vantaan Sanomat\" \/>\n<meta property=\"article:modified_time\" content=\"2026-01-14T13:10:01+00:00\" \/>\n<meta name=\"twitter:card\" content=\"summary_large_image\" \/>\n<meta name=\"twitter:label1\" content=\"Arvioitu lukuaika\" \/>\n\t<meta name=\"twitter:data1\" content=\"6 minuuttia\" \/>\n<script type=\"application\/ld+json\" class=\"yoast-schema-graph\">{\"@context\":\"https:\/\/schema.org\",\"@graph\":[{\"@type\":\"WebPage\",\"@id\":\"https:\/\/oma.media.fi\/vantaan-sanomat\/yritystilaus\/\",\"url\":\"https:\/\/oma.media.fi\/vantaan-sanomat\/yritystilaus\/\",\"name\":\"Yritystilaus - Vantaan Sanomat\",\"isPartOf\":{\"@id\":\"https:\/\/oma.media.fi\/vantaan-sanomat\/#website\"},\"datePublished\":\"2024-06-19T07:20:24+00:00\",\"dateModified\":\"2026-01-14T13:10:01+00:00\",\"breadcrumb\":{\"@id\":\"https:\/\/oma.media.fi\/vantaan-sanomat\/yritystilaus\/#breadcrumb\"},\"inLanguage\":\"fi\",\"potentialAction\":[{\"@type\":\"ReadAction\",\"target\":[\"https:\/\/oma.media.fi\/vantaan-sanomat\/yritystilaus\/\"]}]},{\"@type\":\"BreadcrumbList\",\"@id\":\"https:\/\/oma.media.fi\/vantaan-sanomat\/yritystilaus\/#breadcrumb\",\"itemListElement\":[{\"@type\":\"ListItem\",\"position\":1,\"name\":\"Etusivu\",\"item\":\"https:\/\/oma.media.fi\/vantaan-sanomat\/\"},{\"@type\":\"ListItem\",\"position\":2,\"name\":\"Yritystilaus\"}]},{\"@type\":\"WebSite\",\"@id\":\"https:\/\/oma.media.fi\/vantaan-sanomat\/#website\",\"url\":\"https:\/\/oma.media.fi\/vantaan-sanomat\/\",\"name\":\"Vantaan Sanomat\",\"description\":\"\",\"potentialAction\":[{\"@type\":\"SearchAction\",\"target\":{\"@type\":\"EntryPoint\",\"urlTemplate\":\"https:\/\/oma.media.fi\/vantaan-sanomat\/?s={search_term_string}\"},\"query-input\":{\"@type\":\"PropertyValueSpecification\",\"valueRequired\":true,\"valueName\":\"search_term_string\"}}],\"inLanguage\":\"fi\"}]}<\/script>\n<!-- \/ Yoast SEO plugin. -->","yoast_head_json":{"title":"Yritystilaus - Vantaan Sanomat","robots":{"index":"noindex","follow":"follow","max-snippet":"max-snippet:-1","max-image-preview":"max-image-preview:large","max-video-preview":"max-video-preview:-1"},"og_locale":"fi_FI","og_type":"article","og_title":"Yritystilaus","og_description":"Yritystilaus L\u00e4hde mukaan tukemaan vantaalaisten hyvinvointia ja Vantaan elinvoimaa. Tee yrityksellesi tai yhteis\u00f6llesi Pro Vantaan Sanomat -tilaus tai kysy Elite Vantaan Sanomat -tilausta! Ole kanssamme Vantaan puolella, vantaalaisten hyv\u00e4ksi. Ota yhteytt\u00e4: Mika Benson Kuluttajamyynnin johtaja 040 719 0449, &#x6d;&#105;&#x6b;&#x61;&#46;&#x62;&#101;n&#x73;&#111;n&#x40;&#109;&#x65;&#x64;i&#x61;&#46;f&#x69; Tilauksen sis\u00e4lt\u00f6 Yritysdigi sis\u00e4lt\u00e4\u00e4 verkkopalvelun ja uutissovelluksen ty\u00f6asema- ja mobiilik\u00e4yt\u00f6ss\u00e4. Ty\u00f6ntekij\u00e4 voi k\u00e4ytt\u00e4\u00e4 tilausta miss\u00e4 ja [&hellip;]","og_url":"https:\/\/oma.media.fi\/vantaan-sanomat\/yritystilaus\/","og_site_name":"Vantaan Sanomat","article_modified_time":"2026-01-14T13:10:01+00:00","twitter_card":"summary_large_image","twitter_misc":{"Arvioitu lukuaika":"6 minuuttia"},"schema":{"@context":"https:\/\/schema.org","@graph":[{"@type":"WebPage","@id":"https:\/\/oma.media.fi\/vantaan-sanomat\/yritystilaus\/","url":"https:\/\/oma.media.fi\/vantaan-sanomat\/yritystilaus\/","name":"Yritystilaus - Vantaan Sanomat","isPartOf":{"@id":"https:\/\/oma.media.fi\/vantaan-sanomat\/#website"},"datePublished":"2024-06-19T07:20:24+00:00","dateModified":"2026-01-14T13:10:01+00:00","breadcrumb":{"@id":"https:\/\/oma.media.fi\/vantaan-sanomat\/yritystilaus\/#breadcrumb"},"inLanguage":"fi","potentialAction":[{"@type":"ReadAction","target":["https:\/\/oma.media.fi\/vantaan-sanomat\/yritystilaus\/"]}]},{"@type":"BreadcrumbList","@id":"https:\/\/oma.media.fi\/vantaan-sanomat\/yritystilaus\/#breadcrumb","itemListElement":[{"@type":"ListItem","position":1,"name":"Etusivu","item":"https:\/\/oma.media.fi\/vantaan-sanomat\/"},{"@type":"ListItem","position":2,"name":"Yritystilaus"}]},{"@type":"WebSite","@id":"https:\/\/oma.media.fi\/vantaan-sanomat\/#website","url":"https:\/\/oma.media.fi\/vantaan-sanomat\/","name":"Vantaan Sanomat","description":"","potentialAction":[{"@type":"SearchAction","target":{"@type":"EntryPoint","urlTemplate":"https:\/\/oma.media.fi\/vantaan-sanomat\/?s={search_term_string}"},"query-input":{"@type":"PropertyValueSpecification","valueRequired":true,"valueName":"search_term_string"}}],"inLanguage":"fi"}]}},"publishpress_future_action":{"enabled":false,"date":"2026-05-09 21:09:31","action":"change-status","newStatus":"draft","terms":[],"taxonomy":"","extraData":[]},"publishpress_future_workflow_manual_trigger":{"enabledWorkflows":[]},"_links":{"self":[{"href":"https:\/\/oma.media.fi\/vantaan-sanomat\/wp-json\/wp\/v2\/pages\/664","targetHints":{"allow":["GET"]}}],"collection":[{"href":"https:\/\/oma.media.fi\/vantaan-sanomat\/wp-json\/wp\/v2\/pages"}],"about":[{"href":"https:\/\/oma.media.fi\/vantaan-sanomat\/wp-json\/wp\/v2\/types\/page"}],"author":[{"embeddable":true,"href":"https:\/\/oma.media.fi\/vantaan-sanomat\/wp-json\/wp\/v2\/users\/1"}],"replies":[{"embeddable":true,"href":"https:\/\/oma.media.fi\/vantaan-sanomat\/wp-json\/wp\/v2\/comments?post=664"}],"version-history":[{"count":15,"href":"https:\/\/oma.media.fi\/vantaan-sanomat\/wp-json\/wp\/v2\/pages\/664\/revisions"}],"predecessor-version":[{"id":1426,"href":"https:\/\/oma.media.fi\/vantaan-sanomat\/wp-json\/wp\/v2\/pages\/664\/revisions\/1426"}],"wp:attachment":[{"href":"https:\/\/oma.media.fi\/vantaan-sanomat\/wp-json\/wp\/v2\/media?parent=664"}],"curies":[{"name":"wp","href":"https:\/\/api.w.org\/{rel}","templated":true}]}}