{"id":667,"date":"2024-06-19T10:24:53","date_gmt":"2024-06-19T07:24:53","guid":{"rendered":"https:\/\/oma.media.fi\/vantaan-sanomat\/?page_id=667"},"modified":"2024-08-29T12:25:04","modified_gmt":"2024-08-29T09:25:04","slug":"tietoa-tilauksesta","status":"publish","type":"page","link":"https:\/\/oma.media.fi\/vantaan-sanomat\/tietoa-tilauksesta\/","title":{"rendered":"Tietoa tilauksesta"},"content":{"rendered":"<p><em style=\"font-size: 1.3rem;color: #666\"><strong>Vantaan Sanomat<\/strong> on Vantaan ja vantaalaisuuden ytimess\u00e4 ja kaupunkilaisten runsain, luotettavin, ajankohtaisin ja syv\u00e4llisin tiedonl\u00e4hde. Kerromme, mit\u00e4 Vantaalla tapahtuu ja kuka p\u00e4\u00e4tt\u00e4\u00e4 sinun arkeesi vaikuttavista asioista.<\/em><\/p>\n<hr \/>\n<p>&nbsp;<\/p>\n<h2>Tervetuloa asiakaspalveluun<\/h2>\n<p>Tarjoamme tilauksiin liittyv\u00e4\u00e4 asiakaspalvelua jonottamatta 24\/7 verkossa osoitteessa <a href=\"https:\/\/oma.media.fi\/vantaan-sanomat\/\">Vantaansanomat.fi\/asiakaspalvelu<\/a> \u2013 k\u00e4y tutustumassa!<\/p>\n<h3>Joko sinulla on Mediatunnus?<\/h3>\n<p>Mediatunnus on avain kaikkiin s\u00e4hk\u00f6isiin palveluihimme. Yhdell\u00e4 tunnuksella p\u00e4\u00e4set n\u00e4pp\u00e4r\u00e4sti lukemaan tilaukseesi kuuluvia verkkosis\u00e4lt\u00f6j\u00e4 sek\u00e4 kommentoimaan niit\u00e4. Mediatunnuksella hoidat k\u00e4tev\u00e4sti my\u00f6s tilaukseesi liittyvi\u00e4 muutoksia \u2013 juuri silloin kun se sinulle sopii. <a href=\"https:\/\/oma.media.fi\/vantaan-sanomat\/mediatunnukset\/\">Lue lis\u00e4\u00e4 Mediatunnuksesta ja sen luomisesta.<\/a><\/p>\n<h3>Lis\u00e4tietoja tilauksestasi l\u00f6yd\u00e4t alla olevista linkeist\u00e4<\/h3>\n<div class=\"table--responsive\"><table style=\"height: 167px;width: 100%;border-collapse: collapse\" border=\"0\">\n<tbody>\n<tr style=\"height: 47px\">\n<td style=\"width: 5.69249%;height: 47px\"><em style=\"font-size: 1.3rem;color: #666\"><strong><a href=\"https:\/\/oma.media.fi\/ess\/tilaussisallot\/\"><img loading=\"lazy\" decoding=\"async\" class=\"alignnone size-full wp-image-18491\" src=\"https:\/\/oma.media.fi\/ess\/wp-content\/uploads\/sites\/4\/2022\/01\/icon_tilauksensisalto-1.png\" alt=\"\" width=\"40\" height=\"45\" \/><\/a><\/strong><\/em><\/td>\n<td style=\"width: 94.3075%;height: 47px\"><a href=\"https:\/\/oma.media.fi\/vantaan-sanomat\/tilaussisallot\/\">Tilauksen sis\u00e4lt\u00f6<\/a><\/td>\n<\/tr>\n<tr style=\"height: 24px\">\n<td style=\"width: 5.69249%;height: 24px\"><em style=\"font-size: 1.3rem;color: #666\"><strong><a href=\"https:\/\/oma.media.fi\/ess\/ukk\/\"><img loading=\"lazy\" decoding=\"async\" class=\"alignnone size-large wp-image-18487\" src=\"https:\/\/oma.media.fi\/ess\/wp-content\/uploads\/sites\/4\/2022\/01\/icon_ukk-1.png\" alt=\"\" width=\"40\" height=\"45\" \/><\/a><\/strong><\/em><\/td>\n<td style=\"width: 94.3075%;height: 24px\"><a href=\"https:\/\/oma.media.fi\/vantaan-sanomat\/ukk\/\">Usein kysytyt kysymykset<\/a><\/td>\n<\/tr>\n<tr style=\"height: 24px\">\n<td style=\"width: 5.69249%;height: 24px\"><em style=\"font-size: 1.3rem;color: #666\"><strong><a href=\"https:\/\/oma.media.fi\/tilaushinnat\/\"><img loading=\"lazy\" decoding=\"async\" class=\"alignnone size-large wp-image-18484\" src=\"https:\/\/oma.media.fi\/ess\/wp-content\/uploads\/sites\/4\/2022\/01\/icon_hinnat_laskutus-1.png\" alt=\"\" width=\"40\" height=\"45\" \/><\/a><\/strong><\/em><\/td>\n<td style=\"width: 94.3075%;height: 24px\"><a href=\"https:\/\/oma.media.fi\/vantaan-sanomat\/tilaushinnat\/\">Normaalihinnat<\/a> ja <a href=\"https:\/\/oma.media.fi\/vantaan-sanomat\/tilauslaskutus\/\">tilauslaskutus<\/a><\/td>\n<\/tr>\n<tr style=\"height: 24px\">\n<td style=\"width: 5.69249%;height: 24px\"><em style=\"font-size: 1.3rem;color: #666\"><strong><a href=\"http:\/\/Vantaansanomat.fi\/tilaa\"><img loading=\"lazy\" decoding=\"async\" class=\"alignnone size-large wp-image-18485\" src=\"https:\/\/oma.media.fi\/ess\/wp-content\/uploads\/sites\/4\/2022\/01\/icon_tilaustarjoukset-1.png\" alt=\"\" width=\"40\" height=\"45\" \/><\/a><\/strong><\/em><\/td>\n<td style=\"width: 94.3075%;height: 24px\"><a href=\"https:\/\/Vantaansanomat.fi\/tilaa\">Tilaustarjoukset<\/a><\/td>\n<\/tr>\n<\/tbody>\n<\/table><\/div>\n<p>&nbsp;<\/p>\n","protected":false},"excerpt":{"rendered":"<p>on Vantaan ja vantaalaisuuden ytimess\u00e4 ja kaupunkilaisten runsain, luotettavin, ajankohtaisin ja syv\u00e4llisin tiedonl\u00e4hde. Kerromme, mit\u00e4 Vantaalla tapahtuu ja kuka p\u00e4\u00e4tt\u00e4\u00e4 sinun arkeesi vaikuttavista asioista. &nbsp; Tervetuloa asiakaspalveluun Tarjoamme tilauksiin liittyv\u00e4\u00e4 asiakaspalvelua jonottamatta 24\/7 verkossa osoitteessa \/asiakaspalvelu \u2013 k\u00e4y tutustumassa! Joko sinulla on Mediatunnus? Mediatunnus on avain kaikkiin s\u00e4hk\u00f6isiin palveluihimme. Yhdell\u00e4 tunnuksella p\u00e4\u00e4set n\u00e4pp\u00e4r\u00e4sti lukemaan tilaukseesi [&hellip;]<\/p>\n","protected":false},"author":1,"featured_media":0,"parent":0,"menu_order":0,"comment_status":"closed","ping_status":"closed","template":"","meta":{"_acf_changed":false,"footnotes":""},"class_list":["post-667","page","type-page","status-publish","hentry"],"acf":[],"yoast_head":"<!-- This site is optimized with the Yoast SEO plugin v26.2 - https:\/\/yoast.com\/wordpress\/plugins\/seo\/ -->\n<title>Tietoa tilauksesta - Vantaan Sanomat<\/title>\n<meta name=\"robots\" content=\"noindex, follow, max-snippet:-1, max-image-preview:large, max-video-preview:-1\" \/>\n<meta property=\"og:locale\" content=\"fi_FI\" \/>\n<meta property=\"og:type\" content=\"article\" \/>\n<meta property=\"og:title\" content=\"Tietoa tilauksesta\" \/>\n<meta property=\"og:description\" content=\"on Vantaan ja vantaalaisuuden ytimess\u00e4 ja kaupunkilaisten runsain, luotettavin, ajankohtaisin ja syv\u00e4llisin tiedonl\u00e4hde. Kerromme, mit\u00e4 Vantaalla tapahtuu ja kuka p\u00e4\u00e4tt\u00e4\u00e4 sinun arkeesi vaikuttavista asioista. &nbsp; Tervetuloa asiakaspalveluun Tarjoamme tilauksiin liittyv\u00e4\u00e4 asiakaspalvelua jonottamatta 24\/7 verkossa osoitteessa \/asiakaspalvelu \u2013 k\u00e4y tutustumassa! Joko sinulla on Mediatunnus? Mediatunnus on avain kaikkiin s\u00e4hk\u00f6isiin palveluihimme. Yhdell\u00e4 tunnuksella p\u00e4\u00e4set n\u00e4pp\u00e4r\u00e4sti lukemaan tilaukseesi [&hellip;]\" \/>\n<meta property=\"og:url\" content=\"https:\/\/oma.media.fi\/vantaan-sanomat\/tietoa-tilauksesta\/\" \/>\n<meta property=\"og:site_name\" content=\"Vantaan Sanomat\" \/>\n<meta property=\"article:modified_time\" content=\"2024-08-29T09:25:04+00:00\" \/>\n<meta property=\"og:image\" content=\"https:\/\/oma.media.fi\/ess\/wp-content\/uploads\/sites\/4\/2022\/01\/icon_tilauksensisalto-1.png\" \/>\n<meta name=\"twitter:card\" content=\"summary_large_image\" \/>\n<meta name=\"twitter:label1\" content=\"Arvioitu lukuaika\" \/>\n\t<meta name=\"twitter:data1\" content=\"2 minuuttia\" \/>\n<script type=\"application\/ld+json\" class=\"yoast-schema-graph\">{\"@context\":\"https:\/\/schema.org\",\"@graph\":[{\"@type\":\"WebPage\",\"@id\":\"https:\/\/oma.media.fi\/vantaan-sanomat\/tietoa-tilauksesta\/\",\"url\":\"https:\/\/oma.media.fi\/vantaan-sanomat\/tietoa-tilauksesta\/\",\"name\":\"Tietoa tilauksesta - Vantaan Sanomat\",\"isPartOf\":{\"@id\":\"https:\/\/oma.media.fi\/vantaan-sanomat\/#website\"},\"primaryImageOfPage\":{\"@id\":\"https:\/\/oma.media.fi\/vantaan-sanomat\/tietoa-tilauksesta\/#primaryimage\"},\"image\":{\"@id\":\"https:\/\/oma.media.fi\/vantaan-sanomat\/tietoa-tilauksesta\/#primaryimage\"},\"thumbnailUrl\":\"https:\/\/oma.media.fi\/ess\/wp-content\/uploads\/sites\/4\/2022\/01\/icon_tilauksensisalto-1.png\",\"datePublished\":\"2024-06-19T07:24:53+00:00\",\"dateModified\":\"2024-08-29T09:25:04+00:00\",\"breadcrumb\":{\"@id\":\"https:\/\/oma.media.fi\/vantaan-sanomat\/tietoa-tilauksesta\/#breadcrumb\"},\"inLanguage\":\"fi\",\"potentialAction\":[{\"@type\":\"ReadAction\",\"target\":[\"https:\/\/oma.media.fi\/vantaan-sanomat\/tietoa-tilauksesta\/\"]}]},{\"@type\":\"ImageObject\",\"inLanguage\":\"fi\",\"@id\":\"https:\/\/oma.media.fi\/vantaan-sanomat\/tietoa-tilauksesta\/#primaryimage\",\"url\":\"https:\/\/oma.media.fi\/ess\/wp-content\/uploads\/sites\/4\/2022\/01\/icon_tilauksensisalto-1.png\",\"contentUrl\":\"https:\/\/oma.media.fi\/ess\/wp-content\/uploads\/sites\/4\/2022\/01\/icon_tilauksensisalto-1.png\"},{\"@type\":\"BreadcrumbList\",\"@id\":\"https:\/\/oma.media.fi\/vantaan-sanomat\/tietoa-tilauksesta\/#breadcrumb\",\"itemListElement\":[{\"@type\":\"ListItem\",\"position\":1,\"name\":\"Etusivu\",\"item\":\"https:\/\/oma.media.fi\/vantaan-sanomat\/\"},{\"@type\":\"ListItem\",\"position\":2,\"name\":\"Tietoa tilauksesta\"}]},{\"@type\":\"WebSite\",\"@id\":\"https:\/\/oma.media.fi\/vantaan-sanomat\/#website\",\"url\":\"https:\/\/oma.media.fi\/vantaan-sanomat\/\",\"name\":\"Vantaan Sanomat\",\"description\":\"\",\"potentialAction\":[{\"@type\":\"SearchAction\",\"target\":{\"@type\":\"EntryPoint\",\"urlTemplate\":\"https:\/\/oma.media.fi\/vantaan-sanomat\/?s={search_term_string}\"},\"query-input\":{\"@type\":\"PropertyValueSpecification\",\"valueRequired\":true,\"valueName\":\"search_term_string\"}}],\"inLanguage\":\"fi\"}]}<\/script>\n<!-- \/ Yoast SEO plugin. -->","yoast_head_json":{"title":"Tietoa tilauksesta - Vantaan Sanomat","robots":{"index":"noindex","follow":"follow","max-snippet":"max-snippet:-1","max-image-preview":"max-image-preview:large","max-video-preview":"max-video-preview:-1"},"og_locale":"fi_FI","og_type":"article","og_title":"Tietoa tilauksesta","og_description":"on Vantaan ja vantaalaisuuden ytimess\u00e4 ja kaupunkilaisten runsain, luotettavin, ajankohtaisin ja syv\u00e4llisin tiedonl\u00e4hde. Kerromme, mit\u00e4 Vantaalla tapahtuu ja kuka p\u00e4\u00e4tt\u00e4\u00e4 sinun arkeesi vaikuttavista asioista. &nbsp; Tervetuloa asiakaspalveluun Tarjoamme tilauksiin liittyv\u00e4\u00e4 asiakaspalvelua jonottamatta 24\/7 verkossa osoitteessa \/asiakaspalvelu \u2013 k\u00e4y tutustumassa! Joko sinulla on Mediatunnus? Mediatunnus on avain kaikkiin s\u00e4hk\u00f6isiin palveluihimme. Yhdell\u00e4 tunnuksella p\u00e4\u00e4set n\u00e4pp\u00e4r\u00e4sti lukemaan tilaukseesi [&hellip;]","og_url":"https:\/\/oma.media.fi\/vantaan-sanomat\/tietoa-tilauksesta\/","og_site_name":"Vantaan Sanomat","article_modified_time":"2024-08-29T09:25:04+00:00","og_image":[{"url":"https:\/\/oma.media.fi\/ess\/wp-content\/uploads\/sites\/4\/2022\/01\/icon_tilauksensisalto-1.png","type":"","width":"","height":""}],"twitter_card":"summary_large_image","twitter_misc":{"Arvioitu lukuaika":"2 minuuttia"},"schema":{"@context":"https:\/\/schema.org","@graph":[{"@type":"WebPage","@id":"https:\/\/oma.media.fi\/vantaan-sanomat\/tietoa-tilauksesta\/","url":"https:\/\/oma.media.fi\/vantaan-sanomat\/tietoa-tilauksesta\/","name":"Tietoa tilauksesta - Vantaan Sanomat","isPartOf":{"@id":"https:\/\/oma.media.fi\/vantaan-sanomat\/#website"},"primaryImageOfPage":{"@id":"https:\/\/oma.media.fi\/vantaan-sanomat\/tietoa-tilauksesta\/#primaryimage"},"image":{"@id":"https:\/\/oma.media.fi\/vantaan-sanomat\/tietoa-tilauksesta\/#primaryimage"},"thumbnailUrl":"https:\/\/oma.media.fi\/ess\/wp-content\/uploads\/sites\/4\/2022\/01\/icon_tilauksensisalto-1.png","datePublished":"2024-06-19T07:24:53+00:00","dateModified":"2024-08-29T09:25:04+00:00","breadcrumb":{"@id":"https:\/\/oma.media.fi\/vantaan-sanomat\/tietoa-tilauksesta\/#breadcrumb"},"inLanguage":"fi","potentialAction":[{"@type":"ReadAction","target":["https:\/\/oma.media.fi\/vantaan-sanomat\/tietoa-tilauksesta\/"]}]},{"@type":"ImageObject","inLanguage":"fi","@id":"https:\/\/oma.media.fi\/vantaan-sanomat\/tietoa-tilauksesta\/#primaryimage","url":"https:\/\/oma.media.fi\/ess\/wp-content\/uploads\/sites\/4\/2022\/01\/icon_tilauksensisalto-1.png","contentUrl":"https:\/\/oma.media.fi\/ess\/wp-content\/uploads\/sites\/4\/2022\/01\/icon_tilauksensisalto-1.png"},{"@type":"BreadcrumbList","@id":"https:\/\/oma.media.fi\/vantaan-sanomat\/tietoa-tilauksesta\/#breadcrumb","itemListElement":[{"@type":"ListItem","position":1,"name":"Etusivu","item":"https:\/\/oma.media.fi\/vantaan-sanomat\/"},{"@type":"ListItem","position":2,"name":"Tietoa tilauksesta"}]},{"@type":"WebSite","@id":"https:\/\/oma.media.fi\/vantaan-sanomat\/#website","url":"https:\/\/oma.media.fi\/vantaan-sanomat\/","name":"Vantaan Sanomat","description":"","potentialAction":[{"@type":"SearchAction","target":{"@type":"EntryPoint","urlTemplate":"https:\/\/oma.media.fi\/vantaan-sanomat\/?s={search_term_string}"},"query-input":{"@type":"PropertyValueSpecification","valueRequired":true,"valueName":"search_term_string"}}],"inLanguage":"fi"}]}},"publishpress_future_action":{"enabled":false,"date":"2026-05-09 21:09:32","action":"change-status","newStatus":"draft","terms":[],"taxonomy":"","extraData":[]},"publishpress_future_workflow_manual_trigger":{"enabledWorkflows":[]},"_links":{"self":[{"href":"https:\/\/oma.media.fi\/vantaan-sanomat\/wp-json\/wp\/v2\/pages\/667","targetHints":{"allow":["GET"]}}],"collection":[{"href":"https:\/\/oma.media.fi\/vantaan-sanomat\/wp-json\/wp\/v2\/pages"}],"about":[{"href":"https:\/\/oma.media.fi\/vantaan-sanomat\/wp-json\/wp\/v2\/types\/page"}],"author":[{"embeddable":true,"href":"https:\/\/oma.media.fi\/vantaan-sanomat\/wp-json\/wp\/v2\/users\/1"}],"replies":[{"embeddable":true,"href":"https:\/\/oma.media.fi\/vantaan-sanomat\/wp-json\/wp\/v2\/comments?post=667"}],"version-history":[{"count":6,"href":"https:\/\/oma.media.fi\/vantaan-sanomat\/wp-json\/wp\/v2\/pages\/667\/revisions"}],"predecessor-version":[{"id":708,"href":"https:\/\/oma.media.fi\/vantaan-sanomat\/wp-json\/wp\/v2\/pages\/667\/revisions\/708"}],"wp:attachment":[{"href":"https:\/\/oma.media.fi\/vantaan-sanomat\/wp-json\/wp\/v2\/media?parent=667"}],"curies":[{"name":"wp","href":"https:\/\/api.w.org\/{rel}","templated":true}]}}