{"id":3318,"date":"2019-02-04T08:56:54","date_gmt":"2019-02-04T06:56:54","guid":{"rendered":"https:\/\/oma.media.fi\/warkauden-lehti\/?page_id=3318"},"modified":"2022-10-04T15:22:48","modified_gmt":"2022-10-04T12:22:48","slug":"toimituksen-yhteystiedot","status":"publish","type":"page","link":"https:\/\/oma.media.fi\/warkauden-lehti\/yhteystiedot\/toimituksen-yhteystiedot\/","title":{"rendered":"Toimituksen yhteystiedot"},"content":{"rendered":"<p><a href=\"&#109;a&#x69;l&#x74;&#111;&#x3a;&#116;&#x6f;&#105;m&#x69;t&#x75;&#115;&#x40;&#119;&#x61;&#114;&#x6b;&#97;u&#x64;e&#x6e;&#108;&#x65;&#104;&#x74;&#105;&#46;&#x66;i\">&#116;&#111;&#x69;m&#105;&#x74;&#x75;s&#64;&#x77;&#x61;r&#107;&#x61;&#x75;d&#101;&#x6e;&#x6c;e&#104;&#x74;&#x69;&#46;&#102;&#x69;<\/a><br \/>\nSuorat s\u00e4hk\u00f6postit: etunimi.sukunimi[at]warkaudenlehti.fi<\/p>\n<h3>Sari Ristam\u00e4ki<\/h3>\n<p><a href=\"https:\/\/oma.media.fi\/warkauden-lehti\/wp-content\/uploads\/sites\/29\/2019\/02\/WL_ristamaki.jpg\"><img loading=\"lazy\" decoding=\"async\" class=\"alignnone size-large wp-image-3323\" src=\"https:\/\/oma.media.fi\/warkauden-lehti\/wp-content\/uploads\/sites\/29\/2019\/02\/WL_ristamaki.jpg\" alt=\"\" width=\"180\" height=\"205\" \/><\/a><\/p>\n<p><strong>P\u00e4\u00e4toimittaja<\/strong><\/p>\n<p>Puh: 040 727 51 09<\/p>\n<h3><strong>Ilona Noponen<\/strong><\/h3>\n<p><a href=\"https:\/\/oma.media.fi\/warkauden-lehti\/wp-content\/uploads\/sites\/29\/2019\/02\/WL_Noponen.jpg\"><img loading=\"lazy\" decoding=\"async\" class=\"alignnone size-large wp-image-3322\" src=\"https:\/\/oma.media.fi\/warkauden-lehti\/wp-content\/uploads\/sites\/29\/2019\/02\/WL_Noponen.jpg\" alt=\"\" width=\"180\" height=\"205\" \/><\/a><\/p>\n<p><strong>toimittaja<\/strong><br \/>\nPuh: 040 482 7114<\/p>\n<h3><strong>Aulikki J\u00e4\u00e4skel\u00e4inen<\/strong><\/h3>\n<p><a href=\"https:\/\/oma.media.fi\/warkauden-lehti\/wp-content\/uploads\/sites\/29\/2019\/02\/WL_jaaskelainen.jpg\"><img loading=\"lazy\" decoding=\"async\" class=\"alignnone size-full wp-image-3319\" src=\"https:\/\/oma.media.fi\/warkauden-lehti\/wp-content\/uploads\/sites\/29\/2019\/02\/WL_jaaskelainen.jpg\" alt=\"\" width=\"180\" height=\"205\" \/><\/a><\/p>\n<p><strong>toimittaja<\/strong><br \/>\nPuh: 017 778 3638<\/p>\n<h3>Tiina Laine<\/h3>\n<p><a href=\"https:\/\/oma.media.fi\/warkauden-lehti\/wp-content\/uploads\/sites\/29\/2019\/02\/WL_Laine.jpg\"><img loading=\"lazy\" decoding=\"async\" class=\"alignnone size-large wp-image-3320\" src=\"https:\/\/oma.media.fi\/warkauden-lehti\/wp-content\/uploads\/sites\/29\/2019\/02\/WL_Laine.jpg\" alt=\"\" width=\"180\" height=\"205\" \/><\/a><\/p>\n<p><strong>uutistuottaja<\/strong><br \/>\nPuh: 017 778 3636<\/p>\n<h3><strong>Rauno Yl\u00f6nen<\/strong><\/h3>\n<p><a href=\"https:\/\/oma.media.fi\/warkauden-lehti\/wp-content\/uploads\/sites\/29\/2019\/02\/WL_Ylonen.jpg\"><img loading=\"lazy\" decoding=\"async\" class=\"alignnone size-full wp-image-3329\" src=\"https:\/\/oma.media.fi\/warkauden-lehti\/wp-content\/uploads\/sites\/29\/2019\/02\/WL_Ylonen.jpg\" alt=\"\" width=\"180\" height=\"205\" \/><\/a><\/p>\n<p><strong>urheilutoimittaja<\/strong><br \/>\nPuh: 050 3429 391<\/p>\n<h3><strong>Merja Turunen<\/strong><\/h3>\n<p><a href=\"https:\/\/oma.media.fi\/warkauden-lehti\/wp-content\/uploads\/sites\/29\/2019\/02\/WL_Turunen.jpg\"><img loading=\"lazy\" decoding=\"async\" class=\"alignnone size-large wp-image-3328\" src=\"https:\/\/oma.media.fi\/warkauden-lehti\/wp-content\/uploads\/sites\/29\/2019\/02\/WL_Turunen.jpg\" alt=\"\" width=\"180\" height=\"205\" \/><\/a><\/p>\n<p><strong>toimittaja <\/strong><br \/>\nPuh: 017 778 3635<\/p>\n<h3><strong>Sirpa Yl\u00f6nen<\/strong><\/h3>\n<p><a href=\"https:\/\/oma.media.fi\/warkauden-lehti\/wp-content\/uploads\/sites\/29\/2019\/02\/WL_SYlonen.jpg\"><img loading=\"lazy\" decoding=\"async\" class=\"alignnone size-large wp-image-3326\" src=\"https:\/\/oma.media.fi\/warkauden-lehti\/wp-content\/uploads\/sites\/29\/2019\/02\/WL_SYlonen.jpg\" alt=\"\" width=\"180\" height=\"205\" \/><\/a><\/p>\n<p><strong>toimittaja<\/strong><br \/>\nPuh: 017 778 3641<\/p>\n<h3>P\u00e4ivi Konttinen<\/h3>\n<p><a href=\"https:\/\/oma.media.fi\/warkauden-lehti\/wp-content\/uploads\/sites\/29\/2019\/03\/WL_Konttinen.jpg\"><img loading=\"lazy\" decoding=\"async\" class=\"alignnone size-full wp-image-3513\" src=\"https:\/\/oma.media.fi\/warkauden-lehti\/wp-content\/uploads\/sites\/29\/2019\/03\/WL_Konttinen.jpg\" alt=\"\" width=\"180\" height=\"205\" \/><\/a><\/p>\n<p><strong>toimittaja<\/strong><br \/>\nPuh: 044 406 2062<\/p>\n<h3>Mari Kosonen<\/h3>\n<p><a href=\"https:\/\/oma.media.fi\/warkauden-lehti\/wp-content\/uploads\/sites\/29\/2019\/03\/WL_kosonen.jpg\"><img loading=\"lazy\" decoding=\"async\" class=\"alignnone size-full wp-image-3514\" src=\"https:\/\/oma.media.fi\/warkauden-lehti\/wp-content\/uploads\/sites\/29\/2019\/03\/WL_kosonen.jpg\" alt=\"\" width=\"180\" height=\"205\" \/><\/a><\/p>\n<p><strong>toimittaja<br \/>\n<\/strong>Puh: 0440 350 153<strong><br \/>\n<\/strong><\/p>\n<h3>Eija Kvintus<\/h3>\n<p><a href=\"https:\/\/oma.media.fi\/warkauden-lehti\/wp-content\/uploads\/sites\/29\/2019\/03\/WL_Kvintus.jpg\"><img loading=\"lazy\" decoding=\"async\" class=\"alignnone size-full wp-image-3515\" src=\"https:\/\/oma.media.fi\/warkauden-lehti\/wp-content\/uploads\/sites\/29\/2019\/03\/WL_Kvintus.jpg\" alt=\"\" width=\"180\" height=\"205\" \/><\/a><\/p>\n<p><strong>toimittaja<\/strong> (ty\u00f6skentelee p\u00e4\u00e4osin Hein\u00e4vedell\u00e4)<br \/>\nPuh: 044 406 2017<\/p>\n<p>Muut yhteystiedot<\/p>\n<p><a href=\"https:\/\/oma.media.fi\/warkauden-lehti\/yhteystiedot\/\">Katso Warkauden Lehden kaikki yhteystiedot t\u00e4st\u00e4<\/a><\/p>\n<p>&nbsp;<\/p>\n","protected":false},"excerpt":{"rendered":"<p>&#116;&#x6f;&#x69;&#109;&#x69;&#x74;u&#x73;&#x40;w&#97;&#x72;k&#97;&#x75;d&#101;&#x6e;l&#101;&#x68;t&#105;&#x2e;&#x66;&#105; Suorat s\u00e4hk\u00f6postit: etunimi.sukunimi[at]warkaudenlehti.fi Sari Ristam\u00e4ki P\u00e4\u00e4toimittaja Puh: 040 727 51 09 Ilona Noponen toimittaja Puh: 040 482 7114 Aulikki J\u00e4\u00e4skel\u00e4inen toimittaja Puh: 017 778 3638 Tiina Laine uutistuottaja Puh: 017 778 3636 Rauno Yl\u00f6nen urheilutoimittaja Puh: 050 3429 391 Merja Turunen toimittaja Puh: 017 778 3635 Sirpa Yl\u00f6nen toimittaja Puh: 017 778 3641 P\u00e4ivi [&hellip;]<\/p>\n","protected":false},"author":3,"featured_media":0,"parent":26,"menu_order":0,"comment_status":"closed","ping_status":"closed","template":"","meta":{"_acf_changed":false,"footnotes":""},"class_list":["post-3318","page","type-page","status-publish","hentry"],"acf":[],"yoast_head":"<!-- This site is optimized with the Yoast SEO plugin v26.2 - https:\/\/yoast.com\/wordpress\/plugins\/seo\/ -->\n<title>Toimituksen yhteystiedot - Warkauden Lehti<\/title>\n<meta name=\"robots\" content=\"index, follow, max-snippet:-1, max-image-preview:large, max-video-preview:-1\" \/>\n<link rel=\"canonical\" href=\"https:\/\/oma.media.fi\/warkauden-lehti\/yhteystiedot\/toimituksen-yhteystiedot\/\" \/>\n<meta property=\"og:locale\" content=\"fi_FI\" \/>\n<meta property=\"og:type\" content=\"article\" \/>\n<meta property=\"og:title\" content=\"Toimituksen yhteystiedot\" \/>\n<meta property=\"og:description\" content=\"&#116;o&#x69;m&#x69;t&#x75;s&#x40;w&#x61;r&#x6b;&#097;&#x75;&#100;&#x65;&#110;&#x6c;&#101;&#x68;&#116;&#x69;&#046;&#x66;&#105; Suorat s\u00e4hk\u00f6postit: etunimi.sukunimi[at]warkaudenlehti.fi Sari Ristam\u00e4ki P\u00e4\u00e4toimittaja Puh: 040 727 51 09 Ilona Noponen toimittaja Puh: 040 482 7114 Aulikki J\u00e4\u00e4skel\u00e4inen toimittaja Puh: 017 778 3638 Tiina Laine uutistuottaja Puh: 017 778 3636 Rauno Yl\u00f6nen urheilutoimittaja Puh: 050 3429 391 Merja Turunen toimittaja Puh: 017 778 3635 Sirpa Yl\u00f6nen toimittaja Puh: 017 778 3641 P\u00e4ivi [&hellip;]\" \/>\n<meta property=\"og:url\" content=\"https:\/\/oma.media.fi\/warkauden-lehti\/yhteystiedot\/toimituksen-yhteystiedot\/\" \/>\n<meta property=\"og:site_name\" content=\"Warkauden Lehti\" \/>\n<meta property=\"article:modified_time\" content=\"2022-10-04T12:22:48+00:00\" \/>\n<meta property=\"og:image\" content=\"https:\/\/oma.media.fi\/warkauden-lehti\/wp-content\/uploads\/sites\/29\/2019\/02\/WL_ristamaki.jpg\" \/>\n<meta name=\"twitter:card\" content=\"summary_large_image\" \/>\n<meta name=\"twitter:label1\" content=\"Arvioitu lukuaika\" \/>\n\t<meta name=\"twitter:data1\" content=\"3 minuuttia\" \/>\n<script type=\"application\/ld+json\" class=\"yoast-schema-graph\">{\"@context\":\"https:\/\/schema.org\",\"@graph\":[{\"@type\":\"WebPage\",\"@id\":\"https:\/\/oma.media.fi\/warkauden-lehti\/yhteystiedot\/toimituksen-yhteystiedot\/\",\"url\":\"https:\/\/oma.media.fi\/warkauden-lehti\/yhteystiedot\/toimituksen-yhteystiedot\/\",\"name\":\"Toimituksen yhteystiedot - Warkauden Lehti\",\"isPartOf\":{\"@id\":\"https:\/\/oma.media.fi\/warkauden-lehti\/#website\"},\"primaryImageOfPage\":{\"@id\":\"https:\/\/oma.media.fi\/warkauden-lehti\/yhteystiedot\/toimituksen-yhteystiedot\/#primaryimage\"},\"image\":{\"@id\":\"https:\/\/oma.media.fi\/warkauden-lehti\/yhteystiedot\/toimituksen-yhteystiedot\/#primaryimage\"},\"thumbnailUrl\":\"https:\/\/oma.media.fi\/warkauden-lehti\/wp-content\/uploads\/sites\/29\/2019\/02\/WL_ristamaki.jpg\",\"datePublished\":\"2019-02-04T06:56:54+00:00\",\"dateModified\":\"2022-10-04T12:22:48+00:00\",\"breadcrumb\":{\"@id\":\"https:\/\/oma.media.fi\/warkauden-lehti\/yhteystiedot\/toimituksen-yhteystiedot\/#breadcrumb\"},\"inLanguage\":\"fi\",\"potentialAction\":[{\"@type\":\"ReadAction\",\"target\":[\"https:\/\/oma.media.fi\/warkauden-lehti\/yhteystiedot\/toimituksen-yhteystiedot\/\"]}]},{\"@type\":\"ImageObject\",\"inLanguage\":\"fi\",\"@id\":\"https:\/\/oma.media.fi\/warkauden-lehti\/yhteystiedot\/toimituksen-yhteystiedot\/#primaryimage\",\"url\":\"https:\/\/oma.media.fi\/warkauden-lehti\/wp-content\/uploads\/sites\/29\/2019\/02\/WL_ristamaki.jpg\",\"contentUrl\":\"https:\/\/oma.media.fi\/warkauden-lehti\/wp-content\/uploads\/sites\/29\/2019\/02\/WL_ristamaki.jpg\",\"width\":180,\"height\":205},{\"@type\":\"BreadcrumbList\",\"@id\":\"https:\/\/oma.media.fi\/warkauden-lehti\/yhteystiedot\/toimituksen-yhteystiedot\/#breadcrumb\",\"itemListElement\":[{\"@type\":\"ListItem\",\"position\":1,\"name\":\"Etusivu\",\"item\":\"https:\/\/oma.media.fi\/warkauden-lehti\/\"},{\"@type\":\"ListItem\",\"position\":2,\"name\":\"Yhteystiedot\",\"item\":\"https:\/\/oma.media.fi\/warkauden-lehti\/yhteystiedot\/\"},{\"@type\":\"ListItem\",\"position\":3,\"name\":\"Toimituksen yhteystiedot\"}]},{\"@type\":\"WebSite\",\"@id\":\"https:\/\/oma.media.fi\/warkauden-lehti\/#website\",\"url\":\"https:\/\/oma.media.fi\/warkauden-lehti\/\",\"name\":\"Warkauden Lehti\",\"description\":\"\",\"potentialAction\":[{\"@type\":\"SearchAction\",\"target\":{\"@type\":\"EntryPoint\",\"urlTemplate\":\"https:\/\/oma.media.fi\/warkauden-lehti\/?s={search_term_string}\"},\"query-input\":{\"@type\":\"PropertyValueSpecification\",\"valueRequired\":true,\"valueName\":\"search_term_string\"}}],\"inLanguage\":\"fi\"}]}<\/script>\n<!-- \/ Yoast SEO plugin. -->","yoast_head_json":{"title":"Toimituksen yhteystiedot - Warkauden Lehti","robots":{"index":"index","follow":"follow","max-snippet":"max-snippet:-1","max-image-preview":"max-image-preview:large","max-video-preview":"max-video-preview:-1"},"canonical":"https:\/\/oma.media.fi\/warkauden-lehti\/yhteystiedot\/toimituksen-yhteystiedot\/","og_locale":"fi_FI","og_type":"article","og_title":"Toimituksen yhteystiedot","og_description":"&#116;o&#x69;m&#x69;t&#x75;s&#x40;w&#x61;r&#x6b;&#97;&#x75;&#100;&#x65;&#110;&#x6c;&#101;&#x68;&#116;&#x69;&#46;&#x66;&#105; Suorat s\u00e4hk\u00f6postit: etunimi.sukunimi[at]warkaudenlehti.fi Sari Ristam\u00e4ki P\u00e4\u00e4toimittaja Puh: 040 727 51 09 Ilona Noponen toimittaja Puh: 040 482 7114 Aulikki J\u00e4\u00e4skel\u00e4inen toimittaja Puh: 017 778 3638 Tiina Laine uutistuottaja Puh: 017 778 3636 Rauno Yl\u00f6nen urheilutoimittaja Puh: 050 3429 391 Merja Turunen toimittaja Puh: 017 778 3635 Sirpa Yl\u00f6nen toimittaja Puh: 017 778 3641 P\u00e4ivi [&hellip;]","og_url":"https:\/\/oma.media.fi\/warkauden-lehti\/yhteystiedot\/toimituksen-yhteystiedot\/","og_site_name":"Warkauden Lehti","article_modified_time":"2022-10-04T12:22:48+00:00","og_image":[{"url":"https:\/\/oma.media.fi\/warkauden-lehti\/wp-content\/uploads\/sites\/29\/2019\/02\/WL_ristamaki.jpg","type":"","width":"","height":""}],"twitter_card":"summary_large_image","twitter_misc":{"Arvioitu lukuaika":"3 minuuttia"},"schema":{"@context":"https:\/\/schema.org","@graph":[{"@type":"WebPage","@id":"https:\/\/oma.media.fi\/warkauden-lehti\/yhteystiedot\/toimituksen-yhteystiedot\/","url":"https:\/\/oma.media.fi\/warkauden-lehti\/yhteystiedot\/toimituksen-yhteystiedot\/","name":"Toimituksen yhteystiedot - Warkauden Lehti","isPartOf":{"@id":"https:\/\/oma.media.fi\/warkauden-lehti\/#website"},"primaryImageOfPage":{"@id":"https:\/\/oma.media.fi\/warkauden-lehti\/yhteystiedot\/toimituksen-yhteystiedot\/#primaryimage"},"image":{"@id":"https:\/\/oma.media.fi\/warkauden-lehti\/yhteystiedot\/toimituksen-yhteystiedot\/#primaryimage"},"thumbnailUrl":"https:\/\/oma.media.fi\/warkauden-lehti\/wp-content\/uploads\/sites\/29\/2019\/02\/WL_ristamaki.jpg","datePublished":"2019-02-04T06:56:54+00:00","dateModified":"2022-10-04T12:22:48+00:00","breadcrumb":{"@id":"https:\/\/oma.media.fi\/warkauden-lehti\/yhteystiedot\/toimituksen-yhteystiedot\/#breadcrumb"},"inLanguage":"fi","potentialAction":[{"@type":"ReadAction","target":["https:\/\/oma.media.fi\/warkauden-lehti\/yhteystiedot\/toimituksen-yhteystiedot\/"]}]},{"@type":"ImageObject","inLanguage":"fi","@id":"https:\/\/oma.media.fi\/warkauden-lehti\/yhteystiedot\/toimituksen-yhteystiedot\/#primaryimage","url":"https:\/\/oma.media.fi\/warkauden-lehti\/wp-content\/uploads\/sites\/29\/2019\/02\/WL_ristamaki.jpg","contentUrl":"https:\/\/oma.media.fi\/warkauden-lehti\/wp-content\/uploads\/sites\/29\/2019\/02\/WL_ristamaki.jpg","width":180,"height":205},{"@type":"BreadcrumbList","@id":"https:\/\/oma.media.fi\/warkauden-lehti\/yhteystiedot\/toimituksen-yhteystiedot\/#breadcrumb","itemListElement":[{"@type":"ListItem","position":1,"name":"Etusivu","item":"https:\/\/oma.media.fi\/warkauden-lehti\/"},{"@type":"ListItem","position":2,"name":"Yhteystiedot","item":"https:\/\/oma.media.fi\/warkauden-lehti\/yhteystiedot\/"},{"@type":"ListItem","position":3,"name":"Toimituksen yhteystiedot"}]},{"@type":"WebSite","@id":"https:\/\/oma.media.fi\/warkauden-lehti\/#website","url":"https:\/\/oma.media.fi\/warkauden-lehti\/","name":"Warkauden Lehti","description":"","potentialAction":[{"@type":"SearchAction","target":{"@type":"EntryPoint","urlTemplate":"https:\/\/oma.media.fi\/warkauden-lehti\/?s={search_term_string}"},"query-input":{"@type":"PropertyValueSpecification","valueRequired":true,"valueName":"search_term_string"}}],"inLanguage":"fi"}]}},"publishpress_future_action":{"enabled":false,"date":"2026-05-11 04:13:59","action":"change-status","newStatus":"draft","terms":[],"taxonomy":"","extraData":[]},"publishpress_future_workflow_manual_trigger":{"enabledWorkflows":[]},"_links":{"self":[{"href":"https:\/\/oma.media.fi\/warkauden-lehti\/wp-json\/wp\/v2\/pages\/3318","targetHints":{"allow":["GET"]}}],"collection":[{"href":"https:\/\/oma.media.fi\/warkauden-lehti\/wp-json\/wp\/v2\/pages"}],"about":[{"href":"https:\/\/oma.media.fi\/warkauden-lehti\/wp-json\/wp\/v2\/types\/page"}],"author":[{"embeddable":true,"href":"https:\/\/oma.media.fi\/warkauden-lehti\/wp-json\/wp\/v2\/users\/3"}],"replies":[{"embeddable":true,"href":"https:\/\/oma.media.fi\/warkauden-lehti\/wp-json\/wp\/v2\/comments?post=3318"}],"version-history":[{"count":12,"href":"https:\/\/oma.media.fi\/warkauden-lehti\/wp-json\/wp\/v2\/pages\/3318\/revisions"}],"predecessor-version":[{"id":13606,"href":"https:\/\/oma.media.fi\/warkauden-lehti\/wp-json\/wp\/v2\/pages\/3318\/revisions\/13606"}],"up":[{"embeddable":true,"href":"https:\/\/oma.media.fi\/warkauden-lehti\/wp-json\/wp\/v2\/pages\/26"}],"wp:attachment":[{"href":"https:\/\/oma.media.fi\/warkauden-lehti\/wp-json\/wp\/v2\/media?parent=3318"}],"curies":[{"name":"wp","href":"https:\/\/api.w.org\/{rel}","templated":true}]}}