{"id":510,"date":"2018-11-19T14:06:34","date_gmt":"2018-11-19T12:06:34","guid":{"rendered":"https:\/\/oma.media.fi\/warkauden-lehti\/ilmestymispaivat\/"},"modified":"2026-04-29T09:29:17","modified_gmt":"2026-04-29T06:29:17","slug":"ilmestymispaivat","status":"publish","type":"page","link":"https:\/\/oma.media.fi\/warkauden-lehti\/ilmestymispaivat\/","title":{"rendered":"Ilmestymisp\u00e4iv\u00e4t"},"content":{"rendered":"<p><strong>ILMESTYMINEN\u00a0<\/strong><\/p>\n<p>Varkaus, Joroinen, Lepp\u00e4virta, Hein\u00e4vesi, Pieks\u00e4m\u00e4ki, Rantasalmi<\/p>\n<p><strong>Warkauden Lehti ilmestyy painettuna lehten\u00e4 kolmena p\u00e4iv\u00e4n\u00e4 viikossa: tiistaisin, torstaisin ja lauantaisin.<\/strong> Juhlapyhien aikana voi olla poikkeuksellisia julkaisup\u00e4ivi\u00e4 painetun lehden osalta. Painetun lehden n\u00e4k\u00f6islehti on luettavissa verkossa lehden ilmestymisp\u00e4ivin\u00e4 ja j\u00e4lkik\u00e4teen arkistosta.<\/p>\n<p>Verkkopalvelu ja mobiilisovellus p\u00e4ivittyv\u00e4t tuoreilla uutisilla kaikkina p\u00e4ivin\u00e4.<\/p>\n<hr \/>\n<p><strong>Painettu lehti ei ilmesty vuonna 2026:<\/strong><\/p>\n<p>to 1.1. Uudenvuodenp\u00e4iv\u00e4<br \/>\nti 6.1. Loppiainen<br \/>\nla 4.4. Lankalauantai<br \/>\nla 2.5. Vapun j\u00e4lkeinen p\u00e4iv\u00e4<br \/>\nto 14.5. Helatorstai<br \/>\nla 20.6. Juhannusp\u00e4iv\u00e4<br \/>\nla 31.10. Pyh\u00e4inp\u00e4iv\u00e4<br \/>\nto 24.12. Jouluaatto<br \/>\nla 26.12. Tapaninp\u00e4iv\u00e4<\/p>\n<p>Muutokset mahdollisia<strong>.<\/strong><\/p>\n<p><span data-ccp-props=\"{&quot;134233117&quot;:false,&quot;134233118&quot;:false,&quot;335551550&quot;:0,&quot;335551620&quot;:0,&quot;335557856&quot;:16777215,&quot;335559738&quot;:0,&quot;335559739&quot;:360}\">\u00a0<\/span><\/p>\n","protected":false},"excerpt":{"rendered":"<p>ILMESTYMINEN\u00a0 Varkaus, Joroinen, Lepp\u00e4virta, Hein\u00e4vesi, Pieks\u00e4m\u00e4ki, Rantasalmi Warkauden Lehti ilmestyy painettuna lehten\u00e4 kolmena p\u00e4iv\u00e4n\u00e4 viikossa: tiistaisin, torstaisin ja lauantaisin. Juhlapyhien aikana voi olla poikkeuksellisia julkaisup\u00e4ivi\u00e4 painetun lehden osalta. Painetun lehden n\u00e4k\u00f6islehti on luettavissa verkossa lehden ilmestymisp\u00e4ivin\u00e4 ja j\u00e4lkik\u00e4teen arkistosta. Verkkopalvelu ja mobiilisovellus p\u00e4ivittyv\u00e4t tuoreilla uutisilla kaikkina p\u00e4ivin\u00e4. Painettu lehti ei ilmesty vuonna 2026: to 1.1. [&hellip;]<\/p>\n","protected":false},"author":1,"featured_media":0,"parent":0,"menu_order":0,"comment_status":"closed","ping_status":"closed","template":"","meta":{"_acf_changed":false,"footnotes":""},"class_list":["post-510","page","type-page","status-publish","hentry"],"acf":[],"yoast_head":"<!-- This site is optimized with the Yoast SEO plugin v26.2 - https:\/\/yoast.com\/wordpress\/plugins\/seo\/ -->\n<title>Ilmestymisp\u00e4iv\u00e4t - Warkauden Lehti<\/title>\n<meta name=\"description\" content=\"Warkauden Lehden ilmestym\u00e4tt\u00f6m\u00e4t p\u00e4iv\u00e4t 2020, mutta toimitus tuottaa paikallisia ja ajankohtaisia uutisia joka p\u00e4iv\u00e4 warkaudenlehti.fi\" \/>\n<meta name=\"robots\" content=\"index, follow, max-snippet:-1, max-image-preview:large, max-video-preview:-1\" \/>\n<link rel=\"canonical\" href=\"https:\/\/oma.media.fi\/warkauden-lehti\/ilmestymispaivat\/\" \/>\n<meta property=\"og:locale\" content=\"fi_FI\" \/>\n<meta property=\"og:type\" content=\"article\" \/>\n<meta property=\"og:title\" content=\"Ilmestymisp\u00e4iv\u00e4t\" \/>\n<meta property=\"og:description\" content=\"Warkauden Lehden ilmestym\u00e4tt\u00f6m\u00e4t p\u00e4iv\u00e4t 2020, mutta toimitus tuottaa paikallisia ja ajankohtaisia uutisia joka p\u00e4iv\u00e4 warkaudenlehti.fi\" \/>\n<meta property=\"og:url\" content=\"https:\/\/oma.media.fi\/warkauden-lehti\/ilmestymispaivat\/\" \/>\n<meta property=\"og:site_name\" content=\"Warkauden Lehti\" \/>\n<meta property=\"article:modified_time\" content=\"2026-04-29T06:29:17+00:00\" \/>\n<meta name=\"twitter:card\" content=\"summary_large_image\" \/>\n<meta name=\"twitter:label1\" content=\"Arvioitu lukuaika\" \/>\n\t<meta name=\"twitter:data1\" content=\"1 minuutti\" \/>\n<script type=\"application\/ld+json\" class=\"yoast-schema-graph\">{\"@context\":\"https:\/\/schema.org\",\"@graph\":[{\"@type\":\"WebPage\",\"@id\":\"https:\/\/oma.media.fi\/warkauden-lehti\/ilmestymispaivat\/\",\"url\":\"https:\/\/oma.media.fi\/warkauden-lehti\/ilmestymispaivat\/\",\"name\":\"Ilmestymisp\u00e4iv\u00e4t - Warkauden Lehti\",\"isPartOf\":{\"@id\":\"https:\/\/oma.media.fi\/warkauden-lehti\/#website\"},\"datePublished\":\"2018-11-19T12:06:34+00:00\",\"dateModified\":\"2026-04-29T06:29:17+00:00\",\"description\":\"Warkauden Lehden ilmestym\u00e4tt\u00f6m\u00e4t p\u00e4iv\u00e4t 2020, mutta toimitus tuottaa paikallisia ja ajankohtaisia uutisia joka p\u00e4iv\u00e4 warkaudenlehti.fi\",\"breadcrumb\":{\"@id\":\"https:\/\/oma.media.fi\/warkauden-lehti\/ilmestymispaivat\/#breadcrumb\"},\"inLanguage\":\"fi\",\"potentialAction\":[{\"@type\":\"ReadAction\",\"target\":[\"https:\/\/oma.media.fi\/warkauden-lehti\/ilmestymispaivat\/\"]}]},{\"@type\":\"BreadcrumbList\",\"@id\":\"https:\/\/oma.media.fi\/warkauden-lehti\/ilmestymispaivat\/#breadcrumb\",\"itemListElement\":[{\"@type\":\"ListItem\",\"position\":1,\"name\":\"Etusivu\",\"item\":\"https:\/\/oma.media.fi\/warkauden-lehti\/\"},{\"@type\":\"ListItem\",\"position\":2,\"name\":\"Ilmestymisp\u00e4iv\u00e4t\"}]},{\"@type\":\"WebSite\",\"@id\":\"https:\/\/oma.media.fi\/warkauden-lehti\/#website\",\"url\":\"https:\/\/oma.media.fi\/warkauden-lehti\/\",\"name\":\"Warkauden Lehti\",\"description\":\"\",\"potentialAction\":[{\"@type\":\"SearchAction\",\"target\":{\"@type\":\"EntryPoint\",\"urlTemplate\":\"https:\/\/oma.media.fi\/warkauden-lehti\/?s={search_term_string}\"},\"query-input\":{\"@type\":\"PropertyValueSpecification\",\"valueRequired\":true,\"valueName\":\"search_term_string\"}}],\"inLanguage\":\"fi\"}]}<\/script>\n<!-- \/ Yoast SEO plugin. -->","yoast_head_json":{"title":"Ilmestymisp\u00e4iv\u00e4t - Warkauden Lehti","description":"Warkauden Lehden ilmestym\u00e4tt\u00f6m\u00e4t p\u00e4iv\u00e4t 2020, mutta toimitus tuottaa paikallisia ja ajankohtaisia uutisia joka p\u00e4iv\u00e4 warkaudenlehti.fi","robots":{"index":"index","follow":"follow","max-snippet":"max-snippet:-1","max-image-preview":"max-image-preview:large","max-video-preview":"max-video-preview:-1"},"canonical":"https:\/\/oma.media.fi\/warkauden-lehti\/ilmestymispaivat\/","og_locale":"fi_FI","og_type":"article","og_title":"Ilmestymisp\u00e4iv\u00e4t","og_description":"Warkauden Lehden ilmestym\u00e4tt\u00f6m\u00e4t p\u00e4iv\u00e4t 2020, mutta toimitus tuottaa paikallisia ja ajankohtaisia uutisia joka p\u00e4iv\u00e4 warkaudenlehti.fi","og_url":"https:\/\/oma.media.fi\/warkauden-lehti\/ilmestymispaivat\/","og_site_name":"Warkauden Lehti","article_modified_time":"2026-04-29T06:29:17+00:00","twitter_card":"summary_large_image","twitter_misc":{"Arvioitu lukuaika":"1 minuutti"},"schema":{"@context":"https:\/\/schema.org","@graph":[{"@type":"WebPage","@id":"https:\/\/oma.media.fi\/warkauden-lehti\/ilmestymispaivat\/","url":"https:\/\/oma.media.fi\/warkauden-lehti\/ilmestymispaivat\/","name":"Ilmestymisp\u00e4iv\u00e4t - Warkauden Lehti","isPartOf":{"@id":"https:\/\/oma.media.fi\/warkauden-lehti\/#website"},"datePublished":"2018-11-19T12:06:34+00:00","dateModified":"2026-04-29T06:29:17+00:00","description":"Warkauden Lehden ilmestym\u00e4tt\u00f6m\u00e4t p\u00e4iv\u00e4t 2020, mutta toimitus tuottaa paikallisia ja ajankohtaisia uutisia joka p\u00e4iv\u00e4 warkaudenlehti.fi","breadcrumb":{"@id":"https:\/\/oma.media.fi\/warkauden-lehti\/ilmestymispaivat\/#breadcrumb"},"inLanguage":"fi","potentialAction":[{"@type":"ReadAction","target":["https:\/\/oma.media.fi\/warkauden-lehti\/ilmestymispaivat\/"]}]},{"@type":"BreadcrumbList","@id":"https:\/\/oma.media.fi\/warkauden-lehti\/ilmestymispaivat\/#breadcrumb","itemListElement":[{"@type":"ListItem","position":1,"name":"Etusivu","item":"https:\/\/oma.media.fi\/warkauden-lehti\/"},{"@type":"ListItem","position":2,"name":"Ilmestymisp\u00e4iv\u00e4t"}]},{"@type":"WebSite","@id":"https:\/\/oma.media.fi\/warkauden-lehti\/#website","url":"https:\/\/oma.media.fi\/warkauden-lehti\/","name":"Warkauden Lehti","description":"","potentialAction":[{"@type":"SearchAction","target":{"@type":"EntryPoint","urlTemplate":"https:\/\/oma.media.fi\/warkauden-lehti\/?s={search_term_string}"},"query-input":{"@type":"PropertyValueSpecification","valueRequired":true,"valueName":"search_term_string"}}],"inLanguage":"fi"}]}},"publishpress_future_action":{"enabled":false,"date":"2026-05-09 13:13:08","action":"change-status","newStatus":"draft","terms":[],"taxonomy":"","extraData":[]},"publishpress_future_workflow_manual_trigger":{"enabledWorkflows":[]},"_links":{"self":[{"href":"https:\/\/oma.media.fi\/warkauden-lehti\/wp-json\/wp\/v2\/pages\/510","targetHints":{"allow":["GET"]}}],"collection":[{"href":"https:\/\/oma.media.fi\/warkauden-lehti\/wp-json\/wp\/v2\/pages"}],"about":[{"href":"https:\/\/oma.media.fi\/warkauden-lehti\/wp-json\/wp\/v2\/types\/page"}],"author":[{"embeddable":true,"href":"https:\/\/oma.media.fi\/warkauden-lehti\/wp-json\/wp\/v2\/users\/1"}],"replies":[{"embeddable":true,"href":"https:\/\/oma.media.fi\/warkauden-lehti\/wp-json\/wp\/v2\/comments?post=510"}],"version-history":[{"count":42,"href":"https:\/\/oma.media.fi\/warkauden-lehti\/wp-json\/wp\/v2\/pages\/510\/revisions"}],"predecessor-version":[{"id":15530,"href":"https:\/\/oma.media.fi\/warkauden-lehti\/wp-json\/wp\/v2\/pages\/510\/revisions\/15530"}],"wp:attachment":[{"href":"https:\/\/oma.media.fi\/warkauden-lehti\/wp-json\/wp\/v2\/media?parent=510"}],"curies":[{"name":"wp","href":"https:\/\/api.w.org\/{rel}","templated":true}]}}

Ilmestymispäivät

<p><strong>ILMESTYMINEN </strong></p>
<p>Varkaus, Joroinen, Leppävirta, Heinävesi, Pieksämäki, Rantasalmi</p>
<p><strong>Warkauden Lehti ilmestyy painettuna lehtenä kolmena päivänä viikossa: tiistaisin, torstaisin ja lauantaisin.</strong> Juhlapyhien aikana voi olla poikkeuksellisia julkaisupäiviä painetun lehden osalta. Painetun lehden näköislehti on luettavissa verkossa lehden ilmestymispäivinä ja jälkikäteen arkistosta.</p>
<p>Verkkopalvelu ja mobiilisovellus päivittyvät tuoreilla uutisilla kaikkina päivinä.</p>
<hr />
<p><strong>Painettu lehti ei ilmesty vuonna 2026:</strong></p>
<p>to 1.1. Uudenvuodenpäivä<br />
ti 6.1. Loppiainen<br />
la 4.4. Lankalauantai<br />
la 2.5. Vapun jälkeinen päivä<br />
to 14.5. Helatorstai<br />
la 20.6. Juhannuspäivä<br />
la 31.10. Pyhäinpäivä<br />
to 24.12. Jouluaatto<br />
la 26.12. Tapaninpäivä</p>
<p>Muutokset mahdollisia<strong>.</strong></p>
<p><span data-ccp-props="{&quot;134233117&quot;:false,&quot;134233118&quot;:false,&quot;335551550&quot;:0,&quot;335551620&quot;:0,&quot;335557856&quot;:16777215,&quot;335559738&quot;:0,&quot;335559739&quot;:360}"> </span></p>

<p>ILMESTYMINEN  Varkaus, Joroinen, Leppävirta, Heinävesi, Pieksämäki, Rantasalmi Warkauden Lehti ilmestyy painettuna lehtenä kolmena päivänä viikossa: tiistaisin, torstaisin ja lauantaisin. Juhlapyhien aikana voi olla poikkeuksellisia julkaisupäiviä painetun lehden osalta. Painetun lehden näköislehti on luettavissa verkossa lehden ilmestymispäivinä ja jälkikäteen arkistosta. Verkkopalvelu ja mobiilisovellus päivittyvät tuoreilla uutisilla kaikkina päivinä. Painettu lehti ei ilmesty vuonna 2026: to 1.1. [&hellip;]</p>

<!-- This site is optimized with the Yoast SEO plugin v26.2 - https://yoast.com/wordpress/plugins/seo/ -->
<title>Ilmestymispäivät - Warkauden Lehti</title>
<meta name="description" content="Warkauden Lehden ilmestymättömät päivät 2020, mutta toimitus tuottaa paikallisia ja ajankohtaisia uutisia joka päivä warkaudenlehti.fi" />
<meta name="robots" content="index, follow, max-snippet:-1, max-image-preview:large, max-video-preview:-1" />
<link rel="canonical" href="https://oma.media.fi/warkauden-lehti/ilmestymispaivat/" />
<meta property="og:locale" content="fi_FI" />
<meta property="og:type" content="article" />
<meta property="og:title" content="Ilmestymispäivät" />
<meta property="og:description" content="Warkauden Lehden ilmestymättömät päivät 2020, mutta toimitus tuottaa paikallisia ja ajankohtaisia uutisia joka päivä warkaudenlehti.fi" />
<meta property="og:url" content="https://oma.media.fi/warkauden-lehti/ilmestymispaivat/" />
<meta property="og:site_name" content="Warkauden Lehti" />
<meta property="article:modified_time" content="2026-04-29T06:29:17+00:00" />
<meta name="twitter:card" content="summary_large_image" />
<meta name="twitter:label1" content="Arvioitu lukuaika" />
	<meta name="twitter:data1" content="1 minuutti" />
<script type="application/ld+json" class="yoast-schema-graph">{"@context":"https://schema.org","@graph":[{"@type":"WebPage","@id":"https://oma.media.fi/warkauden-lehti/ilmestymispaivat/","url":"https://oma.media.fi/warkauden-lehti/ilmestymispaivat/","name":"Ilmestymispäivät - Warkauden Lehti","isPartOf":{"@id":"https://oma.media.fi/warkauden-lehti/#website"},"datePublished":"2018-11-19T12:06:34+00:00","dateModified":"2026-04-29T06:29:17+00:00","description":"Warkauden Lehden ilmestymättömät päivät 2020, mutta toimitus tuottaa paikallisia ja ajankohtaisia uutisia joka päivä warkaudenlehti.fi","breadcrumb":{"@id":"https://oma.media.fi/warkauden-lehti/ilmestymispaivat/#breadcrumb"},"inLanguage":"fi","potentialAction":[{"@type":"ReadAction","target":["https://oma.media.fi/warkauden-lehti/ilmestymispaivat/"]}]},{"@type":"BreadcrumbList","@id":"https://oma.media.fi/warkauden-lehti/ilmestymispaivat/#breadcrumb","itemListElement":[{"@type":"ListItem","position":1,"name":"Etusivu","item":"https://oma.media.fi/warkauden-lehti/"},{"@type":"ListItem","position":2,"name":"Ilmestymispäivät"}]},{"@type":"WebSite","@id":"https://oma.media.fi/warkauden-lehti/#website","url":"https://oma.media.fi/warkauden-lehti/","name":"Warkauden Lehti","description":"","potentialAction":[{"@type":"SearchAction","target":{"@type":"EntryPoint","urlTemplate":"https://oma.media.fi/warkauden-lehti/?s={search_term_string}"},"query-input":{"@type":"PropertyValueSpecification","valueRequired":true,"valueName":"search_term_string"}}],"inLanguage":"fi"}]}</script>
<!-- / Yoast SEO plugin. -->

Ilmestymispäivät - Warkauden Lehti

Warkauden Lehden ilmestymättömät päivät 2020, mutta toimitus tuottaa paikallisia ja ajankohtaisia uutisia joka päivä warkaudenlehti.fi
