{"id":26,"date":"2018-11-19T15:06:34","date_gmt":"2018-11-19T12:06:34","guid":{"rendered":"https:\/\/oma.media.fi\/yla-karjala\/ilmestymispaivat\/"},"modified":"2026-01-07T10:14:21","modified_gmt":"2026-01-07T08:14:21","slug":"ilmestymispaivat","status":"publish","type":"page","link":"https:\/\/oma.media.fi\/yla-karjala\/ilmestymispaivat\/","title":{"rendered":"Ilmestymisp\u00e4iv\u00e4t"},"content":{"rendered":"<p><strong>Painettu lehti ei ilmesty vuonna 2026:<\/strong><\/p>\n<p>to 1.1. Uudenvuodenp\u00e4iv\u00e4<br \/>\nto 8.1.<br \/>\nto 14.5. Helatorstai<br \/>\nto 24.12. Jouluaatto<br \/>\nto 31.12. Uuden vuoden aatto<\/p>\n<p><strong>Poikkeavat ilmestymisp\u00e4iv\u00e4t 2026:<\/strong><br \/>\nke 13.5.<br \/>\nke 23.12.<\/p>\n<p>Ei ilmesty viikoilla 1, 2 ja 53.<\/p>\n<p>Muutokset mahdollisia<strong>.<\/strong><\/p>\n","protected":false},"excerpt":{"rendered":"<p>Painettu lehti ei ilmesty vuonna 2026: to 1.1. Uudenvuodenp\u00e4iv\u00e4 to 8.1. to 14.5. Helatorstai to 24.12. Jouluaatto to 31.12. Uuden vuoden aatto Poikkeavat ilmestymisp\u00e4iv\u00e4t 2026: ke 13.5. ke 23.12. Ei ilmesty viikoilla 1, 2 ja 53. Muutokset mahdollisia.<\/p>\n","protected":false},"author":1,"featured_media":0,"parent":0,"menu_order":0,"comment_status":"closed","ping_status":"closed","template":"","meta":{"_acf_changed":false,"footnotes":""},"class_list":["post-26","page","type-page","status-publish","hentry"],"acf":[],"yoast_head":"<!-- This site is optimized with the Yoast SEO plugin v26.2 - https:\/\/yoast.com\/wordpress\/plugins\/seo\/ -->\n<title>Ilmestymisp\u00e4iv\u00e4t - Yl\u00e4-Karjala<\/title>\n<meta name=\"robots\" content=\"noindex, follow, max-snippet:-1, max-image-preview:large, max-video-preview:-1\" \/>\n<meta property=\"og:locale\" content=\"fi_FI\" \/>\n<meta property=\"og:type\" content=\"article\" \/>\n<meta property=\"og:title\" content=\"Ilmestymisp\u00e4iv\u00e4t\" \/>\n<meta property=\"og:description\" content=\"Painettu lehti ei ilmesty vuonna 2026: to 1.1. Uudenvuodenp\u00e4iv\u00e4 to 8.1. to 14.5. Helatorstai to 24.12. Jouluaatto to 31.12. Uuden vuoden aatto Poikkeavat ilmestymisp\u00e4iv\u00e4t 2026: ke 13.5. ke 23.12. Ei ilmesty viikoilla 1, 2 ja 53. Muutokset mahdollisia.\" \/>\n<meta property=\"og:url\" content=\"https:\/\/oma.media.fi\/yla-karjala\/ilmestymispaivat\/\" \/>\n<meta property=\"og:site_name\" content=\"Yl\u00e4-Karjala\" \/>\n<meta property=\"article:modified_time\" content=\"2026-01-07T08:14:21+00:00\" \/>\n<meta property=\"og:image\" content=\"https:\/\/oma.media.fi\/yla-karjala\/wp-content\/uploads\/sites\/62\/2024\/09\/og-image-ylakarjala.jpg\" \/>\n\t<meta property=\"og:image:width\" content=\"1200\" \/>\n\t<meta property=\"og:image:height\" content=\"630\" \/>\n\t<meta property=\"og:image:type\" content=\"image\/jpeg\" \/>\n<meta name=\"twitter:card\" content=\"summary_large_image\" \/>\n<meta name=\"twitter:label1\" content=\"Arvioitu lukuaika\" \/>\n\t<meta name=\"twitter:data1\" content=\"1 minuutti\" \/>\n<script type=\"application\/ld+json\" class=\"yoast-schema-graph\">{\"@context\":\"https:\/\/schema.org\",\"@graph\":[{\"@type\":\"WebPage\",\"@id\":\"https:\/\/oma.media.fi\/yla-karjala\/ilmestymispaivat\/\",\"url\":\"https:\/\/oma.media.fi\/yla-karjala\/ilmestymispaivat\/\",\"name\":\"Ilmestymisp\u00e4iv\u00e4t - Yl\u00e4-Karjala\",\"isPartOf\":{\"@id\":\"https:\/\/oma.media.fi\/yla-karjala\/#website\"},\"datePublished\":\"2018-11-19T12:06:34+00:00\",\"dateModified\":\"2026-01-07T08:14:21+00:00\",\"breadcrumb\":{\"@id\":\"https:\/\/oma.media.fi\/yla-karjala\/ilmestymispaivat\/#breadcrumb\"},\"inLanguage\":\"fi\",\"potentialAction\":[{\"@type\":\"ReadAction\",\"target\":[\"https:\/\/oma.media.fi\/yla-karjala\/ilmestymispaivat\/\"]}]},{\"@type\":\"BreadcrumbList\",\"@id\":\"https:\/\/oma.media.fi\/yla-karjala\/ilmestymispaivat\/#breadcrumb\",\"itemListElement\":[{\"@type\":\"ListItem\",\"position\":1,\"name\":\"Etusivu\",\"item\":\"https:\/\/oma.media.fi\/yla-karjala\/\"},{\"@type\":\"ListItem\",\"position\":2,\"name\":\"Ilmestymisp\u00e4iv\u00e4t\"}]},{\"@type\":\"WebSite\",\"@id\":\"https:\/\/oma.media.fi\/yla-karjala\/#website\",\"url\":\"https:\/\/oma.media.fi\/yla-karjala\/\",\"name\":\"Yl\u00e4-Karjala\",\"description\":\"\",\"potentialAction\":[{\"@type\":\"SearchAction\",\"target\":{\"@type\":\"EntryPoint\",\"urlTemplate\":\"https:\/\/oma.media.fi\/yla-karjala\/?s={search_term_string}\"},\"query-input\":{\"@type\":\"PropertyValueSpecification\",\"valueRequired\":true,\"valueName\":\"search_term_string\"}}],\"inLanguage\":\"fi\"}]}<\/script>\n<!-- \/ Yoast SEO plugin. -->","yoast_head_json":{"title":"Ilmestymisp\u00e4iv\u00e4t - Yl\u00e4-Karjala","robots":{"index":"noindex","follow":"follow","max-snippet":"max-snippet:-1","max-image-preview":"max-image-preview:large","max-video-preview":"max-video-preview:-1"},"og_locale":"fi_FI","og_type":"article","og_title":"Ilmestymisp\u00e4iv\u00e4t","og_description":"Painettu lehti ei ilmesty vuonna 2026: to 1.1. Uudenvuodenp\u00e4iv\u00e4 to 8.1. to 14.5. Helatorstai to 24.12. Jouluaatto to 31.12. Uuden vuoden aatto Poikkeavat ilmestymisp\u00e4iv\u00e4t 2026: ke 13.5. ke 23.12. Ei ilmesty viikoilla 1, 2 ja 53. Muutokset mahdollisia.","og_url":"https:\/\/oma.media.fi\/yla-karjala\/ilmestymispaivat\/","og_site_name":"Yl\u00e4-Karjala","article_modified_time":"2026-01-07T08:14:21+00:00","og_image":[{"width":1200,"height":630,"url":"https:\/\/oma.media.fi\/yla-karjala\/wp-content\/uploads\/sites\/62\/2024\/09\/og-image-ylakarjala.jpg","type":"image\/jpeg"}],"twitter_card":"summary_large_image","twitter_misc":{"Arvioitu lukuaika":"1 minuutti"},"schema":{"@context":"https:\/\/schema.org","@graph":[{"@type":"WebPage","@id":"https:\/\/oma.media.fi\/yla-karjala\/ilmestymispaivat\/","url":"https:\/\/oma.media.fi\/yla-karjala\/ilmestymispaivat\/","name":"Ilmestymisp\u00e4iv\u00e4t - Yl\u00e4-Karjala","isPartOf":{"@id":"https:\/\/oma.media.fi\/yla-karjala\/#website"},"datePublished":"2018-11-19T12:06:34+00:00","dateModified":"2026-01-07T08:14:21+00:00","breadcrumb":{"@id":"https:\/\/oma.media.fi\/yla-karjala\/ilmestymispaivat\/#breadcrumb"},"inLanguage":"fi","potentialAction":[{"@type":"ReadAction","target":["https:\/\/oma.media.fi\/yla-karjala\/ilmestymispaivat\/"]}]},{"@type":"BreadcrumbList","@id":"https:\/\/oma.media.fi\/yla-karjala\/ilmestymispaivat\/#breadcrumb","itemListElement":[{"@type":"ListItem","position":1,"name":"Etusivu","item":"https:\/\/oma.media.fi\/yla-karjala\/"},{"@type":"ListItem","position":2,"name":"Ilmestymisp\u00e4iv\u00e4t"}]},{"@type":"WebSite","@id":"https:\/\/oma.media.fi\/yla-karjala\/#website","url":"https:\/\/oma.media.fi\/yla-karjala\/","name":"Yl\u00e4-Karjala","description":"","potentialAction":[{"@type":"SearchAction","target":{"@type":"EntryPoint","urlTemplate":"https:\/\/oma.media.fi\/yla-karjala\/?s={search_term_string}"},"query-input":{"@type":"PropertyValueSpecification","valueRequired":true,"valueName":"search_term_string"}}],"inLanguage":"fi"}]}},"publishpress_future_action":{"enabled":false,"date":"2026-05-06 04:14:54","action":"change-status","newStatus":"draft","terms":[],"taxonomy":"","extraData":[]},"publishpress_future_workflow_manual_trigger":{"enabledWorkflows":[]},"_links":{"self":[{"href":"https:\/\/oma.media.fi\/yla-karjala\/wp-json\/wp\/v2\/pages\/26","targetHints":{"allow":["GET"]}}],"collection":[{"href":"https:\/\/oma.media.fi\/yla-karjala\/wp-json\/wp\/v2\/pages"}],"about":[{"href":"https:\/\/oma.media.fi\/yla-karjala\/wp-json\/wp\/v2\/types\/page"}],"author":[{"embeddable":true,"href":"https:\/\/oma.media.fi\/yla-karjala\/wp-json\/wp\/v2\/users\/1"}],"replies":[{"embeddable":true,"href":"https:\/\/oma.media.fi\/yla-karjala\/wp-json\/wp\/v2\/comments?post=26"}],"version-history":[{"count":10,"href":"https:\/\/oma.media.fi\/yla-karjala\/wp-json\/wp\/v2\/pages\/26\/revisions"}],"predecessor-version":[{"id":1400,"href":"https:\/\/oma.media.fi\/yla-karjala\/wp-json\/wp\/v2\/pages\/26\/revisions\/1400"}],"wp:attachment":[{"href":"https:\/\/oma.media.fi\/yla-karjala\/wp-json\/wp\/v2\/media?parent=26"}],"curies":[{"name":"wp","href":"https:\/\/api.w.org\/{rel}","templated":true}]}}

Ilmestymispäivät

<p><strong>Painettu lehti ei ilmesty vuonna 2026:</strong></p>
<p>to 1.1. Uudenvuodenpäivä<br />
to 8.1.<br />
to 14.5. Helatorstai<br />
to 24.12. Jouluaatto<br />
to 31.12. Uuden vuoden aatto</p>
<p><strong>Poikkeavat ilmestymispäivät 2026:</strong><br />
ke 13.5.<br />
ke 23.12.</p>
<p>Ei ilmesty viikoilla 1, 2 ja 53.</p>
<p>Muutokset mahdollisia<strong>.</strong></p>

<p>Painettu lehti ei ilmesty vuonna 2026: to 1.1. Uudenvuodenpäivä to 8.1. to 14.5. Helatorstai to 24.12. Jouluaatto to 31.12. Uuden vuoden aatto Poikkeavat ilmestymispäivät 2026: ke 13.5. ke 23.12. Ei ilmesty viikoilla 1, 2 ja 53. Muutokset mahdollisia.</p>

<!-- This site is optimized with the Yoast SEO plugin v26.2 - https://yoast.com/wordpress/plugins/seo/ -->
<title>Ilmestymispäivät - Ylä-Karjala</title>
<meta name="robots" content="noindex, follow, max-snippet:-1, max-image-preview:large, max-video-preview:-1" />
<meta property="og:locale" content="fi_FI" />
<meta property="og:type" content="article" />
<meta property="og:title" content="Ilmestymispäivät" />
<meta property="og:description" content="Painettu lehti ei ilmesty vuonna 2026: to 1.1. Uudenvuodenpäivä to 8.1. to 14.5. Helatorstai to 24.12. Jouluaatto to 31.12. Uuden vuoden aatto Poikkeavat ilmestymispäivät 2026: ke 13.5. ke 23.12. Ei ilmesty viikoilla 1, 2 ja 53. Muutokset mahdollisia." />
<meta property="og:url" content="https://oma.media.fi/yla-karjala/ilmestymispaivat/" />
<meta property="og:site_name" content="Ylä-Karjala" />
<meta property="article:modified_time" content="2026-01-07T08:14:21+00:00" />
<meta property="og:image" content="https://oma.media.fi/yla-karjala/wp-content/uploads/sites/62/2024/09/og-image-ylakarjala.jpg" />
	<meta property="og:image:width" content="1200" />
	<meta property="og:image:height" content="630" />
	<meta property="og:image:type" content="image/jpeg" />
<meta name="twitter:card" content="summary_large_image" />
<meta name="twitter:label1" content="Arvioitu lukuaika" />
	<meta name="twitter:data1" content="1 minuutti" />
<script type="application/ld+json" class="yoast-schema-graph">{"@context":"https://schema.org","@graph":[{"@type":"WebPage","@id":"https://oma.media.fi/yla-karjala/ilmestymispaivat/","url":"https://oma.media.fi/yla-karjala/ilmestymispaivat/","name":"Ilmestymispäivät - Ylä-Karjala","isPartOf":{"@id":"https://oma.media.fi/yla-karjala/#website"},"datePublished":"2018-11-19T12:06:34+00:00","dateModified":"2026-01-07T08:14:21+00:00","breadcrumb":{"@id":"https://oma.media.fi/yla-karjala/ilmestymispaivat/#breadcrumb"},"inLanguage":"fi","potentialAction":[{"@type":"ReadAction","target":["https://oma.media.fi/yla-karjala/ilmestymispaivat/"]}]},{"@type":"BreadcrumbList","@id":"https://oma.media.fi/yla-karjala/ilmestymispaivat/#breadcrumb","itemListElement":[{"@type":"ListItem","position":1,"name":"Etusivu","item":"https://oma.media.fi/yla-karjala/"},{"@type":"ListItem","position":2,"name":"Ilmestymispäivät"}]},{"@type":"WebSite","@id":"https://oma.media.fi/yla-karjala/#website","url":"https://oma.media.fi/yla-karjala/","name":"Ylä-Karjala","description":"","potentialAction":[{"@type":"SearchAction","target":{"@type":"EntryPoint","urlTemplate":"https://oma.media.fi/yla-karjala/?s={search_term_string}"},"query-input":{"@type":"PropertyValueSpecification","valueRequired":true,"valueName":"search_term_string"}}],"inLanguage":"fi"}]}</script>
<!-- / Yoast SEO plugin. -->

Ilmestymispäivät - Ylä-Karjala

Painettu lehti ei ilmesty vuonna 2026: to 1.1. Uudenvuodenpäivä to 8.1. to 14.5. Helatorstai to 24.12. Jouluaatto to 31.12. Uuden vuoden aatto Poikkeavat ilmestymispäivät 2026: ke 13.5. ke 23.12. Ei ilmesty viikoilla 1, 2 ja 53. Muutokset mahdollisia.

Ylä-Karjala
